000
CXUS53 KTOP 270800
CF6CNK
PRELIMINARY LOCAL CLIMATOLOGICAL DATA (WS FORM: F-6)

                                          STATION:   Concordia KS
                                          MONTH:     MAY
                                          YEAR:      2019
                                          LATITUDE:   39 32 N
                                          LONGITUDE:  97 39 W

  TEMPERATURE IN F:       :PCPN:    SNOW:  WIND      :SUNSHINE: SKY     :PK WND
================================================================================
1   2   3   4   5  6A  6B    7    8   9   10  11  12  13   14  15   16   17  18
                                     12Z  AVG MX 2MIN
DY MAX MIN AVG DEP HDD CDD  WTR  SNW DPTH SPD SPD DIR MIN PSBL S-S WX    SPD DR
================================================================================

 1  55  48  52  -6  13   0    T  0.0    0  7.8 14  20   M    M  10 18     19 330
 2  65  47  56  -3   9   0 0.03  0.0    0  7.4 15  40   M    M   6        20  90
 3  67  49  58  -1   7   0 0.06  0.0    0  5.2 13 180   M    M   5        19 130
 4  72  47  60   1   5   0 0.00  0.0    0  8.3 20 190   M    M   4 12     26 170
 5  81  55  68   8   0   3 0.14  0.0    0 12.3 28 360   M    M   2 13     35  10
 6  66  53  60   0   5   0 0.74  0.0    0  9.1 40  80   M    M   6 13     59  80
 7  59  51  55  -5  10   0 1.48  0.0    0  9.9 21  30   M    M  10 13     29 120
 8  67  45  56  -4   9   0 0.43  0.0    0 11.3 22 350   M    M  10 13     33 360
 9  54  42  48 -13  17   0 0.00  0.0    0 13.2 26 340   M    M  10        36  10
10  62  39  51 -10  14   0 0.00  0.0    0  4.5 10 360   M    M   4        16 360
11  65  49  57  -5   8   0 0.17  0.0    0  7.6 18 170   M    M   4 13     24 160
12  67  46  57  -5   8   0 0.00  0.0    0  7.5 20 320   M    M   4 12     27 320
13  78  43  61  -1   4   0 0.00  0.0    0  7.5 16 190   M    M   0 1      24 190
14  88  56  72  10   0   7 0.00  0.0    0  5.5 21 180   M    M   0        28 180
15  89  60  75  12   0  10    T  0.0    0 12.2 23 130   M    M   1 3      36  10
16  93  67  80  17   0  15 0.00  0.0    0 19.5 30 200   M    M   0        39 200
17  86  63  75  12   0  10 1.06  0.0    0 18.1 35 170   M    M   2 38     56 240
18  67  57  62  -2   3   0 1.16  0.0    0  9.4 33 250   M    M   5 13     48 260
19  66  51  59  -5   6   0 0.24  0.0    0 12.0 24 340   M    M   3 1      34 340
20  51  47  49 -15  16   0 0.92  0.0    0 11.6 24  90   M    M   6 13     36  80
21  61  48  55 -10  10   0 0.55  0.0    0 14.1 25 240   M    M   8 13     40 240
22  70  44  57  -8   8   0 0.00  0.0    0 10.5 20 220   M    M   1        29 230
23  71  51  61  -4   4   0 0.46  0.0    0  8.8 28 340   M    M   8 138    44 350
24  78  60  69   3   0   4 0.64  0.0    0  8.8 39 260   M    M   2 13     51 260
25  80  66  73   7   0   8 0.04  0.0    0 10.7 32 200   M    M   9 13     46 210
26  81  59  70   4   0   5 0.12  0.0    0  8.8 21 150   M    M   4 13     26 150
================================================================================
SM 1839 1343       156  62  8.24     0.0 261.6          M      124
================================================================================
AV 70.7 51.7                              10.1 FASTST   M    M   5    MAX(MPH)
                                 MISC ---->  # 40  80               # 59   80
================================================================================
NOTES:
# LAST OF SEVERAL OCCURRENCES

COLUMN 17 PEAK WIND IN M.P.H.

PRELIMINARY LOCAL CLIMATOLOGICAL DATA (WS FORM: F-6) , PAGE 2

                                          STATION:  Concordia KS
                                          MONTH:    MAY
                                          YEAR:     2019
                                          LATITUDE:   39 32 N
                                          LONGITUDE:  97 39 W

[TEMPERATURE DATA]      [PRECIPITATION DATA]       SYMBOLS USED IN COLUMN 16

AVERAGE MONTHLY: 61.2   TOTAL FOR MONTH:   8.24    1 = FOG OR MIST
DPTR FM NORMAL:  -1.1   DPTR FM NORMAL:    4.80    2 = FOG REDUCING VISIBILITY
HIGHEST:    93 ON 16    GRTST 24HR  1.48 ON  7- 7      TO 1/4 MILE OR LESS
LOWEST:     39 ON 10                               3 = THUNDER
                        SNOW, ICE PELLETS, HAIL    4 = ICE PELLETS
                        TOTAL MONTH:   0.0 INCH    5 = HAIL
                        GRTST 24HR     0.0         6 = FREEZING RAIN OR DRIZZLE
                        GRTST DEPTH:   0           7 = DUSTSTORM OR SANDSTORM:
                                                       VSBY 1/2 MILE OR LESS
                                                   8 = SMOKE OR HAZE
[NO. OF DAYS WITH]      [WEATHER - DAYS WITH]      9 = BLOWING SNOW
                                                   X = TORNADO
MAX 32 OR BELOW:   0    0.01 INCH OR MORE:  16
MAX 90 OR ABOVE:   1    0.10 INCH OR MORE:  13
MIN 32 OR BELOW:   0    0.50 INCH OR MORE:   7
MIN  0 OR BELOW:   0    1.00 INCH OR MORE:   3

[HDD (BASE 65) ]
TOTAL THIS MO.   156    CLEAR  (SCALE 0-3)   8
DPTR FM NORMAL    35    PTCLDY (SCALE 4-7)  11
TOTAL FM JUL 1  5819    CLOUDY (SCALE 8-10)  7
DPTR FM NORMAL   434

[CDD (BASE 65) ]
TOTAL THIS MO.    62
DPTR FM NORMAL    12    [PRESSURE DATA]
TOTAL FM JAN 1    76    HIGHEST SLP M ON M
DPTR FM NORMAL     9    LOWEST  SLP 29.32 ON 21

[REMARKS]
