000
CXUS53 KTOP 220800
CF6CNK
PRELIMINARY LOCAL CLIMATOLOGICAL DATA (WS FORM: F-6)

                                          STATION:   Concordia KS
                                          MONTH:     MARCH
                                          YEAR:      2019
                                          LATITUDE:   39 32 N
                                          LONGITUDE:  97 39 W

  TEMPERATURE IN F:       :PCPN:    SNOW:  WIND      :SUNSHINE: SKY     :PK WND
================================================================================
1   2   3   4   5  6A  6B    7    8   9   10  11  12  13   14  15   16   17  18
                                     12Z  AVG MX 2MIN
DY MAX MIN AVG DEP HDD CDD  WTR  SNW DPTH SPD SPD DIR MIN PSBL S-S WX    SPD DR
================================================================================

 1  34  10  22 -16  43   0 0.00  0.0    6  8.4 20 360   0    0   0        33  10
 2  22  13  18 -20  47   0    T    T    5 14.2 23  20   M    M  10        32  20
 3  13   0   7 -31  58   0 0.29  4.8   10 14.5 25  10   M    M   4 18     37  20
 4  13  -5   4 -35  61   0 0.00  0.0    7 10.8 16 280   M    M   0        21 300
 5  21   2  12 -27  53   0 0.00  0.0    7 11.5 22 330   M    M   0        28 330
 6  35   5  20 -19  45   0 0.00  0.0    7  9.9 24 160   M    M   0        28 150
 7  37  27  32  -8  33   0 0.00  0.0    7 10.6 17 100   M    M   2        25 100
 8  35  20  28 -12  37   0 0.00  0.0    5  6.9 17 120   M    M   7 12     27 130
 9  40  31  36  -5  29   0 0.05  0.0    4 17.0 33 320   M    M   8 123    51 300
10  40  27  34  -7  31   0 0.00  0.0    1  6.7 16 320   M    M   3        21 320
11  49  23  36  -5  29   0 0.00  0.0    T  5.8 14 140   M    M   2        18 140
12  54  39  47   5  18   0 0.17  0.0    0 14.9 26 190   M    M  10 13     39 190
13  64  44  54  12  11   0 0.49  0.0    0 25.1 39 180   M    M   7 13     57 180
14  44  32  38  -4  27   0 0.03    T    0 23.7 33 280   M    M   9 18     48 330
15  49  29  39  -4  26   0 0.00  0.0    0 12.1 22 310   M    M   0        33 310
16  59  29  44   1  21   0 0.00  0.0    0 10.3 20 340   M    M   0        27 290
17  56  26  41  -3  24   0 0.00  0.0    0  3.3 12  30   M    M   1        15  30
18  51  30  41  -3  24   0 0.02  0.0    0  6.5 13 140   M    M   4 1      16  60
19  44  38  41  -3  24   0 0.72  0.0    0  9.1 17 130   M    M  10 1      21 130
20  61  35  48   4  17   0    T  0.0    0 12.1 22 300   M    M   2 18     30 280
21  60  30  45   0  20   0 0.00  0.0    0  6.1 12 350   M    M   0 18     15 340
================================================================================
SM  881  485       678   0  1.77     4.8 239.5            0     79
================================================================================
AV 42.0 23.1                              11.4 FASTST    0   0   4    MAX(MPH)
                                 MISC ---->  # 39 180               # 57  180
================================================================================
NOTES:
# LAST OF SEVERAL OCCURRENCES

COLUMN 17 PEAK WIND IN M.P.H.

PRELIMINARY LOCAL CLIMATOLOGICAL DATA (WS FORM: F-6) , PAGE 2

                                          STATION:  Concordia KS
                                          MONTH:    MARCH
                                          YEAR:     2019
                                          LATITUDE:   39 32 N
                                          LONGITUDE:  97 39 W

[TEMPERATURE DATA]      [PRECIPITATION DATA]       SYMBOLS USED IN COLUMN 16

AVERAGE MONTHLY: 32.5   TOTAL FOR MONTH:   1.77    1 = FOG OR MIST
DPTR FM NORMAL:  -8.8   DPTR FM NORMAL:    0.55    2 = FOG REDUCING VISIBILITY
HIGHEST:    64 ON 13    GRTST 24HR  0.72 ON 19-19      TO 1/4 MILE OR LESS
LOWEST:     -5 ON  4                               3 = THUNDER
                        SNOW, ICE PELLETS, HAIL    4 = ICE PELLETS
                        TOTAL MONTH:   4.8 INCHES  5 = HAIL
                        GRTST 24HR   4.8 ON  3- 3  6 = FREEZING RAIN OR DRIZZLE
                        GRTST DEPTH:  10 ON  3     7 = DUSTSTORM OR SANDSTORM:
                                                       VSBY 1/2 MILE OR LESS
                                                   8 = SMOKE OR HAZE
[NO. OF DAYS WITH]      [WEATHER - DAYS WITH]      9 = BLOWING SNOW
                                                   X = TORNADO
MAX 32 OR BELOW:   4    0.01 INCH OR MORE:   7
MAX 90 OR ABOVE:   0    0.10 INCH OR MORE:   4
MIN 32 OR BELOW:  17    0.50 INCH OR MORE:   1
MIN  0 OR BELOW:   2    1.00 INCH OR MORE:   0

[HDD (BASE 65) ]
TOTAL THIS MO.   678    CLEAR  (SCALE 0-3)  12
DPTR FM NORMAL   179    PTCLDY (SCALE 4-7)   4
TOTAL FM JUL 1  5261    CLOUDY (SCALE 8-10)  5
DPTR FM NORMAL   555

[CDD (BASE 65) ]
TOTAL THIS MO.     0
DPTR FM NORMAL     0    [PRESSURE DATA]
TOTAL FM JAN 1     0    HIGHEST SLP  0.00 ON  1
DPTR FM NORMAL     0    LOWEST  SLP 29.07 ON 13

[REMARKS]
