006
CXUS54 KMAF 221100
CF6CNM
PRELIMINARY LOCAL CLIMATOLOGICAL DATA (WS FORM: F-6)

                                          STATION:   Carlsbad
                                          MONTH:     MARCH
                                          YEAR:      2019
                                          LATITUDE:   32 20 N
                                          LONGITUDE: 104 15 W

  TEMPERATURE IN F:       :PCPN:    SNOW:  WIND      :SUNSHINE: SKY     :PK WND
================================================================================
1   2   3   4   5  6A  6B    7    8   9   10  11  12  13   14  15   16   17  18
                                     12Z  AVG MX 2MIN
DY MAX MIN AVG DEP HDD CDD  WTR  SNW DPTH SPD SPD DIR MIN PSBL S-S WX    SPD DR
================================================================================

 1  82  40  61  10   4   0 0.00  0.0    0  7.2 20 250   M    M   0        24 250
 2  69  45  57   6   8   0 0.00  0.0    0 10.8 24 340   M    M   0        29 340
 3  46  28  37 -15  28   0 0.00  0.0    0  8.1 17  90   M    M   8 18     21  90
 4  35  23  29 -23  36   0 0.00  0.0    0  9.2 15 100   M    M   7 1      19 130
 5  46  17  32 -20  33   0 0.00  0.0    0  8.3 13 160   M    M   0        18 140
 6  65  28  47  -5  18   0 0.00  0.0    0  9.3 22 150   M    M   0        26 160
 7  84  35  60   8   5   0 0.00  0.0    0  8.3 32 250   M    M   0        41 250
 8  78  53  66  13   0   1    T  0.0    0 15.4 46 270   M    M   1 8      56 270
 9  70  45  58   5   7   0    T    M    0 12.7 40 240   M    M   0        51 230
10  65  49  57   4   8   0 0.01    M    0  7.8 25 120   M    M   6        30 120
11  54  42  48  -6  17   0    T    M    0 11.5 22 160   M    M   6 18     26 130
12  67  48  58   4   7   0 0.22    M    0 11.6 55 270   M    M   9 1238   76 240
13  63  47  55   1  10   0    T    M    0 35.1 53 240   M    M   2        65 240
14  60  38  49  -5  16   0 0.00  0.0    0 10.1 30 290   M    M   0        41 280
15  51  36  44 -10  21   0 0.00  0.0    0  5.5 14 140   M    M   2        17 170
16  48  37  43 -12  22   0    T    M    0  5.4 14 350   M    M   5        16 360
17  61  35  48  -7  17   0 0.00  0.0    0  6.4 17 160   M    M   3        21 150
18  62  34  48  -7  17   0 0.00  0.0    0  6.6 17 140   M    M   0        20 150
19  70  34  52  -4  13   0 0.00  0.0    0  8.3 15 120   M    M   0        20 130
20  57  41  49  -7  16   0 0.00  0.0    0  8.0 18 340   M    M   5        22 330
21  63  39  51  -5  14   0    T    M    0  6.0 15 140   M    M   8        18 140
================================================================================
SM 1296  794       317   1  0.23     0.0 211.6          M       62
================================================================================
AV 61.7 37.8                              10.1 FASTST   M    M   3    MAX(MPH)
                                 MISC ---->  # 55 270               # 76  240
================================================================================
NOTES:
# LAST OF SEVERAL OCCURRENCES

COLUMN 17 PEAK WIND IN M.P.H.

PRELIMINARY LOCAL CLIMATOLOGICAL DATA (WS FORM: F-6) , PAGE 2

                                          STATION:  Carlsbad
                                          MONTH:    MARCH
                                          YEAR:     2019
                                          LATITUDE:   32 20 N
                                          LONGITUDE: 104 15 W

[TEMPERATURE DATA]      [PRECIPITATION DATA]       SYMBOLS USED IN COLUMN 16

AVERAGE MONTHLY: 49.8   TOTAL FOR MONTH:   0.23    1 = FOG OR MIST
DPTR FM NORMAL:  -3.8   DPTR FM NORMAL:   -0.10    2 = FOG REDUCING VISIBILITY
HIGHEST:    84 ON  7    GRTST 24HR  0.22 ON 12-12      TO 1/4 MILE OR LESS
LOWEST:     17 ON  5                               3 = THUNDER
                        SNOW, ICE PELLETS, HAIL    4 = ICE PELLETS
                        TOTAL MONTH:   0.0 INCH    5 = HAIL
                        GRTST 24HR     0.0         6 = FREEZING RAIN OR DRIZZLE
                        GRTST DEPTH:   0           7 = DUSTSTORM OR SANDSTORM:
                                                       VSBY 1/2 MILE OR LESS
                                                   8 = SMOKE OR HAZE
[NO. OF DAYS WITH]      [WEATHER - DAYS WITH]      9 = BLOWING SNOW
                                                   X = TORNADO
MAX 32 OR BELOW:   0    0.01 INCH OR MORE:   2
MAX 90 OR ABOVE:   0    0.10 INCH OR MORE:   1
MIN 32 OR BELOW:   4    0.50 INCH OR MORE:   0
MIN  0 OR BELOW:   0    1.00 INCH OR MORE:   0

[HDD (BASE 65) ]
TOTAL THIS MO.   317    CLEAR  (SCALE 0-3)  13
DPTR FM NORMAL    71    PTCLDY (SCALE 4-7)   6
TOTAL FM JUL 1  2664    CLOUDY (SCALE 8-10)  2
DPTR FM NORMAL    59

[CDD (BASE 65) ]
TOTAL THIS MO.     1
DPTR FM NORMAL     1    [PRESSURE DATA]
TOTAL FM JAN 1     7    HIGHEST SLP M ON M
DPTR FM NORMAL     6    LOWEST  SLP 29.36 ON 12

[REMARKS]
