000
CXUS56 KSGX 191445
CF6CNO
PRELIMINARY LOCAL CLIMATOLOGICAL DATA (WS FORM: F-6)

                                          STATION:   CHINO AIRPORT CA
                                          MONTH:     MARCH
                                          YEAR:      2019
                                          LATITUDE:   33 58 N
                                          LONGITUDE: 117 38 W

  TEMPERATURE IN F:       :PCPN:    SNOW:  WIND      :SUNSHINE: SKY     :PK WND
================================================================================
1   2   3   4   5  6A  6B    7    8   9   10  11  12  13   14  15   16   17  18
                                     12Z  AVG MX 2MIN
DY MAX MIN AVG DEP HDD CDD  WTR  SNW DPTH SPD SPD DIR MIN PSBL S-S WX    SPD DR
================================================================================

 1  64  51  58   2   7   0 0.00  0.0    0  4.5 12 220   M    M   8 18     14 230
 2  60  53  57   1   8   0 0.86  0.0    0  5.8 16 220   M    M  10 1      21 220
 3  62  49  56   0   9   0 0.02    M    0  8.2 16 240   M    M   8 1      19 240
 4  61  45  53  -3  12   0 0.00  0.0    0  4.6 15 260   M    M   7 1      17 260
 5  67  39  53  -3  12   0 0.03    M    0  4.6 21 260   M    M   5 1238   24 250
 6  60  50  55  -1  10   0 0.90  0.0    0  3.9 12 220   M    M   8 13     14 220
 7  61  45  53  -3  12   0 0.04    M    0  7.2 20 240   M    M   8 1      23 250
 8  58  42  50  -6  15   0    T    M    0  9.2 22 230   M    M   6        27 240
 9  59  39  49  -8  16   0 0.00  0.0    0  5.2 17 240   M    M   7 1      21 250
10  58  40  49  -8  16   0 0.00  0.0    0  3.4 14 240   M    M   6 18     17 230
11  63  38  51  -6  14   0 0.03    M    0  4.9 21  90   M    M   7 18     26  80
12  65  47  56  -1   9   0 0.05    M    0  7.4 22 210   M    M   6 18     27 220
13  64  43  54  -3  11   0 0.00  0.0    0  4.0 16 240   M    M   6 18     19 230
14  66  40  53  -4  12   0 0.00  0.0    0  8.5 21  30   M    M   0 8      33  70
15  72  48  60   3   5   0 0.00  0.0    0  9.5 22  10   M    M   2        32  50
16  78  43  61   4   4   0 0.00  0.0    0  6.6 17  20   M    M   0        29  30
17  82  43  63   6   2   0 0.00  0.0    0  3.5 16 220   M    M   0        19 240
18  77  46  62   5   3   0 0.00  0.0    0  4.3 16 250   M    M   1 1      21 240
================================================================================
SM 1177  801       177   0  1.93     0.0 105.3          M       95
================================================================================
AV 65.4 44.5                               5.9 FASTST   M    M   5    MAX(MPH)
                                 MISC ---->  # 22 230               # 33   70
================================================================================
NOTES:
# LAST OF SEVERAL OCCURRENCES

COLUMN 17 PEAK WIND IN M.P.H.

PRELIMINARY LOCAL CLIMATOLOGICAL DATA (WS FORM: F-6) , PAGE 2

                                          STATION:  CHINO AIRPORT CA
                                          MONTH:    MARCH
                                          YEAR:     2019
                                          LATITUDE:   33 58 N
                                          LONGITUDE: 117 38 W

[TEMPERATURE DATA]      [PRECIPITATION DATA]       SYMBOLS USED IN COLUMN 16

AVERAGE MONTHLY: 54.9   TOTAL FOR MONTH:   1.93    1 = FOG OR MIST
DPTR FM NORMAL:  -1.6   DPTR FM NORMAL:    0.19    2 = FOG REDUCING VISIBILITY
HIGHEST:    82 ON 17    GRTST 24HR  0.90 ON  6- 6      TO 1/4 MILE OR LESS
LOWEST:     38 ON 11                               3 = THUNDER
                        SNOW, ICE PELLETS, HAIL    4 = ICE PELLETS
                        TOTAL MONTH:   0.0 INCH    5 = HAIL
                        GRTST 24HR     0.0         6 = FREEZING RAIN OR DRIZZLE
                        GRTST DEPTH:   0           7 = DUSTSTORM OR SANDSTORM:
                                                       VSBY 1/2 MILE OR LESS
                                                   8 = SMOKE OR HAZE
[NO. OF DAYS WITH]      [WEATHER - DAYS WITH]      9 = BLOWING SNOW
                                                   X = TORNADO
MAX 32 OR BELOW:   0    0.01 INCH OR MORE:   7
MAX 90 OR ABOVE:   0    0.10 INCH OR MORE:   2
MIN 32 OR BELOW:   0    0.50 INCH OR MORE:   2
MIN  0 OR BELOW:   0    1.00 INCH OR MORE:   0

[HDD (BASE 65) ]
TOTAL THIS MO.   177    CLEAR  (SCALE 0-3)   5
DPTR FM NORMAL    22    PTCLDY (SCALE 4-7)  11
TOTAL FM JUL 1  1251    CLOUDY (SCALE 8-10)  2
DPTR FM NORMAL  -260

[CDD (BASE 65) ]
TOTAL THIS MO.     0
DPTR FM NORMAL     0    [PRESSURE DATA]
TOTAL FM JAN 1     0    HIGHEST SLP M ON M
DPTR FM NORMAL    -2    LOWEST  SLP 29.73 ON 12

[REMARKS]
