000
CXUS56 KSGX 261445
CF6CNO
PRELIMINARY LOCAL CLIMATOLOGICAL DATA (WS FORM: F-6)

                                          STATION:   CHINO AIRPORT CA
                                          MONTH:     MAY
                                          YEAR:      2019
                                          LATITUDE:   33 58 N
                                          LONGITUDE: 117 38 W

  TEMPERATURE IN F:       :PCPN:    SNOW:  WIND      :SUNSHINE: SKY     :PK WND
================================================================================
1   2   3   4   5  6A  6B    7    8   9   10  11  12  13   14  15   16   17  18
                                     12Z  AVG MX 2MIN
DY MAX MIN AVG DEP HDD CDD  WTR  SNW DPTH SPD SPD DIR MIN PSBL S-S WX    SPD DR
================================================================================

 1  73  50  62  -1   3   0 0.00  0.0    0  6.7 20 220   M    M   6        24 220
 2  76  47  62  -1   3   0 0.00  0.0    0  5.7 17 240   M    M   4 1      21 240
 3  77  48  63  -1   2   0 0.00  0.0    0  6.3 17 250   M    M   2 128    23 250
 4  77  47  62  -2   3   0 0.00  0.0    0  7.0 18 250   M    M   2 18     23 240
 5  74  51  63  -1   2   0    T  0.0    0  8.3 21 240   M    M   6 8      25 270
 6  69  52  61  -3   4   0 0.05  0.0    0  7.3 20 240   M    M   7 1      26 250
 7  65  54  60  -4   5   0    T  0.0    0  7.9 16 240   M    M   9 1      20 260
 8  65  55  60  -4   5   0 0.00  0.0    0  7.5 15 240   M    M  10 8      18 240
 9  64  56  60  -5   5   0 0.00  0.0    0  7.3 14 250   M    M  10 18     17 230
10  66  53  60  -5   5   0    T  0.0    0  3.8 13 250   M    M   9 1      16 230
11  78  53  66   1   0   1    T  0.0    0  5.8 18 270   M    M   4 1      22 270
12  79  49  64  -1   1   0 0.00  0.0    0  6.2 20 240   M    M   2 1      26 260
13  73  56  65   0   0   0 0.00  0.0    0  6.8 15 260   M    M   7 8      22 260
14  80  55  68   3   0   3 0.00  0.0    0  5.2 16 250   M    M   6 18     20 250
15  71  55  63  -3   2   0 0.00  0.0    0  9.5 21 270   M    M   8 18     26 260
16  68  49  59  -7   6   0 0.31    M    0  8.1 22 220   M    M   8 1      34 330
17  73  46  60  -6   5   0 0.00  0.0    0  5.3 20 230   M    M   4 1      26 200
18  76  47  62  -4   3   0 0.01    M    0  7.9 17 250   M    M   6 1      22 250
19  68  50  59  -7   6   0 0.11  0.0    0  8.9 24 260   M    M   9 1      29 240
20  71  48  60  -6   5   0 0.00  0.0    0  8.2 21 220   M    M   6        27 220
21  69  51  60  -6   5   0 0.00  0.0    0  9.8 23 220   M    M   7        30 200
22  68  48  58  -8   7   0 0.52    M    0  3.4 24 360   M    M   7 13     28 360
23  62  49  56 -11   9   0    T    M    0  2.8 13 230   M    M   8        17 230
24  80  45  63  -4   2   0 0.00  0.0    0  5.3 17 260   M    M   1 128    22 230
25  74  49  62  -5   3   0 0.00  0.0    0  7.9 21 250   M    M   3 18     25 260
================================================================================
SM 1796 1263        91   4  1.00     0.0 168.9          M      151
================================================================================
AV 71.8 50.5                               6.8 FASTST   M    M   6    MAX(MPH)
                                 MISC ---->  # 24 260               # 34  330
================================================================================
NOTES:
# LAST OF SEVERAL OCCURRENCES

COLUMN 17 PEAK WIND IN M.P.H.

PRELIMINARY LOCAL CLIMATOLOGICAL DATA (WS FORM: F-6) , PAGE 2

                                          STATION:  CHINO AIRPORT CA
                                          MONTH:    MAY
                                          YEAR:     2019
                                          LATITUDE:   33 58 N
                                          LONGITUDE: 117 38 W

[TEMPERATURE DATA]      [PRECIPITATION DATA]       SYMBOLS USED IN COLUMN 16

AVERAGE MONTHLY: 61.2   TOTAL FOR MONTH:   1.00    1 = FOG OR MIST
DPTR FM NORMAL:  -4.0   DPTR FM NORMAL:    0.75    2 = FOG REDUCING VISIBILITY
HIGHEST:    80 ON 24,14 GRTST 24HR  0.52 ON 22-22      TO 1/4 MILE OR LESS
LOWEST:     45 ON 24                               3 = THUNDER
                        SNOW, ICE PELLETS, HAIL    4 = ICE PELLETS
                        TOTAL MONTH:   0.0 INCH    5 = HAIL
                        GRTST 24HR     0.0         6 = FREEZING RAIN OR DRIZZLE
                        GRTST DEPTH:   0           7 = DUSTSTORM OR SANDSTORM:
                                                       VSBY 1/2 MILE OR LESS
                                                   8 = SMOKE OR HAZE
[NO. OF DAYS WITH]      [WEATHER - DAYS WITH]      9 = BLOWING SNOW
                                                   X = TORNADO
MAX 32 OR BELOW:   0    0.01 INCH OR MORE:   5
MAX 90 OR ABOVE:   0    0.10 INCH OR MORE:   3
MIN 32 OR BELOW:   0    0.50 INCH OR MORE:   1
MIN  0 OR BELOW:   0    1.00 INCH OR MORE:   0

[HDD (BASE 65) ]
TOTAL THIS MO.    91    CLEAR  (SCALE 0-3)   5
DPTR FM NORMAL    45    PTCLDY (SCALE 4-7)  14
TOTAL FM JUL 1  1541    CLOUDY (SCALE 8-10)  6
DPTR FM NORMAL  -277

[CDD (BASE 65) ]
TOTAL THIS MO.     4
DPTR FM NORMAL   -50    [PRESSURE DATA]
TOTAL FM JAN 1    24    HIGHEST SLP M ON M
DPTR FM NORMAL   -56    LOWEST  SLP 29.70 ON 22

[REMARKS]
