875
CXUS53 KICT 230800
CF6CNU
PRELIMINARY LOCAL CLIMATOLOGICAL DATA (WS FORM: F-6)

                                          STATION:   CHANUTE KS
                                          MONTH:     MAY
                                          YEAR:      2019
                                          LATITUDE:   37 40 N
                                          LONGITUDE:  95 29 W

  TEMPERATURE IN F:       :PCPN:    SNOW:  WIND      :SUNSHINE: SKY     :PK WND
================================================================================
1   2   3   4   5  6A  6B    7    8   9   10  11  12  13   14  15   16   17  18
                                     12Z  AVG MX 2MIN
DY MAX MIN AVG DEP HDD CDD  WTR  SNW DPTH SPD SPD DIR MIN PSBL S-S WX    SPD DR
================================================================================

 1  70  57  64   2   1   0 0.04    M    M  5.5 13  10   M    M  10 138    16  20
 2  63  53  58  -4   7   0    T    M    M 10.3 22 360   M    M   9 1      31 350
 3  63  56  60  -2   5   0 0.30    M    M  5.5 14 110   M    M  10 138    18 110
 4  73  47  60  -3   5   0 0.00    M    M  5.2 12  20   M    M   2 12     16  10
 5  77  51  64   1   1   0 0.05    M    M  8.9 17 180   M    M   2 3      23 150
 6  82  55  69   6   0   4 4.69    M    M  9.7 44  20   M    M   3 138    58  20
 7  79  60  70   7   0   5 0.66    M    M  9.2 17  70   M    M   7 13     27 140
 8  73  61  67   3   0   2 0.48    M    M  9.1 26 210   M    M   6 13     37 220
 9  61  42  52 -12  13   0 0.01    M    M 10.0 21 320   M    M   8 1      30 320
10  64  39  52 -12  13   0 0.00    M    M  5.5 14  50   M    M   3        20  80
11  61  51  56  -8   9   0 0.18    M    M  4.9  9  10   M    M  10        14  20
12  72  48  60  -5   5   0 0.01    M    M  7.9 22 300   M    M   4        31 260
13  75  44  60  -5   5   0 0.00    M    M  4.5 12 150   M    M   0 1      17 140
14  87  55  71   6   0   6 0.00    M    M  9.6 18 210   M    M   1        24 230
15  88  63  76  10   0  11 0.00    M    M  8.2 15 160   M    M   0        20 160
16  89  67  78  12   0  13 0.00    M    M 14.1 24 200   M    M   0        33 210
17  86  67  77  11   0  12 0.00    M    M 17.1 25 170   M    M   1        35 180
18  76  58  67   1   0   2 0.86    M    M 12.4 29 170   M    M   7 13     41 230
19  72  55  64  -3   1   0 0.04    M    M  8.6 21 320   M    M   1 13     30 320
20  61  52  57 -10   8   0 4.40    M    M 15.7 31  40   M    M   4 13     45  40
21  74  52  63  -4   2   0 2.11    M    M 14.8 29 180   M    M   7 123    40 240
22  79  54  67  -1   0   2 0.13    M    M  8.3 20 110   M    M   6 13     29  90
================================================================================
SM 1625 1187        75  57 13.96    M    205.0          M      101
================================================================================
AV 73.9 54.0                               9.3 FASTST   M    M   5    MAX(MPH)
                                 MISC ---->  # 44  20               # 58   20
================================================================================
NOTES:
# LAST OF SEVERAL OCCURRENCES

COLUMN 17 PEAK WIND IN M.P.H.

PRELIMINARY LOCAL CLIMATOLOGICAL DATA (WS FORM: F-6) , PAGE 2

                                          STATION:  CHANUTE KS
                                          MONTH:    MAY
                                          YEAR:     2019
                                          LATITUDE:   37 40 N
                                          LONGITUDE:  95 29 W

[TEMPERATURE DATA]      [PRECIPITATION DATA]       SYMBOLS USED IN COLUMN 16

AVERAGE MONTHLY: 63.9   TOTAL FOR MONTH:  13.96    1 = FOG OR MIST
DPTR FM NORMAL:  -0.7   DPTR FM NORMAL:   10.06    2 = FOG REDUCING VISIBILITY
HIGHEST:    89 ON 16    GRTST 24HR  4.69 ON  6- 6      TO 1/4 MILE OR LESS
LOWEST:     39 ON 10                               3 = THUNDER
                        SNOW, ICE PELLETS, HAIL    4 = ICE PELLETS
                        TOTAL MONTH:    M          5 = HAIL
                        GRTST 24HR    M  ON   M    6 = FREEZING RAIN OR DRIZZLE
                        GRTST DEPTH:  M  ON   M    7 = DUSTSTORM OR SANDSTORM:
                                                       VSBY 1/2 MILE OR LESS
                                                   8 = SMOKE OR HAZE
[NO. OF DAYS WITH]      [WEATHER - DAYS WITH]      9 = BLOWING SNOW
                                                   X = TORNADO
MAX 32 OR BELOW:   0    0.01 INCH OR MORE:  14
MAX 90 OR ABOVE:   0    0.10 INCH OR MORE:   9
MIN 32 OR BELOW:   0    0.50 INCH OR MORE:   5
MIN  0 OR BELOW:   0    1.00 INCH OR MORE:   3

[HDD (BASE 65) ]
TOTAL THIS MO.    75    CLEAR  (SCALE 0-3)  10
DPTR FM NORMAL     8    PTCLDY (SCALE 4-7)   8
TOTAL FM JUL 1  4530    CLOUDY (SCALE 8-10)  4
DPTR FM NORMAL    61

[CDD (BASE 65) ]
TOTAL THIS MO.    57
DPTR FM NORMAL     0    [PRESSURE DATA]
TOTAL FM JAN 1    97    HIGHEST SLP M ON M
DPTR FM NORMAL     9    LOWEST  SLP 29.30 ON 21

[REMARKS]
