000
CXUS55 KRIW 250945
CF6COD
PRELIMINARY LOCAL CLIMATOLOGICAL DATA (WS FORM: F-6)

                                          STATION:   CODY WY
                                          MONTH:     JUNE
                                          YEAR:      2019
                                          LATITUDE:   44 31 N
                                          LONGITUDE: 109  1 W

  TEMPERATURE IN F:       :PCPN:    SNOW:  WIND      :SUNSHINE: SKY     :PK WND
================================================================================
1   2   3   4   5  6A  6B    7    8   9   10  11  12  13   14  15   16   17  18
                                     12Z  AVG MX 2MIN
DY MAX MIN AVG DEP HDD CDD  WTR  SNW DPTH SPD SPD DIR MIN PSBL S-S WX    SPD DR
================================================================================

 1  72  44  58   0   7   0 0.00    M    M  4.3 10 180   M    M   1 3      16 160
 2  77  50  64   6   1   0 0.00    M    M  6.2 13 160   M    M   1         M  M
 3  79  59  69  10   0   4 0.00    M    M  8.9 16 280   M    M   2        24 260
 4  78  58  68   9   0   3 0.00    M    M  6.2 14  20   M    M   2        18 250
 5  75  52  64   5   1   0 0.00    M    M  5.9 15 360   M    M   0 8      20  20
 6  81  54  68   9   0   3 0.00    M    M 11.6 25 240   M    M   0        36 240
 7  68  42  55  -5  10   0 0.14    M    M 10.5 17 230   M    M   4 3      36 260
 8  45  37  41 -19  24   0 0.03    M    M  8.7 14  20   M    M   8 3      24  20
 9  63  37  50 -10  15   0 0.00  0.0    M  7.3 15 190   M    M   1        18 260
10  70  47  59  -1   6   0 0.00  0.0    M  7.4 14 210   M    M   5        17 250
11  65  47  56  -5   9   0 0.00    M    M  6.7 15  10   M    M   7        20  20
12  76  46  61   0   4   0 0.00    M    M  5.4 13 120   M    M   0         M  M
13  77  56  67   6   0   2    T  0.0    M  8.4 17 230   M    M   4 3      31 250
14  73  53  63   1   2   0 0.16    M    M  5.5 12 190   M    M   4 3       M  M
15  72  49  61  -1   4   0 0.06    M    M  2.5  6 140   M    M   5 3       M  M
16  68  48  58  -4   7   0 0.03    M    M  4.7  9  30   M    M   5 3       M  M
17  70  49  60  -3   5   0 0.21    M    M  4.4  9 210   M    M   5 3       M  M
18  74  54  64   1   1   0    T    M    M  5.2 12  10   M    M   5         M  M
19  76  47  62  -1   3   0 0.00    M    M  9.7 21  50   M    M   4        35 250
20  66  38  52 -12  13   0    T    M    M  8.1 25 240   M    M   2        36 220
21  62  35  49 -15  16   0 0.05    M    M  7.9 17 260   M    M   3        31 260
22  61  45  53 -11  12   0    T    M    M  7.3 14  40   M    M   3        18 250
23  68  43  56  -9   9   0 0.00    M    M  6.0 13 260   M    M   5        18 260
24  68  47  58  -7   7   0    T    M    0  6.9 14 360   M    M   7        18  30
================================================================================
SM 1684 1137       156  12  0.68     0.0 165.7          M       83
================================================================================
AV 70.2 47.4                               6.9 FASTST   M    M   3    MAX(MPH)
                                 MISC ---->  # 25 240               # 36  240
================================================================================
NOTES:
# LAST OF SEVERAL OCCURRENCES

COLUMN 17 PEAK WIND IN M.P.H.

PRELIMINARY LOCAL CLIMATOLOGICAL DATA (WS FORM: F-6) , PAGE 2

                                          STATION:  CODY WY
                                          MONTH:    JUNE
                                          YEAR:     2019
                                          LATITUDE:   44 31 N
                                          LONGITUDE: 109  1 W

[TEMPERATURE DATA]      [PRECIPITATION DATA]       SYMBOLS USED IN COLUMN 16

AVERAGE MONTHLY: 58.8   TOTAL FOR MONTH:   0.68    1 = FOG OR MIST
DPTR FM NORMAL:  -2.6   DPTR FM NORMAL:   -0.76    2 = FOG REDUCING VISIBILITY
HIGHEST:    81 ON  6    GRTST 24HR  0.21 ON 17-17      TO 1/4 MILE OR LESS
LOWEST:     35 ON 21                               3 = THUNDER
                        SNOW, ICE PELLETS, HAIL    4 = ICE PELLETS
                        TOTAL MONTH:   0.0 INCH    5 = HAIL
                        GRTST 24HR     0.0         6 = FREEZING RAIN OR DRIZZLE
                        GRTST DEPTH:   0           7 = DUSTSTORM OR SANDSTORM:
                                                       VSBY 1/2 MILE OR LESS
                                                   8 = SMOKE OR HAZE
[NO. OF DAYS WITH]      [WEATHER - DAYS WITH]      9 = BLOWING SNOW
                                                   X = TORNADO
MAX 32 OR BELOW:   0    0.01 INCH OR MORE:   7
MAX 90 OR ABOVE:   0    0.10 INCH OR MORE:   3
MIN 32 OR BELOW:   0    0.50 INCH OR MORE:   0
MIN  0 OR BELOW:   0    1.00 INCH OR MORE:   0

[HDD (BASE 65) ]
TOTAL THIS MO.   156    CLEAR  (SCALE 0-3)  10
DPTR FM NORMAL     M    PTCLDY (SCALE 4-7)  13
TOTAL FM JUL 1  7972    CLOUDY (SCALE 8-10)  1
DPTR FM NORMAL     M

[CDD (BASE 65) ]
TOTAL THIS MO.    12
DPTR FM NORMAL    12    [PRESSURE DATA]
TOTAL FM JAN 1    15    HIGHEST SLP M ON M
DPTR FM NORMAL    15    LOWEST  SLP M ON M

[REMARKS]
