000
CXUS55 KRIW 260945
CF6COD
PRELIMINARY LOCAL CLIMATOLOGICAL DATA (WS FORM: F-6)

                                          STATION:   CODY WY
                                          MONTH:     MARCH
                                          YEAR:      2019
                                          LATITUDE:   44 31 N
                                          LONGITUDE: 109  1 W

  TEMPERATURE IN F:       :PCPN:    SNOW:  WIND      :SUNSHINE: SKY     :PK WND
================================================================================
1   2   3   4   5  6A  6B    7    8   9   10  11  12  13   14  15   16   17  18
                                     12Z  AVG MX 2MIN
DY MAX MIN AVG DEP HDD CDD  WTR  SNW DPTH SPD SPD DIR MIN PSBL S-S WX    SPD DR
================================================================================

 1  35  -2  17 -16  48   0 0.01    M    M  8.3 18  30   M    M   6 12     23  30
 2   6 -11  -2 -35  67   0    T    M    M 11.1 17  50   M    M   8 8       M  M
 3   8 -16  -4 -38  69   0    T    M    M  4.8  9  40   M    M   5         M  M
 4   M -18   M   M   M   M 0.00    M    M  2.4 10 210   M    M   0         M  M
 5  31  -7  12 -22  53   0 0.00    M    M  4.6 10  60   M    M   1         M  M
 6  19   7  13 -22  52   0    T    M    M  6.7 15  30   M    M   6 1       M  M
 7  48   4  26  -9  39   0    T    M    M  6.4 13 270   M    M   4 1      23 250
 8  35  18  27  -8  38   0    T    M    M 10.0 17 350   M    M   6 1      22 350
 9  34   9  22 -14  43   0 0.02    M    M  5.6 12 340   M    M   5 1       M  M
10  36   8  22 -14  43   0 0.00    M    M  6.2 13  10   M    M   0         M  M
11  48  18  33  -3  32   0 0.00    M    M 14.2 24 200   M    M   0        37 270
12  49  28  39   2  26   0 0.00    M    M 10.9 21 270   M    M   0        37 240
13  35  25  30  -7  35   0    T    M    M 12.2 22 360   M    M   9 1      33 340
14  35  16  26 -11  39   0 0.00    M    M  5.9 14  10   M    M   3        16  30
15  47  25  36  -1  29   0 0.00    M    M  9.1 16 250   M    M   0        24 270
16  50  21  36  -2  29   0 0.00    M    M  3.2  8  20   M    M   0         M  M
17  48  24  36  -2  29   0 0.00    M    M  4.6 10  10   M    M   0         M  M
18  45  23  34  -4  31   0 0.00    M    M  4.9 12  20   M    M   0         M  M
19  49  22  36  -3  29   0 0.00    M    M  4.4  9 220   M    M   0         M  M
20  59  28  44   5  21   0 0.00    M    M  5.8 10  90   M    M   0        17  90
21  62  27  45   6  20   0 0.00    M    M  3.1  8  10   M    M   0         M  M
22  58  27  43   4  22   0 0.00    M    M  4.8 15 110   M    M   1         M  M
23  61  36  49   9  16   0 0.00    M    M  8.8 16  10   M    M   3        25 300
24  55  31  43   3  22   0 0.10    M    M  4.2  9 340   M    M   5         M  M
25  56  33  45   5  20   0 0.02    M    M  8.1 17 170   M    M   4 12     18 280
================================================================================
SM 1009  376       852   0  0.15    M    170.3          M       66
================================================================================
AV 42.0 15.0                               6.8 FASTST   M    M   3    MAX(MPH)
                                 MISC ---->  # 24 200               # 37  270
================================================================================
NOTES:
# LAST OF SEVERAL OCCURRENCES

COLUMN 17 PEAK WIND IN M.P.H.

PRELIMINARY LOCAL CLIMATOLOGICAL DATA (WS FORM: F-6) , PAGE 2

                                          STATION:  CODY WY
                                          MONTH:    MARCH
                                          YEAR:     2019
                                          LATITUDE:   44 31 N
                                          LONGITUDE: 109  1 W

[TEMPERATURE DATA]      [PRECIPITATION DATA]       SYMBOLS USED IN COLUMN 16

AVERAGE MONTHLY: 28.5   TOTAL FOR MONTH:   0.15    1 = FOG OR MIST
DPTR FM NORMAL:  -8.2   DPTR FM NORMAL:   -0.28    2 = FOG REDUCING VISIBILITY
HIGHEST:    62 ON 21    GRTST 24HR  0.10 ON 24-24      TO 1/4 MILE OR LESS
LOWEST:    -18 ON  4                               3 = THUNDER
                        SNOW, ICE PELLETS, HAIL    4 = ICE PELLETS
                        TOTAL MONTH:    M          5 = HAIL
                        GRTST 24HR    M  ON   M    6 = FREEZING RAIN OR DRIZZLE
                        GRTST DEPTH:  M  ON   M    7 = DUSTSTORM OR SANDSTORM:
                                                       VSBY 1/2 MILE OR LESS
                                                   8 = SMOKE OR HAZE
[NO. OF DAYS WITH]      [WEATHER - DAYS WITH]      9 = BLOWING SNOW
                                                   X = TORNADO
MAX 32 OR BELOW:   4    0.01 INCH OR MORE:   4
MAX 90 OR ABOVE:   0    0.10 INCH OR MORE:   1
MIN 32 OR BELOW:  23    0.50 INCH OR MORE:   0
MIN  0 OR BELOW:   5    1.00 INCH OR MORE:   0

[HDD (BASE 65) ]
TOTAL THIS MO.   852    CLEAR  (SCALE 0-3)  14
DPTR FM NORMAL     M    PTCLDY (SCALE 4-7)  10
TOTAL FM JUL 1  6549    CLOUDY (SCALE 8-10)  1
DPTR FM NORMAL     M

[CDD (BASE 65) ]
TOTAL THIS MO.     0
DPTR FM NORMAL     0    [PRESSURE DATA]
TOTAL FM JAN 1     0    HIGHEST SLP M ON M
DPTR FM NORMAL     0    LOWEST  SLP M ON M

[REMARKS]
