000
CXUS54 KCRP 191300
CF6COT
PRELIMINARY LOCAL CLIMATOLOGICAL DATA (WS FORM: F-6)

                                          STATION:   COTULLA
                                          MONTH:     MARCH
                                          YEAR:      2019
                                          LATITUDE:   28 27 N
                                          LONGITUDE:  99 13 W

  TEMPERATURE IN F:       :PCPN:    SNOW:  WIND      :SUNSHINE: SKY     :PK WND
================================================================================
1   2   3   4   5  6A  6B    7    8   9   10  11  12  13   14  15   16   17  18
                                     12Z  AVG MX 2MIN
DY MAX MIN AVG DEP HDD CDD  WTR  SNW DPTH SPD SPD DIR MIN PSBL S-S WX    SPD DR
================================================================================

 1  61  45  53  -9  12   0 0.00  0.0    0  6.7 13 130   M    M  10 1      15 110
 2  67  57  62   0   3   0 0.00  0.0    0  9.2 16  70   M    M  10 1      21  80
 3  60  42  51 -11  14   0 0.01    M    0 11.1 20  60   M    M  10 1      26  40
 4  43  34  39 -24  26   0 0.00  0.0    0 10.1 21  40   M    M  10        29  30
 5  49  31  40 -23  25   0 0.00  0.0    0  6.3 15  20   M    M   2        22  30
 6  60  33  47 -16  18   0 0.00  0.0    0  8.4 18 140   M    M   6        23 140
 7  79  52  66   3   0   1 0.00  0.0    0  6.7 15 140   M    M   5        21 160
 8  87  59  73   9   0   8 0.00  0.0    0 10.1 18 140   M    M   3        25 160
 9  87  66  77  13   0  12 0.00  0.0    0  6.6 15  10   M    M   6 1      23  30
10  80  64  72   8   0   7 0.00  0.0    0 10.2 17 120   M    M   6 1      21 110
11  75  67  71   7   0   6    T  0.0    0 10.3 18  80   M    M  10 1      21 130
12  85  67  76  11   0  11 0.00  0.0    0 17.6 32 140   M    M   5 1      40 130
13  90  64  77  12   0  12    T  0.0    0  7.7 28 160   M    M   4        39 150
14  82  60  71   6   0   6 0.00  0.0    0  8.4 22 350   M    M   1        29 350
15  63  51  57  -8   8   0 0.00  0.0    0  8.5 16  20   M    M   7        25  30
16  58  51  55 -11  10   0 0.00  0.0    0  5.5 15  70   M    M  10        20  90
17  66  48  57  -9   8   0 0.00  0.0    0  4.4 12  10   M    M   4        16  20
18  70  48  59  -7   6   0 0.00  0.0    0  5.7 17 120   M    M   5        25 110
================================================================================
SM 1262  939       130  63  0.01     0.0 153.5          M      114
================================================================================
AV 70.1 52.2                               8.5 FASTST   M    M   6    MAX(MPH)
                                 MISC ---->  # 32 140               # 40  130
================================================================================
NOTES:
# LAST OF SEVERAL OCCURRENCES

COLUMN 17 PEAK WIND IN M.P.H.

PRELIMINARY LOCAL CLIMATOLOGICAL DATA (WS FORM: F-6) , PAGE 2

                                          STATION:  COTULLA
                                          MONTH:    MARCH
                                          YEAR:     2019
                                          LATITUDE:   28 27 N
                                          LONGITUDE:  99 13 W

[TEMPERATURE DATA]      [PRECIPITATION DATA]       SYMBOLS USED IN COLUMN 16

AVERAGE MONTHLY: 61.1   TOTAL FOR MONTH:   0.01    1 = FOG OR MIST
DPTR FM NORMAL:  -2.9   DPTR FM NORMAL:   -1.08    2 = FOG REDUCING VISIBILITY
HIGHEST:    90 ON 13    GRTST 24HR  0.01 ON  3- 3      TO 1/4 MILE OR LESS
LOWEST:     31 ON  5                               3 = THUNDER
                        SNOW, ICE PELLETS, HAIL    4 = ICE PELLETS
                        TOTAL MONTH:   0.0 INCH    5 = HAIL
                        GRTST 24HR     0.0         6 = FREEZING RAIN OR DRIZZLE
                        GRTST DEPTH:   0           7 = DUSTSTORM OR SANDSTORM:
                                                       VSBY 1/2 MILE OR LESS
                                                   8 = SMOKE OR HAZE
[NO. OF DAYS WITH]      [WEATHER - DAYS WITH]      9 = BLOWING SNOW
                                                   X = TORNADO
MAX 32 OR BELOW:   0    0.01 INCH OR MORE:   1
MAX 90 OR ABOVE:   1    0.10 INCH OR MORE:   0
MIN 32 OR BELOW:   1    0.50 INCH OR MORE:   0
MIN  0 OR BELOW:   0    1.00 INCH OR MORE:   0

[HDD (BASE 65) ]
TOTAL THIS MO.   130    CLEAR  (SCALE 0-3)   3
DPTR FM NORMAL    60    PTCLDY (SCALE 4-7)   9
TOTAL FM JUL 1  1226    CLOUDY (SCALE 8-10)  6
DPTR FM NORMAL   178

[CDD (BASE 65) ]
TOTAL THIS MO.    63
DPTR FM NORMAL     8    [PRESSURE DATA]
TOTAL FM JAN 1    94    HIGHEST SLP M ON M
DPTR FM NORMAL   -16    LOWEST  SLP 29.59 ON 13

[REMARKS]
