000
CXUS53 KLSX 181600
CF6COU
PRELIMINARY LOCAL CLIMATOLOGICAL DATA (WS FORM: F-6)

                                          STATION:   COLUMBIA ASOS
                                          MONTH:     MARCH
                                          YEAR:      2019
                                          LATITUDE:   38 49 N
                                          LONGITUDE:  92 13 W

  TEMPERATURE IN F:       :PCPN:    SNOW:  WIND      :SUNSHINE: SKY     :PK WND
================================================================================
1   2   3   4   5  6A  6B    7    8   9   10  11  12  13   14  15   16   17  18
                                     12Z  AVG MX 2MIN
DY MAX MIN AVG DEP HDD CDD  WTR  SNW DPTH SPD SPD DIR MIN PSBL S-S WX    SPD DR
================================================================================

 1  40  25  33  -6  32   0    T    T    0  4.5 10 310   M    M  10 18     14 150
 2  32  25  29 -11  36   0 0.00  0.0    0 10.2 17  20   M    M   4 1      21  30
 3  25   4  15 -25  50   0 0.11  2.2    T 15.0 28 350   M    M   5 18     35 360
 4  16  -1   8 -32  57   0 0.00  0.0    2 11.2 18 250   M    M   0        25 330
 5  26   8  17 -24  48   0 0.00  0.0    1 11.5 22 270   M    M   2        29 270
 6  34   8  21 -20  44   0 0.00  0.0    1  6.3 12 240   M    M   1        15 250
 7  43  29  36  -5  29   0 0.00  0.0    T 11.4 21 120   M    M   6        29 120
 8  50  33  42   0  23   0 0.00  0.0    0  8.5 15 110   M    M   8 18     22 100
 9  59  37  48   6  17   0 1.09  0.0    0 18.9 40 210   M    M  10 138    55 210
10  47  31  39  -4  26   0 0.00  0.0    0  9.7 22 280   M    M   1        32 290
11  54  34  44   1  21   0 0.00  0.0    0  6.3 10  50   M    M   4        13  50
12  53  37  45   2  20   0 1.11  0.0    0 12.7 26 140   M    M   6 13     36 130
13  64  48  56  12   9   0 0.10  0.0    0 17.2 32 170   M    M   5 13     45 200
14  59  40  50   6  15   0 0.00  0.0    0 24.6 43 230   M    M   9        56 230
15  49  35  42  -2  23   0 0.00  0.0    0 14.3 25 320   M    M   5        36 310
16  55  31  43  -2  22   0 0.00  0.0    0  6.5 15 250   M    M   2        20 230
17  50  34  42  -3  23   0 0.00  0.0    0  7.1 16 320   M    M   4 8      20 330
================================================================================
SM  756  458       495   0  2.41     2.2 195.9          M       82
================================================================================
AV 44.5 26.9                              11.5 FASTST   M    M   5    MAX(MPH)
                                 MISC ---->  # 43 230               # 56  230
================================================================================
NOTES:
# LAST OF SEVERAL OCCURRENCES

COLUMN 17 PEAK WIND IN M.P.H.

PRELIMINARY LOCAL CLIMATOLOGICAL DATA (WS FORM: F-6) , PAGE 2

                                          STATION:  COLUMBIA ASOS
                                          MONTH:    MARCH
                                          YEAR:     2019
                                          LATITUDE:   38 49 N
                                          LONGITUDE:  92 13 W

[TEMPERATURE DATA]      [PRECIPITATION DATA]       SYMBOLS USED IN COLUMN 16

AVERAGE MONTHLY: 35.7   TOTAL FOR MONTH:   2.41    1 = FOG OR MIST
DPTR FM NORMAL:  -6.5   DPTR FM NORMAL:    0.93    2 = FOG REDUCING VISIBILITY
HIGHEST:    64 ON 13    GRTST 24HR  1.11 ON 12-12      TO 1/4 MILE OR LESS
LOWEST:     -1 ON  4                               3 = THUNDER
                        SNOW, ICE PELLETS, HAIL    4 = ICE PELLETS
                        TOTAL MONTH:   2.2 INCHES  5 = HAIL
                        GRTST 24HR   2.2 ON  3- 3  6 = FREEZING RAIN OR DRIZZLE
                        GRTST DEPTH:   2 ON  4     7 = DUSTSTORM OR SANDSTORM:
                                                       VSBY 1/2 MILE OR LESS
                                                   8 = SMOKE OR HAZE
[NO. OF DAYS WITH]      [WEATHER - DAYS WITH]      9 = BLOWING SNOW
                                                   X = TORNADO
MAX 32 OR BELOW:   4    0.01 INCH OR MORE:   4
MAX 90 OR ABOVE:   0    0.10 INCH OR MORE:   4
MIN 32 OR BELOW:   9    0.50 INCH OR MORE:   2
MIN  0 OR BELOW:   1    1.00 INCH OR MORE:   2

[HDD (BASE 65) ]
TOTAL THIS MO.   495    CLEAR  (SCALE 0-3)   5
DPTR FM NORMAL   105    PTCLDY (SCALE 4-7)   9
TOTAL FM JUL 1  4477    CLOUDY (SCALE 8-10)  3
DPTR FM NORMAL   141

[CDD (BASE 65) ]
TOTAL THIS MO.     0
DPTR FM NORMAL     0    [PRESSURE DATA]
TOTAL FM JAN 1     0    HIGHEST SLP M ON M
DPTR FM NORMAL     0    LOWEST  SLP 29.30 ON  9

[REMARKS]
