000
CXUS53 KLSX 261600
CF6COU
PRELIMINARY LOCAL CLIMATOLOGICAL DATA (WS FORM: F-6)

                                          STATION:   COLUMBIA ASOS
                                          MONTH:     MAY
                                          YEAR:      2019
                                          LATITUDE:   38 49 N
                                          LONGITUDE:  92 13 W

  TEMPERATURE IN F:       :PCPN:    SNOW:  WIND      :SUNSHINE: SKY     :PK WND
================================================================================
1   2   3   4   5  6A  6B    7    8   9   10  11  12  13   14  15   16   17  18
                                     12Z  AVG MX 2MIN
DY MAX MIN AVG DEP HDD CDD  WTR  SNW DPTH SPD SPD DIR MIN PSBL S-S WX    SPD DR
================================================================================

 1  73  59  66   6   0   1    T  0.0    0  6.9 18 160   M    M   8        25 160
 2  66  56  61   1   4   0 0.04  0.0    0  9.4 22 320   M    M   9 138    28 320
 3  59  53  56  -4   9   0 0.13  0.0    0  7.5 14  20   M    M  10 18     17  20
 4  69  50  60  -1   5   0 0.00  0.0    0  6.5 14  10   M    M   5 1      17  10
 5  74  45  60  -1   5   0 0.00  0.0    0  5.9 13 160   M    M   0        17 150
 6  77  57  67   6   0   2    T  0.0    0  6.5 17 160   M    M   3        22 170
 7  77  60  69   7   0   4 0.05  0.0    0  7.5 18  70   M    M   3 13     26  80
 8  75  58  67   5   0   2 0.10  0.0    0 11.9 28 150   M    M   7 13     38 140
 9  63  48  56  -6   9   0 0.00  0.0    0 10.5 21 310   M    M   9        28 330
10  63  44  54  -8  11   0 0.00  0.0    0  7.9 15  40   M    M   4        25  10
11  55  48  52 -11  13   0 0.24  0.0    0  5.8 14  90   M    M   7 1      22 110
12  60  44  52 -11  13   0    T  0.0    0  2.9 10  30   M    M   9        13 330
13  67  42  55  -8  10   0 0.00  0.0    0  2.8  8 170   M    M   2 12     12 170
14  78  48  63   0   2   0    T  0.0    0  9.5 17 170   M    M   1 13     22 150
15  85  59  72   8   0   7 0.44  0.0    0  4.1 20 260   M    M   1 138    36 280
16  89  63  76  12   0  11 0.00  0.0    0 12.4 25 250   M    M   0        33 260
17  85  65  75  11   0  10 0.00  0.0    0 10.1 20 200   M    M   1        26 200
18  83  62  73   8   0   8 0.19  0.0    0 11.6 32 220   M    M   6 13     45 210
19  73  55  64  -1   1   0 0.05  0.0    0 11.5 24 260   M    M   6 1      30 270
20  66  49  58  -7   7   0 1.37  0.0    0 11.1 29  60   M    M   2 13     41  50
21  66  50  58  -7   7   0 1.02  0.0    0 14.3 26  80   M    M   7 13     38  80
22  85  56  71   5   0   6 0.32  0.0    0 12.2 30 250   M    M   3 13     48 240
23  79  63  71   5   0   6 0.21  0.0    0  4.0 16 330   M    M   4 13     19 330
24  88  67  78  12   0  13    T  0.0    0 11.8 28 310   M    M   2 1      37 310
25  86  65  76   9   0  11 0.07  0.0    0 10.1 21 210   M    M   4 1      28 240
================================================================================
SM 1841 1366        96  81  4.23     0.0 214.7          M      113
================================================================================
AV 73.6 54.6                               8.6 FASTST   M    M   5    MAX(MPH)
                                 MISC ---->  # 32 220               # 48  240
================================================================================
NOTES:
# LAST OF SEVERAL OCCURRENCES

COLUMN 17 PEAK WIND IN M.P.H.

PRELIMINARY LOCAL CLIMATOLOGICAL DATA (WS FORM: F-6) , PAGE 2

                                          STATION:  COLUMBIA ASOS
                                          MONTH:    MAY
                                          YEAR:     2019
                                          LATITUDE:   38 49 N
                                          LONGITUDE:  92 13 W

[TEMPERATURE DATA]      [PRECIPITATION DATA]       SYMBOLS USED IN COLUMN 16

AVERAGE MONTHLY: 64.1   TOTAL FOR MONTH:   4.23    1 = FOG OR MIST
DPTR FM NORMAL:   0.9   DPTR FM NORMAL:    0.18    2 = FOG REDUCING VISIBILITY
HIGHEST:    89 ON 16    GRTST 24HR  2.40 ON 30- 1      TO 1/4 MILE OR LESS
LOWEST:     42 ON 13                               3 = THUNDER
                        SNOW, ICE PELLETS, HAIL    4 = ICE PELLETS
                        TOTAL MONTH:   0.0 INCH    5 = HAIL
                        GRTST 24HR     0.0         6 = FREEZING RAIN OR DRIZZLE
                        GRTST DEPTH:   0           7 = DUSTSTORM OR SANDSTORM:
                                                       VSBY 1/2 MILE OR LESS
                                                   8 = SMOKE OR HAZE
[NO. OF DAYS WITH]      [WEATHER - DAYS WITH]      9 = BLOWING SNOW
                                                   X = TORNADO
MAX 32 OR BELOW:   0    0.01 INCH OR MORE:  13
MAX 90 OR ABOVE:   0    0.10 INCH OR MORE:   9
MIN 32 OR BELOW:   0    0.50 INCH OR MORE:   2
MIN  0 OR BELOW:   0    1.00 INCH OR MORE:   2

[HDD (BASE 65) ]
TOTAL THIS MO.    96    CLEAR  (SCALE 0-3)  10
DPTR FM NORMAL    -3    PTCLDY (SCALE 4-7)  11
TOTAL FM JUL 1  5018    CLOUDY (SCALE 8-10)  4
DPTR FM NORMAL    16

[CDD (BASE 65) ]
TOTAL THIS MO.    81
DPTR FM NORMAL    28    [PRESSURE DATA]
TOTAL FM JAN 1   113    HIGHEST SLP M ON M
DPTR FM NORMAL    35    LOWEST  SLP 29.58 ON 21

[REMARKS]
