000
CXUS55 KRIW 260945
CF6CPR
PRELIMINARY LOCAL CLIMATOLOGICAL DATA (WS FORM: F-6)

                                          STATION:   CASPER WY
                                          MONTH:     MARCH
                                          YEAR:      2019
                                          LATITUDE:   42 55 N
                                          LONGITUDE: 106 28 W

  TEMPERATURE IN F:       :PCPN:    SNOW:  WIND      :SUNSHINE: SKY     :PK WND
================================================================================
1   2   3   4   5  6A  6B    7    8   9   10  11  12  13   14  15   16   17  18
                                     12Z  AVG MX 2MIN
DY MAX MIN AVG DEP HDD CDD  WTR  SNW DPTH SPD SPD DIR MIN PSBL S-S WX    SPD DR
================================================================================

 1  38  16  27  -3  38   0    T  0.1    T  9.3 20 100   M    M   3 1      23 220
 2  21  -4   9 -22  56   0 0.01  0.7    T 14.6 29  10   M    M  10 18     33  10
 3   8  -8   0 -31  65   0 0.00  0.0    1  6.0 14  20   M    M   7 18     17  20
 4  24  -8   8 -24  57   0 0.00  0.0    1  9.8 20 220   M    M   0        23 230
 5  37   4  21 -11  44   0 0.00  0.0    1 11.5 24 210   M    M   0        30 210
 6  34  16  25  -7  40   0 0.17  1.5    1  8.1 16  20   M    M   9 18     19  20
 7  49   7  28  -5  37   0 0.02  0.1    1 12.7 32 250   M    M   2 1      38 260
 8  35  24  30  -3  35   0 0.05  0.3    T  9.6 21 350   M    M   6 1      25 340
 9  32  18  25  -8  40   0 0.13  6.6    3  8.7 24 250   M    M   5 1      30 250
10  39  14  27  -7  38   0 0.00  0.0    2  5.9 14 230   M    M   0        20 220
11  49  13  31  -3  34   0 0.00  0.0    1 14.2 28 210   M    M   0        35 220
12  51  31  41   7  24   0    T    T    T 16.4 31 210   M    M   2        38 210
13  35  23  29  -5  36   0 0.96 13.6    4 22.4 40  10   M    M  10 12     47  20
14  29  12  21 -14  44   0 0.03  1.1    8 10.8 22 360   M    M   5 1      24 360
15  30  16  23 -12  42   0 0.00  0.0    6 19.0 30 220   M    M   0        35 210
16  34  12  23 -12  42   0 0.00  0.0    4 12.5 20 210   M    M   0        24 220
17  39  17  28  -8  37   0 0.00  0.0    3  8.0 18 220   M    M   0        22 220
18  41  18  30  -6  35   0 0.00  0.0    2  6.0 13 210   M    M   1 1      15 240
19  44  17  31  -5  34   0 0.00  0.0    1  5.7 14 240   M    M   1        17 230
20  46  22  34  -2  31   0 0.00  0.0    0 12.7 24 210   M    M   0        27 210
21  56  20  38   1  27   0 0.00  0.0    0  7.1 18  90   M    M   1        23  90
22  49  25  37   0  28   0 0.01    T    0  5.5 22 200   M    M   4        26 200
23  54  34  44   7  21   0 0.00  0.0    0  8.6 17 230   M    M   7        21 230
24  54  29  42   5  23   0 0.01  0.0    0  8.5 22  50   M    M   6        28  50
25  51  33  42   4  23   0 0.02    T    0 15.6 24 220   M    M   6 1      31 200
================================================================================
SM  979  401       931   0  1.41    24.0 269.2          M       85
================================================================================
AV 39.2 16.0                              10.8 FASTST   M    M   3    MAX(MPH)
                                 MISC ---->  # 40  10               # 47   20
================================================================================
NOTES:
# LAST OF SEVERAL OCCURRENCES

COLUMN 17 PEAK WIND IN M.P.H.

PRELIMINARY LOCAL CLIMATOLOGICAL DATA (WS FORM: F-6) , PAGE 2

                                          STATION:  CASPER WY
                                          MONTH:    MARCH
                                          YEAR:     2019
                                          LATITUDE:   42 55 N
                                          LONGITUDE: 106 28 W

[TEMPERATURE DATA]      [PRECIPITATION DATA]       SYMBOLS USED IN COLUMN 16

AVERAGE MONTHLY: 27.6   TOTAL FOR MONTH:   1.41    1 = FOG OR MIST
DPTR FM NORMAL:  -6.7   DPTR FM NORMAL:    0.78    2 = FOG REDUCING VISIBILITY
HIGHEST:    56 ON 21    GRTST 24HR  0.96 ON 13-13      TO 1/4 MILE OR LESS
LOWEST:     -8 ON  4, 3                            3 = THUNDER
                        SNOW, ICE PELLETS, HAIL    4 = ICE PELLETS
                        TOTAL MONTH:  24.0 INCHES  5 = HAIL
                        GRTST 24HR  13.6 ON 13-13  6 = FREEZING RAIN OR DRIZZLE
                        GRTST DEPTH:   8 ON 14     7 = DUSTSTORM OR SANDSTORM:
                                                       VSBY 1/2 MILE OR LESS
                                                   8 = SMOKE OR HAZE
[NO. OF DAYS WITH]      [WEATHER - DAYS WITH]      9 = BLOWING SNOW
                                                   X = TORNADO
MAX 32 OR BELOW:   6    0.01 INCH OR MORE:  10
MAX 90 OR ABOVE:   0    0.10 INCH OR MORE:   3
MIN 32 OR BELOW:  23    0.50 INCH OR MORE:   1
MIN  0 OR BELOW:   3    1.00 INCH OR MORE:   0

[HDD (BASE 65) ]
TOTAL THIS MO.   931    CLEAR  (SCALE 0-3)  13
DPTR FM NORMAL   166    PTCLDY (SCALE 4-7)   9
TOTAL FM JUL 1  6418    CLOUDY (SCALE 8-10)  3
DPTR FM NORMAL   205

[CDD (BASE 65) ]
TOTAL THIS MO.     0
DPTR FM NORMAL     0    [PRESSURE DATA]
TOTAL FM JAN 1     0    HIGHEST SLP M ON M
DPTR FM NORMAL     0    LOWEST  SLP 29.41 ON 13

[REMARKS]
