000
CXUS55 KRIW 250945
CF6CPR
PRELIMINARY LOCAL CLIMATOLOGICAL DATA (WS FORM: F-6)

                                          STATION:   CASPER WY
                                          MONTH:     JUNE
                                          YEAR:      2019
                                          LATITUDE:   42 55 N
                                          LONGITUDE: 106 28 W

  TEMPERATURE IN F:       :PCPN:    SNOW:  WIND      :SUNSHINE: SKY     :PK WND
================================================================================
1   2   3   4   5  6A  6B    7    8   9   10  11  12  13   14  15   16   17  18
                                     12Z  AVG MX 2MIN
DY MAX MIN AVG DEP HDD CDD  WTR  SNW DPTH SPD SPD DIR MIN PSBL S-S WX    SPD DR
================================================================================

 1  72  42  57   0   8   0 0.01  0.0    0  5.0 22 270   M    M   0 3      29 270
 2  79  42  61   3   4   0    T  0.0    0  7.5 29 230   M    M   2        36 250
 3  78  47  63   5   2   0 0.02  0.0    0  9.9 23 220   M    M   1 3      28 210
 4  76  48  62   4   3   0 0.00  0.0    0  6.9 15 220   M    M   1        17 220
 5  79  47  63   5   2   0 0.00  0.0    0  7.4 16 230   M    M   1        20  50
 6  82  42  62   3   3   0 0.00  0.0    0 10.0 21 230   M    M   0 8      31 210
 7  84  51  68   9   0   3    T  0.0    0 13.2 30 220   M    M   1        37 220
 8  60  33  47 -13  18   0 0.03  0.0    0 10.6 29 260   M    M   9 1      37 260
 9  63  27  45 -15  20   0 0.00  0.0    0  7.5 17 300   M    M   0        26 250
10  73  25  49 -11  16   0 0.00  0.0    0  5.6 17 290   M    M   0        25 240
11  69  37  53  -8  12   0 0.00  0.0    0  8.8 23 340   M    M   4        28 350
12  77  34  56  -5   9   0 0.00  0.0    0  6.3 15 270   M    M   2        20 290
13  83  44  64   3   1   0    T  0.0    0  8.8 24 180   M    M   2 3      31 200
14  76  50  63   1   2   0    T  0.0    0  8.2 36 350   M    M   2 3      44 350
15  78  46  62   0   3   0 0.11  0.0    0  7.7 28 200   M    M   4 13     47 220
16  74  50  62   0   3   0 0.14  0.0    0  8.9 18  40   M    M   4 1      24 340
17  73  52  63   0   2   0    T  0.0    0  5.6 18  80   M    M   7 3      22  70
18  71  48  60  -3   5   0 0.09  0.0    0  7.3 30  20   M    M   5 13     40  10
19  80  47  64   0   1   0 0.01  0.0    0 13.9 32  10   M    M   2 13     40  10
20  81  39  60  -4   5   0 0.03  0.0    0 13.7 43 260   M    M   2        61 240
21  66  42  54 -10  11   0 0.00  0.0    0 10.5 26 210   M    M   1        30 200
22  66  36  51 -14  14   0 0.13  0.0    0  6.0 24 330   M    M   3 38     29 240
23  69  45  57  -8   8   0 0.39  0.0    0  7.9 17 280   M    M   5 13     23 290
24  76  46  61  -4   4   0 0.00  0.0    0 10.9 25 270   M    M   1        39 260
================================================================================
SM 1785 1020       156   3  0.96     0.0 208.1          M       59
================================================================================
AV 74.4 42.5                               8.7 FASTST   M    M   2    MAX(MPH)
                                 MISC ---->  # 43 260               # 61  240
================================================================================
NOTES:
# LAST OF SEVERAL OCCURRENCES

COLUMN 17 PEAK WIND IN M.P.H.

PRELIMINARY LOCAL CLIMATOLOGICAL DATA (WS FORM: F-6) , PAGE 2

                                          STATION:  CASPER WY
                                          MONTH:    JUNE
                                          YEAR:     2019
                                          LATITUDE:   42 55 N
                                          LONGITUDE: 106 28 W

[TEMPERATURE DATA]      [PRECIPITATION DATA]       SYMBOLS USED IN COLUMN 16

AVERAGE MONTHLY: 58.4   TOTAL FOR MONTH:   0.96    1 = FOG OR MIST
DPTR FM NORMAL:  -2.8   DPTR FM NORMAL:   -0.38    2 = FOG REDUCING VISIBILITY
HIGHEST:    84 ON  7    GRTST 24HR  0.39 ON 23-23      TO 1/4 MILE OR LESS
LOWEST:     25 ON 10                               3 = THUNDER
                        SNOW, ICE PELLETS, HAIL    4 = ICE PELLETS
                        TOTAL MONTH:   0.0 INCH    5 = HAIL
                        GRTST 24HR     0.0         6 = FREEZING RAIN OR DRIZZLE
                        GRTST DEPTH:   0           7 = DUSTSTORM OR SANDSTORM:
                                                       VSBY 1/2 MILE OR LESS
                                                   8 = SMOKE OR HAZE
[NO. OF DAYS WITH]      [WEATHER - DAYS WITH]      9 = BLOWING SNOW
                                                   X = TORNADO
MAX 32 OR BELOW:   0    0.01 INCH OR MORE:  10
MAX 90 OR ABOVE:   0    0.10 INCH OR MORE:   4
MIN 32 OR BELOW:   2    0.50 INCH OR MORE:   0
MIN  0 OR BELOW:   0    1.00 INCH OR MORE:   0

[HDD (BASE 65) ]
TOTAL THIS MO.   156    CLEAR  (SCALE 0-3)  17
DPTR FM NORMAL    32    PTCLDY (SCALE 4-7)   6
TOTAL FM JUL 1  7943    CLOUDY (SCALE 8-10)  1
DPTR FM NORMAL   375

[CDD (BASE 65) ]
TOTAL THIS MO.     3
DPTR FM NORMAL   -31    [PRESSURE DATA]
TOTAL FM JAN 1     3    HIGHEST SLP M ON M
DPTR FM NORMAL   -35    LOWEST  SLP 29.55 ON 20

[REMARKS]
