000
CXUS53 KLSX 231600
CF6CPS
PRELIMINARY LOCAL CLIMATOLOGICAL DATA (WS FORM: F-6)

                                          STATION:   CAHOKIA/ST. LOUIS
                                          MONTH:     MARCH
                                          YEAR:      2019
                                          LATITUDE:   38 34 N
                                          LONGITUDE:  90  9 W

  TEMPERATURE IN F:       :PCPN:    SNOW:  WIND      :SUNSHINE: SKY     :PK WND
================================================================================
1   2   3   4   5  6A  6B    7    8   9   10  11  12  13   14  15   16   17  18
                                     12Z  AVG MX 2MIN
DY MAX MIN AVG DEP HDD CDD  WTR  SNW DPTH SPD SPD DIR MIN PSBL S-S WX    SPD DR
================================================================================

 1  42  29  36  -4  29   0 0.00  0.0    M  4.6 10  10   M    M  10 8      12  70
 2  39  32  36  -5  29   0 0.00  0.0    0  8.1 14 360   M    M   9 8      18 350
 3  32  10  21 -20  44   0    M    M    0 16.2 24 340   M    M   7 12     29 340
 4  19   4  12 -29  53   0 0.00  0.0    M 10.9 21 340   M    M   0        27 340
 5  26  11  19 -23  46   0 0.00  0.0    M 13.8 25 320   M    M   1        32 310
 6  36  13  25 -17  40   0 0.00  0.0    M  4.1 15 300   M    M   1        20 300
 7  42  28  35  -7  30   0 0.01    M    M  6.9 17 140   M    M   7 1      23 140
 8  47  32  40  -2  25   0    T    M    M  6.6 14  90   M    M  10 1      19  90
 9  66  39  53  10  12   0 1.08  0.0    0 13.0 31 250   M    M   9 13     52 250
10  48  35  42  -1  23   0 0.00  0.0    0  9.5 21 280   M    M   1        35 260
11  52  32  42  -2  23   0 0.00  0.0    0  3.6  9  40   M    M   5        12  60
12  51  30  41  -3  24   0 0.09  0.0    0  7.4 21 150   M    M   3 1      34 170
13  67  44  56  12   9   0 1.02  0.0    0 11.2 24 160   M    M   6 13     36 180
14  68  45  57  13   8   0    T  0.0    0 16.7 32 240   M    M   5        48 250
15  50  37  44  -1  21   0    T  0.0    0 15.0 28 310   M    M   6        40 290
16  53  29  41  -4  24   0 0.00  0.0    0  5.8 17 320   M    M   1        26 340
17  51  32  42  -4  23   0 0.00  0.0    0  8.7 20 310   M    M   2        25  20
18  53  28  41  -5  24   0 0.00  0.0    0  2.5 12 280   M    M   1 8      16  10
19  56  29  43  -3  22   0 0.00  0.0    0  6.1 15 160   M    M   4 8      22 140
20  55  43  49   3  16   0 0.02    M    0  7.4 17 280   M    M   8        26 250
21  55  35  45  -2  20   0 0.00  0.0    0 11.3 22 320   M    M   5        34 310
22  64  32  48   1  17   0 0.00  0.0    0  7.4 15 340   M    M   0        19 330
================================================================================
SM 1072  649       562   0  2.22     0.0 196.8          M      101
================================================================================
AV 48.7 29.5                               8.9 FASTST   M    M   5    MAX(MPH)
                                 MISC ---->  # 32 240               # 52  250
================================================================================
NOTES:
# LAST OF SEVERAL OCCURRENCES

COLUMN 17 PEAK WIND IN M.P.H.

PRELIMINARY LOCAL CLIMATOLOGICAL DATA (WS FORM: F-6) , PAGE 2

                                          STATION:  CAHOKIA/ST. LOUIS
                                          MONTH:    MARCH
                                          YEAR:     2019
                                          LATITUDE:   38 34 N
                                          LONGITUDE:  90  9 W

[TEMPERATURE DATA]      [PRECIPITATION DATA]       SYMBOLS USED IN COLUMN 16

AVERAGE MONTHLY: 39.1   TOTAL FOR MONTH:   2.22    1 = FOG OR MIST
DPTR FM NORMAL:  -4.6   DPTR FM NORMAL:    0.08    2 = FOG REDUCING VISIBILITY
HIGHEST:    68 ON 14    GRTST 24HR  1.08 ON  9- 9      TO 1/4 MILE OR LESS
LOWEST:      4 ON  4                               3 = THUNDER
                        SNOW, ICE PELLETS, HAIL    4 = ICE PELLETS
                        TOTAL MONTH:   0.0 INCH    5 = HAIL
                        GRTST 24HR     0.0         6 = FREEZING RAIN OR DRIZZLE
                        GRTST DEPTH:   0           7 = DUSTSTORM OR SANDSTORM:
                                                       VSBY 1/2 MILE OR LESS
                                                   8 = SMOKE OR HAZE
[NO. OF DAYS WITH]      [WEATHER - DAYS WITH]      9 = BLOWING SNOW
                                                   X = TORNADO
MAX 32 OR BELOW:   3    0.01 INCH OR MORE:   5
MAX 90 OR ABOVE:   0    0.10 INCH OR MORE:   2
MIN 32 OR BELOW:  15    0.50 INCH OR MORE:   2
MIN  0 OR BELOW:   0    1.00 INCH OR MORE:   2

[HDD (BASE 65) ]
TOTAL THIS MO.   562    CLEAR  (SCALE 0-3)   9
DPTR FM NORMAL    91    PTCLDY (SCALE 4-7)   9
TOTAL FM JUL 1  4343    CLOUDY (SCALE 8-10)  4
DPTR FM NORMAL   151

[CDD (BASE 65) ]
TOTAL THIS MO.     0
DPTR FM NORMAL     0    [PRESSURE DATA]
TOTAL FM JAN 1     0    HIGHEST SLP M ON M
DPTR FM NORMAL     0    LOWEST  SLP 29.30 ON  9

[REMARKS]
