000
CXUS56 KLOX 231155
CF6CQT
PRELIMINARY LOCAL CLIMATOLOGICAL DATA (WS FORM: F-6)

                                          STATION:   DOWNTOWN LOS ANGELES (USC) CA
                                          MONTH:     MAY
                                          YEAR:      2019
                                          LATITUDE:   34  1 N
                                          LONGITUDE: 118 17 W

  TEMPERATURE IN F:       :PCPN:    SNOW:  WIND      :SUNSHINE: SKY     :PK WND
================================================================================
1   2   3   4   5  6A  6B    7    8   9   10  11  12  13   14  15   16   17  18
                                     12Z  AVG MX 2MIN
DY MAX MIN AVG DEP HDD CDD  WTR  SNW DPTH SPD SPD DIR MIN PSBL S-S WX    SPD DR
================================================================================

 1  70  54  62  -3   3   0 0.00  0.0    0  2.3 10 270   M    M   2        18 280
 2  69  55  62  -3   3   0 0.00  0.0    0  1.5  8 280   M    M   2 1      15 270
 3  73  56  65   0   0   0 0.00  0.0    0  2.5 10 280   M    M   4 18     17 270
 4  73  59  66   1   0   1 0.00  0.0    0  2.0 10 270   M    M   5 8      17 280
 5  72  58  65   0   0   0 0.01  0.0    0  1.9 12 270   M    M   8 1      19 260
 6  69  57  63  -2   2   0 0.02  0.0    0  2.3 10 270   M    M   7 1      19 270
 7  67  57  62  -3   3   0 0.00  0.0    0  1.2  7 280   M    M   9        13 270
 8  65  59  62  -3   3   0    T  0.0    0  1.5  7 270   M    M  10        11 270
 9  66  60  63  -2   2   0 0.00  0.0    0  0.9  7 270   M    M  10 8      12 270
10  69  59  64  -2   1   0 0.00  0.0    0  0.9  8 270   M    M   9        13 270
11  75  57  66   0   0   1 0.00  0.0    0  2.0 10 270   M    M   2        17 270
12  75  61  68   2   0   3 0.00  0.0    0  1.7  9 270   M    M   4 8      17 270
13  71  62  67   1   0   2 0.00  0.0    0  0.9  8 270   M    M   8        13 280
14  73  60  67   1   0   2 0.00  0.0    M  1.0  9 270   M    M   5 8      14 270
15  68  60  64  -2   1   0 0.00  0.0    0  2.3  9 260   M    M   9 8      15 270
16  67  58  63  -3   2   0 0.48  0.0    0  4.7 16 270   M    M   5 1      30 270
17  72  54  63  -3   2   0 0.00  0.0    0  2.5  9 260   M    M   0        18 280
18  72  56  64  -2   1   0 0.01  0.0    0  2.6  9 270   M    M   3        17 280
19  65  52  59  -7   6   0 0.21  0.0    0  4.3 13 270   M    M   7 1      23 280
20  69  54  62  -4   3   0 0.00  0.0    0  1.8  9 270   M    M   2        16 270
21  67  58  63  -3   2   0    T  0.0    0  2.3 15 270   M    M   6        26 270
22  68  56  62  -4   3   0 0.04  0.0    0  2.1  8 270   M    M   2        14 270
================================================================================
SM 1535 1262        37   9  0.77     0.0  45.2          M      119
================================================================================
AV 69.8 57.4                               2.1 FASTST   M    M   5    MAX(MPH)
                                 MISC ---->  # 16 270               # 30  270
================================================================================
NOTES:
# LAST OF SEVERAL OCCURRENCES

COLUMN 17 PEAK WIND IN M.P.H.

PRELIMINARY LOCAL CLIMATOLOGICAL DATA (WS FORM: F-6) , PAGE 2

                                          STATION:  DOWNTOWN LOS ANGELES (USC) CA
                                          MONTH:    MAY
                                          YEAR:     2019
                                          LATITUDE:   34  1 N
                                          LONGITUDE: 118 17 W

[TEMPERATURE DATA]      [PRECIPITATION DATA]       SYMBOLS USED IN COLUMN 16

AVERAGE MONTHLY: 63.6   TOTAL FOR MONTH:   0.77    1 = FOG OR MIST
DPTR FM NORMAL:  -2.0   DPTR FM NORMAL:    0.56    2 = FOG REDUCING VISIBILITY
HIGHEST:    75 ON 12,11 GRTST 24HR  0.48 ON 16-16      TO 1/4 MILE OR LESS
LOWEST:     52 ON 19                               3 = THUNDER
                        SNOW, ICE PELLETS, HAIL    4 = ICE PELLETS
                        TOTAL MONTH:   0.0 INCH    5 = HAIL
                        GRTST 24HR     0.0         6 = FREEZING RAIN OR DRIZZLE
                        GRTST DEPTH:   0           7 = DUSTSTORM OR SANDSTORM:
                                                       VSBY 1/2 MILE OR LESS
                                                   8 = SMOKE OR HAZE
[NO. OF DAYS WITH]      [WEATHER - DAYS WITH]      9 = BLOWING SNOW
                                                   X = TORNADO
MAX 32 OR BELOW:   0    0.01 INCH OR MORE:   6
MAX 90 OR ABOVE:   0    0.10 INCH OR MORE:   2
MIN 32 OR BELOW:   0    0.50 INCH OR MORE:   0
MIN  0 OR BELOW:   0    1.00 INCH OR MORE:   0

[HDD (BASE 65) ]
TOTAL THIS MO.    37    CLEAR  (SCALE 0-3)   7
DPTR FM NORMAL     2    PTCLDY (SCALE 4-7)  10
TOTAL FM JUL 1   937    CLOUDY (SCALE 8-10)  5
DPTR FM NORMAL  -131

[CDD (BASE 65) ]
TOTAL THIS MO.     9
DPTR FM NORMAL   -35    [PRESSURE DATA]
TOTAL FM JAN 1    77    HIGHEST SLP M ON M
DPTR FM NORMAL   -54    LOWEST  SLP 29.66 ON 22

[REMARKS]
