000
CXUS56 KLOX 191655
CF6CQT
PRELIMINARY LOCAL CLIMATOLOGICAL DATA (WS FORM: F-6)

                                          STATION:   DOWNTOWN LOS ANGELES (USC) CA
                                          MONTH:     MARCH
                                          YEAR:      2019
                                          LATITUDE:   34  1 N
                                          LONGITUDE: 118 17 W

  TEMPERATURE IN F:       :PCPN:    SNOW:  WIND      :SUNSHINE: SKY     :PK WND
================================================================================
1   2   3   4   5  6A  6B    7    8   9   10  11  12  13   14  15   16   17  18
                                     12Z  AVG MX 2MIN
DY MAX MIN AVG DEP HDD CDD  WTR  SNW DPTH SPD SPD DIR MIN PSBL S-S WX    SPD DR
================================================================================

 1  66  57  62   2   3   0 0.00  0.0    0  0.6  8 270   M    M   7 18     12 270
 2  62  55  59  -1   6   0 0.89  0.0    0  2.6  9 110   M    M  10 1      16 270
 3  63  54  59  -1   6   0 0.00  0.0    0  1.8  9 270   M    M   9 1      15 260
 4  65  52  59  -1   6   0 0.00  0.0    0  1.2  9 260   M    M   5        16 260
 5  67  49  58  -2   7   0 0.05    M    0  1.7 14 270   M    M   4 1      23 260
 6  61  54  58  -2   7   0 1.25  0.0    0  2.5 14 100   M    M   9 18     20 100
 7  62  51  57  -3   8   0 0.00  0.0    0  1.6 12 270   M    M   5        19 270
 8  60  49  55  -5  10   0 0.00  0.0    0  3.2 15 270   M    M   3        24 260
 9  62  50  56  -4   9   0 0.00  0.0    0  3.8  9 270   M    M   2        17 270
10  62  49  56  -4   9   0 0.00  0.0    0  1.6  9 270   M    M   5        17 270
11  67  50  59  -1   6   0 0.00  0.0    0  2.2  9 360   M    M   5        17  10
12  71  55  63   3   2   0 0.00  0.0    0  3.5 12 270   M    M   3        18 280
13  69  51  60   0   5   0 0.00  0.0    0  2.8  9 130   M    M   0 8      18 160
14  71  48  60   0   5   0 0.00  0.0    0  1.2  9 270   M    M   0        16 270
15  76  48  62   2   3   0 0.00  0.0    0  1.4  9  30   M    M   0        15  30
16  81  50  66   5   0   1 0.00  0.0    0  0.4  7 280   M    M   0        13 270
17  85  57  71  10   0   6 0.00  0.0    0  2.4 10 270   M    M   0        14 280
18  79  57  68   7   0   3 0.00  0.0    0  1.4  9 270   M    M   0 8      13 270
================================================================================
SM 1229  936        92  10  2.19     0.0  35.9          M       67
================================================================================
AV 68.3 52.0                               2.0 FASTST   M    M   4    MAX(MPH)
                                 MISC ---->  # 15 270               # 24  260
================================================================================
NOTES:
# LAST OF SEVERAL OCCURRENCES

COLUMN 17 PEAK WIND IN M.P.H.

PRELIMINARY LOCAL CLIMATOLOGICAL DATA (WS FORM: F-6) , PAGE 2

                                          STATION:  DOWNTOWN LOS ANGELES (USC) CA
                                          MONTH:    MARCH
                                          YEAR:     2019
                                          LATITUDE:   34  1 N
                                          LONGITUDE: 118 17 W

[TEMPERATURE DATA]      [PRECIPITATION DATA]       SYMBOLS USED IN COLUMN 16

AVERAGE MONTHLY: 60.1   TOTAL FOR MONTH:   2.19    1 = FOG OR MIST
DPTR FM NORMAL:  -0.0   DPTR FM NORMAL:    0.51    2 = FOG REDUCING VISIBILITY
HIGHEST:    85 ON 17    GRTST 24HR  1.25 ON  6- 6      TO 1/4 MILE OR LESS
LOWEST:     48 ON 15,14                            3 = THUNDER
                        SNOW, ICE PELLETS, HAIL    4 = ICE PELLETS
                        TOTAL MONTH:   0.0 INCH    5 = HAIL
                        GRTST 24HR     0.0         6 = FREEZING RAIN OR DRIZZLE
                        GRTST DEPTH:   0           7 = DUSTSTORM OR SANDSTORM:
                                                       VSBY 1/2 MILE OR LESS
                                                   8 = SMOKE OR HAZE
[NO. OF DAYS WITH]      [WEATHER - DAYS WITH]      9 = BLOWING SNOW
                                                   X = TORNADO
MAX 32 OR BELOW:   0    0.01 INCH OR MORE:   3
MAX 90 OR ABOVE:   0    0.10 INCH OR MORE:   2
MIN 32 OR BELOW:   0    0.50 INCH OR MORE:   2
MIN  0 OR BELOW:   0    1.00 INCH OR MORE:   1

[HDD (BASE 65) ]
TOTAL THIS MO.    92    CLEAR  (SCALE 0-3)   8
DPTR FM NORMAL    -2    PTCLDY (SCALE 4-7)   7
TOTAL FM JUL 1   822    CLOUDY (SCALE 8-10)  3
DPTR FM NORMAL   -47

[CDD (BASE 65) ]
TOTAL THIS MO.    10
DPTR FM NORMAL    -5    [PRESSURE DATA]
TOTAL FM JAN 1    10    HIGHEST SLP M ON M
DPTR FM NORMAL   -28    LOWEST  SLP 29.66 ON 12

[REMARKS]
