000
CXUS52 KILM 261000
CF6CRE
PRELIMINARY LOCAL CLIMATOLOGICAL DATA (WS FORM: F-6)

                                          STATION:   N.MYRTLE BEACH SOUTH CAROLINA
                                          MONTH:     MAY
                                          YEAR:      2019
                                          LATITUDE:   33 49 N
                                          LONGITUDE:  78 43 W

  TEMPERATURE IN F:       :PCPN:    SNOW:  WIND      :SUNSHINE: SKY     :PK WND
================================================================================
1   2   3   4   5  6A  6B    7    8   9   10  11  12  13   14  15   16   17  18
                                     12Z  AVG MX 2MIN
DY MAX MIN AVG DEP HDD CDD  WTR  SNW DPTH SPD SPD DIR MIN PSBL S-S WX    SPD DR
================================================================================

 1  78  60  69   3   0   4 0.00    M    M  4.7 10 150   M    M   2 12     14 190
 2  78  61  70   4   0   5 0.00    M    M  5.6 12 160   M    M   1 1      16 170
 3  79  67  73   7   0   8    T    M    M  6.9 13 150   M    M   5 1      19 170
 4  80  67  74   7   0   9 0.01    M    M  6.4 18 230   M    M   5 1      25 230
 5  81  70  76   9   0  11 0.21    M    M 13.7 26 210   M    M   5 13     35 200
 6  80  66  73   6   0   8 0.00    M    M  8.1 15  50   M    M   3        19 110
 7  76  61  69   2   0   4 0.00    M    M  6.9 12 190   M    M   1        16 150
 8  77  60  69   1   0   4 0.00    M    M  5.9 14 150   M    M   0 1      19 150
 9  78  63  71   3   0   6 0.00    M    M  7.7 16 130   M    M   2        20 130
10  79  66  73   5   0   8 0.00    M    M  6.6 13 150   M    M   2 8      16 190
11  80  72  76   8   0  11    T    M    M  9.2 17 220   M    M   2        21 220
12  81  67  74   5   0   9 0.94    M    M 12.1 30 210   M    M   3 13     44 210
13  84  66  75   6   0  10 0.00    M    M  8.8 21 210   M    M   3        26 240
14  74  56  65  -4   0   0 0.00    M    M  7.9 15 360   M    M   0        22  10
15  70  48  59 -11   6   0 0.00    M    M  6.4 16 220   M    M   0        20 220
16  78  55  67  -3   0   2 0.00    M    M 11.4 24 210   M    M   2        30 220
17  82  70  76   6   0  11 0.00    M    M 15.8 26 210   M    M   0        33 220
18  83  71  77   7   0  12 0.00    M    M 10.6 18 200   M    M   0 3      22 220
19  81  67  74   4   0   9 0.00    M    M  8.9 16 160   M    M   0 12     20 160
20  81  67  74   3   0   9 0.00    M    M 11.7 18 190   M    M   1        24 190
21  84  73  79   8   0  14 0.00    M    M  8.1 16 220   M    M   3        19 220
22  79  72  76   5   0  11 0.00    M    M 10.4 18 100   M    M   7 8      25  90
23  81  66  74   2   0   9 0.00    M    M  9.2 18 210   M    M   1        25 210
24  95  70  83  11   0  18 0.00    M    M  6.3 15 220   M    M   0        20 290
25  85  71  78   6   0  13 0.00    M    M  8.9 17  90   M    M   4        25 100
================================================================================
SM 2004 1632         6 205  1.16    M    218.2          M       52
================================================================================
AV 80.2 65.3                               8.7 FASTST   M    M   2    MAX(MPH)
                                 MISC ---->  # 30 210               # 44  210
================================================================================
NOTES:
# LAST OF SEVERAL OCCURRENCES

COLUMN 17 PEAK WIND IN M.P.H.

PRELIMINARY LOCAL CLIMATOLOGICAL DATA (WS FORM: F-6) , PAGE 2

                                          STATION:  N.MYRTLE BEACH SOUTH CAROLINA
                                          MONTH:    MAY
                                          YEAR:     2019
                                          LATITUDE:   33 49 N
                                          LONGITUDE:  78 43 W

[TEMPERATURE DATA]      [PRECIPITATION DATA]       SYMBOLS USED IN COLUMN 16

AVERAGE MONTHLY: 72.7   TOTAL FOR MONTH:   1.16    1 = FOG OR MIST
DPTR FM NORMAL:   3.8   DPTR FM NORMAL:   -1.45    2 = FOG REDUCING VISIBILITY
HIGHEST:    95 ON 24    GRTST 24HR  0.94 ON 12-12      TO 1/4 MILE OR LESS
LOWEST:     48 ON 15                               3 = THUNDER
                        SNOW, ICE PELLETS, HAIL    4 = ICE PELLETS
                        TOTAL MONTH:    M          5 = HAIL
                        GRTST 24HR    M  ON   M    6 = FREEZING RAIN OR DRIZZLE
                        GRTST DEPTH:  M  ON   M    7 = DUSTSTORM OR SANDSTORM:
                                                       VSBY 1/2 MILE OR LESS
                                                   8 = SMOKE OR HAZE
[NO. OF DAYS WITH]      [WEATHER - DAYS WITH]      9 = BLOWING SNOW
                                                   X = TORNADO
MAX 32 OR BELOW:   0    0.01 INCH OR MORE:   3
MAX 90 OR ABOVE:   1    0.10 INCH OR MORE:   2
MIN 32 OR BELOW:   0    0.50 INCH OR MORE:   1
MIN  0 OR BELOW:   0    1.00 INCH OR MORE:   0

[HDD (BASE 65) ]
TOTAL THIS MO.     6    CLEAR  (SCALE 0-3)  19
DPTR FM NORMAL   -17    PTCLDY (SCALE 4-7)   6
TOTAL FM JUL 1  2058    CLOUDY (SCALE 8-10)  0
DPTR FM NORMAL  -388

[CDD (BASE 65) ]
TOTAL THIS MO.   205
DPTR FM NORMAL    83    [PRESSURE DATA]
TOTAL FM JAN 1   281    HIGHEST SLP M ON M
DPTR FM NORMAL   117    LOWEST  SLP 29.67 ON M

[REMARKS]
