000
CXUS52 KJAX 240800
CF6CRG
PRELIMINARY LOCAL CLIMATOLOGICAL DATA (WS FORM: F-6)

                                          STATION:   CRAIG MUNI ARPT FL
                                          MONTH:     MARCH
                                          YEAR:      2019
                                          LATITUDE:   30 19 N
                                          LONGITUDE:  81 31 W

  TEMPERATURE IN F:       :PCPN:    SNOW:  WIND      :SUNSHINE: SKY     :PK WND
================================================================================
1   2   3   4   5  6A  6B    7    8   9   10  11  12  13   14  15   16   17  18
                                     12Z  AVG MX 2MIN
DY MAX MIN AVG DEP HDD CDD  WTR  SNW DPTH SPD SPD DIR MIN PSBL S-S WX    SPD DR
================================================================================

 1  79  60  70  11   0   5 0.63  0.0    0  5.1 31 330   M    M   3 13     36 300
 2  69  62  66   7   0   1 0.15  0.0    0  4.6 12 190   M    M   4 1      14 180
 3  81  61  71  12   0   6 0.11  0.0    0  7.6 20 210   M    M   5 1      24 200
 4  68  50  59  -1   6   0 0.11  0.0    0 10.3 25 220   M    M   6 13     35 230
 5  56  45  51  -9  14   0 0.08  0.0    0 10.6 18 310   M    M   5 1      25 320
 6  57  36  47 -13  18   0 0.00  0.0    0  9.0 21 330   M    M   0 8      28 320
 7  61  36  49 -11  16   0 0.00  0.0    0  2.9 12  90   M    M   0        14  40
 8  75  43  59  -1   6   0 0.00  0.0    0  5.8 17 160   M    M   0        22 130
 9  79  51  65   4   0   0 0.00  0.0    0  7.5 17 140   M    M   1 1      22 160
10  86  62  74  13   0   9 0.00  0.0    0  6.8 15 140   M    M   4 1      22 230
11  86  62  74  13   0   9 0.32  0.0    0  4.5 23 310   M    M   3 13     27 310
12  70  60  65   4   0   0 0.00  0.0    0  9.1 18  40   M    M   5 1      24  70
13  75  60  68   7   0   3 0.00  0.0    0  9.4 20 110   M    M   1        27 140
14  77  62  70   8   0   5 0.00  0.0    0 10.8 22 140   M    M   3        29 140
15  85  60  73  11   0   8 0.00  0.0    0  7.9 17 220   M    M   1        21 220
16  69  56  63   1   2   0    T  0.0    0  6.2 15 360   M    M   6        21  10
17  60  54  57  -5   8   0 0.07  0.0    0  7.3 15  20   M    M   8 1      21 360
18  67  51  59  -3   6   0 0.00  0.0    0  6.5 18  30   M    M   2        25  20
19  64  51  58  -5   7   0 0.00  0.0    0 12.3 26  40   M    M   6        35  30
20  65  48  57  -6   8   0 0.00  0.0    0  8.1 15  50   M    M   6        22  40
21  74  43  59  -4   6   0 0.00  0.0    0  8.5 24 250   M    M   1 18     31 240
22  75  43  59  -4   6   0 0.00  0.0    0  8.8 20 270   M    M   0        26 280
23  71  42  57  -6   8   0 0.00  0.0    0  4.5 13  60   M    M   0 1      18  50
================================================================================
SM 1649 1198       111  46  1.47     0.0 174.1          M       70
================================================================================
AV 71.7 52.1                               7.6 FASTST   M    M   3    MAX(MPH)
                                 MISC ---->  # 31 330               # 36  300
================================================================================
NOTES:
# LAST OF SEVERAL OCCURRENCES

COLUMN 17 PEAK WIND IN M.P.H.

PRELIMINARY LOCAL CLIMATOLOGICAL DATA (WS FORM: F-6) , PAGE 2

                                          STATION:  CRAIG MUNI ARPT FL
                                          MONTH:    MARCH
                                          YEAR:     2019
                                          LATITUDE:   30 19 N
                                          LONGITUDE:  81 31 W

[TEMPERATURE DATA]      [PRECIPITATION DATA]       SYMBOLS USED IN COLUMN 16

AVERAGE MONTHLY: 61.9   TOTAL FOR MONTH:   1.47    1 = FOG OR MIST
DPTR FM NORMAL:   0.7   DPTR FM NORMAL:   -1.55    2 = FOG REDUCING VISIBILITY
HIGHEST:    86 ON 11,10 GRTST 24HR  0.63 ON  1- 1      TO 1/4 MILE OR LESS
LOWEST:     36 ON  7, 6                            3 = THUNDER
                        SNOW, ICE PELLETS, HAIL    4 = ICE PELLETS
                        TOTAL MONTH:   0.0 INCH    5 = HAIL
                        GRTST 24HR     0.0         6 = FREEZING RAIN OR DRIZZLE
                        GRTST DEPTH:   0           7 = DUSTSTORM OR SANDSTORM:
                                                       VSBY 1/2 MILE OR LESS
                                                   8 = SMOKE OR HAZE
[NO. OF DAYS WITH]      [WEATHER - DAYS WITH]      9 = BLOWING SNOW
                                                   X = TORNADO
MAX 32 OR BELOW:   0    0.01 INCH OR MORE:   7
MAX 90 OR ABOVE:   0    0.10 INCH OR MORE:   5
MIN 32 OR BELOW:   0    0.50 INCH OR MORE:   1
MIN  0 OR BELOW:   0    1.00 INCH OR MORE:   0

[HDD (BASE 65) ]
TOTAL THIS MO.   111    CLEAR  (SCALE 0-3)  12
DPTR FM NORMAL    -7    PTCLDY (SCALE 4-7)  10
TOTAL FM JUL 1   856    CLOUDY (SCALE 8-10)  1
DPTR FM NORMAL  -283

[CDD (BASE 65) ]
TOTAL THIS MO.    46
DPTR FM NORMAL    18    [PRESSURE DATA]
TOTAL FM JAN 1   141    HIGHEST SLP M ON M
DPTR FM NORMAL    88    LOWEST  SLP 29.79 ON M

[REMARKS]
