771
CXUS52 KJAX 210800
CF6CRG
PRELIMINARY LOCAL CLIMATOLOGICAL DATA (WS FORM: F-6)

                                          STATION:   CRAIG MUNI ARPT FL
                                          MONTH:     MAY
                                          YEAR:      2019
                                          LATITUDE:   30 19 N
                                          LONGITUDE:  81 31 W

  TEMPERATURE IN F:       :PCPN:    SNOW:  WIND      :SUNSHINE: SKY     :PK WND
================================================================================
1   2   3   4   5  6A  6B    7    8   9   10  11  12  13   14  15   16   17  18
                                     12Z  AVG MX 2MIN
DY MAX MIN AVG DEP HDD CDD  WTR  SNW DPTH SPD SPD DIR MIN PSBL S-S WX    SPD DR
================================================================================

 1  83  64  74   4   0   9 0.00  0.0    0  6.4 17  90   M    M   3 1      23 140
 2  83  72  78   8   0  13 0.11  0.0    0  8.8 20  90   M    M   5 1      27  80
 3  84  71  78   8   0  13 0.12  0.0    0  5.0 15 220   M    M   6 138    19 220
 4  90  70  80   9   0  15 0.02  0.0    0  9.5 18 230   M    M   3        27 240
 5  81  68  75   4   0  10 1.16  0.0    0  8.6 16 200   M    M   5 13     16 200
 6  84  69  77   6   0  12 0.00  0.0    0  5.1 10 110   M    M   4        14  90
 7  84  64  74   2   0   9 0.00  0.0    0  5.4 15 100   M    M   1 1      19 110
 8  83  66  75   3   0  10 0.00  0.0    0  6.1 17 100   M    M   1 8      22 110
 9  84  63  74   2   0   9 0.00  0.0    0  7.5 17 130   M    M   2        24 110
10  83  68  76   4   0  11 0.00  0.0    0  7.0 14 140   M    M   1        20 140
11  85  66  76   3   0  11 0.00  0.0    0  6.8 16 140   M    M   2        21 140
12  90  70  80   7   0  15 0.24  0.0    0  7.7 21 280   M    M   1 138    30 280
13  85  69  77   4   0  12    T  0.0    0  7.1 21 300   M    M   2 3      28 310
14  83  64  74   0   0   9 0.00  0.0    0  6.1 15 310   M    M   2        23 320
15  80  59  70  -4   0   5 0.00  0.0    0  5.0 16 110   M    M   2        24  80
16  83  61  72  -2   0   7 0.00  0.0    0  6.3 20 170   M    M   2        28 160
17  87  63  75   1   0  10 0.00  0.0    0  7.4 18 150   M    M   0        22 160
18  88  65  77   2   0  12 0.00  0.0    0  6.5 16 150   M    M   1        20 140
19  86  60  73  -2   0   8 0.00  0.0    0  6.1 16 150   M    M   1 1      22 140
20  88  67  78   3   0  13 0.00  0.0    0  6.0 15 140   M    M   3 1      20 150
================================================================================
SM 1694 1319         0 213  1.65     0.0 134.4          M       47
================================================================================
AV 84.7 66.0                               6.7 FASTST   M    M   2    MAX(MPH)
                                 MISC ---->  # 21 280               # 30  280
================================================================================
NOTES:
# LAST OF SEVERAL OCCURRENCES

COLUMN 17 PEAK WIND IN M.P.H.

PRELIMINARY LOCAL CLIMATOLOGICAL DATA (WS FORM: F-6) , PAGE 2

                                          STATION:  CRAIG MUNI ARPT FL
                                          MONTH:    MAY
                                          YEAR:     2019
                                          LATITUDE:   30 19 N
                                          LONGITUDE:  81 31 W

[TEMPERATURE DATA]      [PRECIPITATION DATA]       SYMBOLS USED IN COLUMN 16

AVERAGE MONTHLY: 75.3   TOTAL FOR MONTH:   1.65    1 = FOG OR MIST
DPTR FM NORMAL:   2.8   DPTR FM NORMAL:    0.21    2 = FOG REDUCING VISIBILITY
HIGHEST:    90 ON 12, 4 GRTST 24HR  1.16 ON  5- 5      TO 1/4 MILE OR LESS
LOWEST:     59 ON 15                               3 = THUNDER
                        SNOW, ICE PELLETS, HAIL    4 = ICE PELLETS
                        TOTAL MONTH:   0.0 INCH    5 = HAIL
                        GRTST 24HR     0.0         6 = FREEZING RAIN OR DRIZZLE
                        GRTST DEPTH:   0           7 = DUSTSTORM OR SANDSTORM:
                                                       VSBY 1/2 MILE OR LESS
                                                   8 = SMOKE OR HAZE
[NO. OF DAYS WITH]      [WEATHER - DAYS WITH]      9 = BLOWING SNOW
                                                   X = TORNADO
MAX 32 OR BELOW:   0    0.01 INCH OR MORE:   5
MAX 90 OR ABOVE:   2    0.10 INCH OR MORE:   4
MIN 32 OR BELOW:   0    0.50 INCH OR MORE:   1
MIN  0 OR BELOW:   0    1.00 INCH OR MORE:   1

[HDD (BASE 65) ]
TOTAL THIS MO.     0    CLEAR  (SCALE 0-3)  16
DPTR FM NORMAL    -2    PTCLDY (SCALE 4-7)   4
TOTAL FM JUL 1   906    CLOUDY (SCALE 8-10)  0
DPTR FM NORMAL  -304

[CDD (BASE 65) ]
TOTAL THIS MO.   213
DPTR FM NORMAL    57    [PRESSURE DATA]
TOTAL FM JAN 1   523    HIGHEST SLP  0.00 ON 13
DPTR FM NORMAL   186    LOWEST  SLP 29.79 ON M

[REMARKS]
