000
CXUS54 KFWD 190730
CF6CRS
PRELIMINARY LOCAL CLIMATOLOGICAL DATA (WS FORM: F-6)

                                          STATION:   CORSICANA
                                          MONTH:     MAY
                                          YEAR:      2019
                                          LATITUDE:   32  1 N
                                          LONGITUDE:  96 24 W

  TEMPERATURE IN F:       :PCPN:    SNOW:  WIND      :SUNSHINE: SKY     :PK WND
================================================================================
1   2   3   4   5  6A  6B    7    8   9   10  11  12  13   14  15   16   17  18
                                     12Z  AVG MX 2MIN
DY MAX MIN AVG DEP HDD CDD  WTR  SNW DPTH SPD SPD DIR MIN PSBL S-S WX    SPD DR
================================================================================

 1  84  64  74   4   0   9 0.05  0.0    0 11.7 22 160   M    M   8 138    26 150
 2  77  62  70   0   0   5 1.60  0.0    0  9.6 22 270   M    M   4 13     29  30
 3  76  63  70   0   0   5 0.09  0.0    0  6.6 18 150   M    M   6 1      24 170
 4  79  64  72   1   0   7 0.10  0.0    0  6.0 13 350   M    M   6 13     19 340
 5  82  59  71   0   0   6 0.00  0.0    0  5.0 15 160   M    M   1        18 160
 6  84  66  75   4   0  10 0.00  0.0    0  8.1 17 190   M    M   0 1      24 180
 7  85  67  76   4   0  11 0.01  0.0    0 11.2 29 160   M    M   4 13     35 160
 8  71  62  67  -5   0   2 1.54  0.0    0  7.5 32 350   M    M   7 123    41 350
 9  83  57  70  -2   0   5    T  0.0    0  9.6 22 350   M    M   9 12     29  10
10  62  53  58 -14   7   0    T  0.0    0  9.5 23  10   M    M  10 1      32  10
11  65  58  62 -11   3   0 0.57  0.0    0  6.1 22 290   M    M  10 13     27 300
12  76  60  68  -5   0   3 0.00  0.0    0  5.6 14 350   M    M   5 18     20 350
13  82  57  70  -3   0   5 0.00  0.0    0  4.4 10 140   M    M   0 1      14 140
14  83  62  73  -1   0   8 0.00  0.0    0  5.5 13 150   M    M   1        15 180
15  85  63  74   0   0   9 0.00  0.0    0  6.0 14 200   M    M   0        16 160
16  85  63  74   0   0   9 0.00  0.0    0  8.3 16 180   M    M   0        21 170
17  87  65  76   2   0  11 0.00  0.0    0 11.8 20 170   M    M   4 18     24 160
18  84  67  76   2   0  11 0.45  0.0    0 11.1 33 180   M    M  10 138    41 180
================================================================================
SM 1430 1112        10 116  4.41     0.0 143.6          M       85
================================================================================
AV 79.4 61.8                               8.0 FASTST   M    M   5    MAX(MPH)
                                 MISC ---->  # 33 180               # 41  350
================================================================================
NOTES:
# LAST OF SEVERAL OCCURRENCES

COLUMN 17 PEAK WIND IN M.P.H.

PRELIMINARY LOCAL CLIMATOLOGICAL DATA (WS FORM: F-6) , PAGE 2

                                          STATION:  CORSICANA
                                          MONTH:    MAY
                                          YEAR:     2019
                                          LATITUDE:   32  1 N
                                          LONGITUDE:  96 24 W

[TEMPERATURE DATA]      [PRECIPITATION DATA]       SYMBOLS USED IN COLUMN 16

AVERAGE MONTHLY: 70.6   TOTAL FOR MONTH:   4.41    1 = FOG OR MIST
DPTR FM NORMAL:  -1.6   DPTR FM NORMAL:    2.09    2 = FOG REDUCING VISIBILITY
HIGHEST:    87 ON 17    GRTST 24HR  1.60 ON  2- 2      TO 1/4 MILE OR LESS
LOWEST:     53 ON 10                               3 = THUNDER
                        SNOW, ICE PELLETS, HAIL    4 = ICE PELLETS
                        TOTAL MONTH:   0.0 INCH    5 = HAIL
                        GRTST 24HR     0.0         6 = FREEZING RAIN OR DRIZZLE
                        GRTST DEPTH:   0           7 = DUSTSTORM OR SANDSTORM:
                                                       VSBY 1/2 MILE OR LESS
                                                   8 = SMOKE OR HAZE
[NO. OF DAYS WITH]      [WEATHER - DAYS WITH]      9 = BLOWING SNOW
                                                   X = TORNADO
MAX 32 OR BELOW:   0    0.01 INCH OR MORE:   8
MAX 90 OR ABOVE:   0    0.10 INCH OR MORE:   5
MIN 32 OR BELOW:   0    0.50 INCH OR MORE:   3
MIN  0 OR BELOW:   0    1.00 INCH OR MORE:   2

[HDD (BASE 65) ]
TOTAL THIS MO.    10    CLEAR  (SCALE 0-3)   6
DPTR FM NORMAL     8    PTCLDY (SCALE 4-7)   7
TOTAL FM JUL 1  2180    CLOUDY (SCALE 8-10)  5
DPTR FM NORMAL    92

[CDD (BASE 65) ]
TOTAL THIS MO.   116
DPTR FM NORMAL   -19    [PRESSURE DATA]
TOTAL FM JAN 1   254    HIGHEST SLP M ON M
DPTR FM NORMAL   -21    LOWEST  SLP 29.51 ON  8

[REMARKS]
