000
CXUS51 KRLX 211151
CF6CRW
PRELIMINARY LOCAL CLIMATOLOGICAL DATA (WS FORM: F-6)

                                          STATION:   CHARLESTON WV
                                          MONTH:     MARCH
                                          YEAR:      2019
                                          LATITUDE:   38 22 N
                                          LONGITUDE:  81 36 W

  TEMPERATURE IN F:       :PCPN:    SNOW:  WIND      :SUNSHINE: SKY     :PK WND
================================================================================
1   2   3   4   5  6A  6B    7    8   9   10  11  12  13   14  15   16   17  18
                                     12Z  AVG MX 2MIN
DY MAX MIN AVG DEP HDD CDD  WTR  SNW DPTH SPD SPD DIR MIN PSBL S-S WX    SPD DR
================================================================================

 1  39  34  37  -4  28   0 0.18  0.0    0  3.0  8  30   M    M  10 1      11  30
 2  40  37  39  -2  26   0 0.03  0.0    0  4.1 10 230   M    M  10 1      14 220
 3  38  31  35  -7  30   0 0.37  1.1    0  5.0 12 320   M    M  10 124    16 350
 4  31  21  26 -16  39   0    T  0.2    1  7.8 17 250   M    M   8 1      24 340
 5  29  15  22 -20  43   0 0.01  0.4    T  9.1 18 230   M    M   5 1      25 230
 6  31  15  23 -19  42   0 0.03  0.2    1  8.6 17 230   M    M   5 18     24 220
 7  37  20  29 -14  36   0 0.00  0.0    0  4.0 13 230   M    M   7        17 270
 8  36  31  34  -9  31   0 0.37  2.6    2  1.5 10 170   M    M  10 124    13 170
 9  55  34  45   2  20   0 0.23  0.0    T  8.1 21 140   M    M  10 12     33 130
10  69  51  60  16   5   0    T  0.0    0 13.7 29 240   M    M   6        38 240
11  58  41  50   6  15   0 0.00  0.0    0  6.9 20 330   M    M   5        25 330
12  52  29  41  -3  24   0 0.00  0.0    0  2.2 10 240   M    M   1        14 230
13  72  29  51   6  14   0 0.00  0.0    0  3.8 12 140   M    M   5        17 140
14  79  46  63  18   2   0    T  0.0    0 12.5 32 190   M    M   5        43 190
15  72  41  57  12   8   0 0.06  0.0    0 13.9 26 310   M    M   5        39 240
16  52  35  44  -2  21   0 0.00  0.0    0  9.8 23 320   M    M   4        31 310
17  51  26  39  -7  26   0 0.00  0.0    0  2.6 12 330   M    M   3        17 280
18  48  29  39  -7  26   0    T    T    0  4.3 14 290   M    M   7        19 300
19  54  23  39  -8  26   0 0.00  0.0    0  1.5 12 210   M    M   1        15 210
20  64  28  46  -1  19   0 0.00  0.0    0  2.1 12 220   M    M   5        16 140
================================================================================
SM 1007  616       481   0  1.28     4.5 124.5          M      122
================================================================================
AV 50.4 30.8                               6.2 FASTST   M    M   6    MAX(MPH)
                                 MISC ---->  # 32 190               # 43  190
================================================================================
NOTES:
# LAST OF SEVERAL OCCURRENCES

COLUMN 17 PEAK WIND IN M.P.H.

PRELIMINARY LOCAL CLIMATOLOGICAL DATA (WS FORM: F-6) , PAGE 2

                                          STATION:  CHARLESTON WV
                                          MONTH:    MARCH
                                          YEAR:     2019
                                          LATITUDE:   38 22 N
                                          LONGITUDE:  81 36 W

[TEMPERATURE DATA]      [PRECIPITATION DATA]       SYMBOLS USED IN COLUMN 16

AVERAGE MONTHLY: 40.6   TOTAL FOR MONTH:   1.28    1 = FOG OR MIST
DPTR FM NORMAL:  -3.3   DPTR FM NORMAL:   -1.30    2 = FOG REDUCING VISIBILITY
HIGHEST:    79 ON 14    GRTST 24HR  0.37 ON  8- 8      TO 1/4 MILE OR LESS
LOWEST:     15 ON  6, 5                            3 = THUNDER
                        SNOW, ICE PELLETS, HAIL    4 = ICE PELLETS
                        TOTAL MONTH:   4.5 INCHES  5 = HAIL
                        GRTST 24HR   2.6 ON  8- 8  6 = FREEZING RAIN OR DRIZZLE
                        GRTST DEPTH:   2 ON  8     7 = DUSTSTORM OR SANDSTORM:
                                                       VSBY 1/2 MILE OR LESS
                                                   8 = SMOKE OR HAZE
[NO. OF DAYS WITH]      [WEATHER - DAYS WITH]      9 = BLOWING SNOW
                                                   X = TORNADO
MAX 32 OR BELOW:   3    0.01 INCH OR MORE:   8
MAX 90 OR ABOVE:   0    0.10 INCH OR MORE:   4
MIN 32 OR BELOW:  12    0.50 INCH OR MORE:   0
MIN  0 OR BELOW:   0    1.00 INCH OR MORE:   0

[HDD (BASE 65) ]
TOTAL THIS MO.   481    CLEAR  (SCALE 0-3)   2
DPTR FM NORMAL    58    PTCLDY (SCALE 4-7)  13
TOTAL FM JUL 1  3737    CLOUDY (SCALE 8-10)  5
DPTR FM NORMAL  -140

[CDD (BASE 65) ]
TOTAL THIS MO.     0
DPTR FM NORMAL     0    [PRESSURE DATA]
TOTAL FM JAN 1     0    HIGHEST SLP M ON M
DPTR FM NORMAL     0    LOWEST  SLP 29.71 ON 14

[REMARKS]
