000
CXUS54 KOUN 250700
CF6CSM
PRELIMINARY LOCAL CLIMATOLOGICAL DATA (WS FORM: F-6)

                                          STATION:   CLINTON
                                          MONTH:     MAY
                                          YEAR:      2019
                                          LATITUDE:   35 20 N
                                          LONGITUDE:  99 12 W

  TEMPERATURE IN F:       :PCPN:    SNOW:  WIND      :SUNSHINE: SKY     :PK WND
================================================================================
1   2   3   4   5  6A  6B    7    8   9   10  11  12  13   14  15   16   17  18
                                     12Z  AVG MX 2MIN
DY MAX MIN AVG DEP HDD CDD  WTR  SNW DPTH SPD SPD DIR MIN PSBL S-S WX    SPD DR
================================================================================

 1  69  52  61  -3   4   0 0.07  0.0    0  9.1 18  10   M    M   9 1238   21  10
 2  60  50  55  -9  10   0 0.03  0.0    0 13.2 35  70   M    M  10 13     38  70
 3  61  54  58  -6   7   0 0.70  0.0    0  9.2 25  90   M    M  10 123    31  90
 4  65  52  59  -6   6   0 0.00  0.0    0  6.9 13  20   M    M   8 12     16  30
 5  75  54  65   0   0   0 0.02  0.0    0 11.7 25 190   M    M   5 38     31 190
 6  80  61  71   6   0   6    T  0.0    0 11.5 23 160   M    M   1 138    28 170
 7  77  58  68   2   0   3    M  0.0    0 13.2 23 150   M    M   8 138    29 160
 8  70  56  63  -3   2   0    M  0.0    0 12.5 17 170   M    M   6 3       M  M
 9   M   M   M   M   M   M 0.00  0.0    0 17.0 25  10   M    M   6         M  M
10  59 -99 -20 -87  85   0 0.44  0.0    0  9.6 18  50   M    M   6 1      23  40
11  58  47  53 -14  12   0 0.13  0.0    0  5.9 13 350   M    M   8 1      16 350
12  73  47  60  -7   5   0    T  0.0    0  6.9 14 330   M    M   3 8      19 340
13  80  54  67  -1   0   2 0.00  0.0    0 10.9 17 190   M    M   0        23 200
14  80  58  69   1   0   4 0.00  0.0    0 11.6 18 180   M    M   0        24 180
15  84  60  72   4   0   7 0.00  0.0    0 11.4 16 190   M    M   0        22 200
16  84  62  73   4   0   8 0.00  0.0    0 14.0 22 180   M    M   0        30 190
17  81  65  73   4   0   8 0.00  0.0    0 20.0 30 170   M    M   4        39 170
18  83  55  69   0   0   4    T  0.0    0 14.5 28 180   M    M   3 3      37 180
19  76  49  63  -7   2   0 0.00  0.0    0  9.4 20  10   M    M   0        25 360
20  79  51  65  -5   0   0 1.61  0.0    0 15.7 43 270   M    M   8 138    77 250
21  76  53  65  -5   0   0 0.55  0.0    0 17.9 40 220   M    M   4 13     50 220
22   M  47   M   M   M   M 0.00  0.0    0 10.4 24 150   M    M   0 38     34 170
23  86  73  80   9   0  15 0.00  0.0    0 17.7 29 150   M    M   9 18     39 140
24  89  63  76   5   0  11 0.83  0.0    0 17.3 36 140   M    M  10 138    42 150
================================================================================
SM 1645 1122       133  68  4.38     0.0 297.5          M      118
================================================================================
AV 74.8 48.8                              12.4 FASTST   M    M   5    MAX(MPH)
                                 MISC ---->  # 43 270               # 77  250
================================================================================
NOTES:
# LAST OF SEVERAL OCCURRENCES

COLUMN 17 PEAK WIND IN M.P.H.

PRELIMINARY LOCAL CLIMATOLOGICAL DATA (WS FORM: F-6) , PAGE 2

                                          STATION:  CLINTON
                                          MONTH:    MAY
                                          YEAR:     2019
                                          LATITUDE:   35 20 N
                                          LONGITUDE:  99 12 W

[TEMPERATURE DATA]      [PRECIPITATION DATA]       SYMBOLS USED IN COLUMN 16

AVERAGE MONTHLY: 61.8   TOTAL FOR MONTH:   4.38    1 = FOG OR MIST
DPTR FM NORMAL:  -5.7   DPTR FM NORMAL:    1.41    2 = FOG REDUCING VISIBILITY
HIGHEST:    89 ON 24    GRTST 24HR  1.61 ON 20-20      TO 1/4 MILE OR LESS
LOWEST:    -99 ON 10                               3 = THUNDER
                        SNOW, ICE PELLETS, HAIL    4 = ICE PELLETS
                        TOTAL MONTH:   0.0 INCH    5 = HAIL
                        GRTST 24HR     0.0         6 = FREEZING RAIN OR DRIZZLE
                        GRTST DEPTH:   0           7 = DUSTSTORM OR SANDSTORM:
                                                       VSBY 1/2 MILE OR LESS
                                                   8 = SMOKE OR HAZE
[NO. OF DAYS WITH]      [WEATHER - DAYS WITH]      9 = BLOWING SNOW
                                                   X = TORNADO
MAX 32 OR BELOW:   0    0.01 INCH OR MORE:   9
MAX 90 OR ABOVE:   0    0.10 INCH OR MORE:   6
MIN 32 OR BELOW:   1    0.50 INCH OR MORE:   4
MIN  0 OR BELOW:   1    1.00 INCH OR MORE:   1

[HDD (BASE 65) ]
TOTAL THIS MO.   133    CLEAR  (SCALE 0-3)   9
DPTR FM NORMAL    87    PTCLDY (SCALE 4-7)   9
TOTAL FM JUL 1  4166    CLOUDY (SCALE 8-10)  6
DPTR FM NORMAL   531

[CDD (BASE 65) ]
TOTAL THIS MO.    68
DPTR FM NORMAL   -38    [PRESSURE DATA]
TOTAL FM JAN 1    73    HIGHEST SLP M ON M
DPTR FM NORMAL   -73    LOWEST  SLP 29.43 ON 21

[REMARKS]
