962
CXUS54 KOUN 220700
CF6CSM
PRELIMINARY LOCAL CLIMATOLOGICAL DATA (WS FORM: F-6)

                                          STATION:   CLINTON
                                          MONTH:     MARCH
                                          YEAR:      2019
                                          LATITUDE:   35 20 N
                                          LONGITUDE:  99 12 W

  TEMPERATURE IN F:       :PCPN:    SNOW:  WIND      :SUNSHINE: SKY     :PK WND
================================================================================
1   2   3   4   5  6A  6B    7    8   9   10  11  12  13   14  15   16   17  18
                                     12Z  AVG MX 2MIN
DY MAX MIN AVG DEP HDD CDD  WTR  SNW DPTH SPD SPD DIR MIN PSBL S-S WX    SPD DR
================================================================================

 1  46  19  33 -13  32   0 0.00  0.0    0  7.2 17  50   M    M   5 128    22  50
 2  34  27  31 -15  34   0 0.00  0.0    0 12.7 22  30   M    M   7 18     26  40
 3  29  12  21 -25  44   0    T    T    M 23.1 31  10   M    M   6        36 360
 4  25  10  18 -29  47   0 0.00  0.0    0 12.6 23 360   M    M   8        27 350
 5  45  15  30 -17  35   0 0.00  0.0    0  8.6 16 330   M    M   1        20 330
 6  53  22  38  -9  27   0 0.00  0.0    0 19.6 33 180   M    M   0        41 190
 7  58  36  47  -1  18   0 0.00  0.0    0 14.4 30 180   M    M   0        36 180
 8  53  34  44  -4  21   0 0.00  0.0    0 11.5 21 190   M    M   1 18     23 190
 9  70  43  57   9   8   0 0.11    M    0 20.1 51 240   M    M   2 1      76 220
10  46  35  41  -7  24   0 0.00  0.0    0 13.8 24  30   M    M   4        27  30
11  54  38  46  -3  19   0 0.15  0.0    0  8.6 15 160   M    M  10 1      18 110
12  59  49  54   5  11   0 0.20    M    0 13.9 26 130   M    M  10 123    32 130
13  67  43  55   6  10   0 0.50  0.0    0 30.3 52 210   M    M   5 13     62 210
14  51  36  44  -6  21   0 0.00  0.0    0 21.1 33 320   M    M   3        49 320
15  53  31  42  -8  23   0 0.00  0.0    0 11.0 20 350   M    M   0        24 360
16  58  30  44  -6  21   0 0.00  0.0    0  9.1 16 190   M    M   0        20 190
17  64  37  51   1  14   0 0.00  0.0    0 11.6 17 190   M    M   0        21 190
18  65  36  51   0  14   0 0.00  0.0    0  7.9 20 180   M    M   0        23 170
19  67  39  53   2  12   0 0.02  0.0    0 14.8 23 340   M    M   3        30 330
20  63  42  53   1  12   0 0.03  0.0    0 11.7 21 310   M    M   1 1      26 280
21  67  40  54   2  11   0 0.00  0.0    0  9.3 15  40   M    M   0        19  40
================================================================================
SM 1127  674       458   0  1.01    T    292.9          M       66
================================================================================
AV 53.7 32.1                              13.9 FASTST   M    M   3    MAX(MPH)
                                 MISC ---->  # 52 210               # 76  220
================================================================================
NOTES:
# LAST OF SEVERAL OCCURRENCES

COLUMN 17 PEAK WIND IN M.P.H.

PRELIMINARY LOCAL CLIMATOLOGICAL DATA (WS FORM: F-6) , PAGE 2

                                          STATION:  CLINTON
                                          MONTH:    MARCH
                                          YEAR:     2019
                                          LATITUDE:   35 20 N
                                          LONGITUDE:  99 12 W

[TEMPERATURE DATA]      [PRECIPITATION DATA]       SYMBOLS USED IN COLUMN 16

AVERAGE MONTHLY: 42.9   TOTAL FOR MONTH:   1.01    1 = FOG OR MIST
DPTR FM NORMAL:  -5.9   DPTR FM NORMAL:   -0.40    2 = FOG REDUCING VISIBILITY
HIGHEST:    70 ON  9    GRTST 24HR  0.50 ON 13-13      TO 1/4 MILE OR LESS
LOWEST:     10 ON  4                               3 = THUNDER
                        SNOW, ICE PELLETS, HAIL    4 = ICE PELLETS
                        TOTAL MONTH:    T          5 = HAIL
                        GRTST 24HR    T  ON  3- 3  6 = FREEZING RAIN OR DRIZZLE
                        GRTST DEPTH:   0           7 = DUSTSTORM OR SANDSTORM:
                                                       VSBY 1/2 MILE OR LESS
                                                   8 = SMOKE OR HAZE
[NO. OF DAYS WITH]      [WEATHER - DAYS WITH]      9 = BLOWING SNOW
                                                   X = TORNADO
MAX 32 OR BELOW:   2    0.01 INCH OR MORE:   6
MAX 90 OR ABOVE:   0    0.10 INCH OR MORE:   4
MIN 32 OR BELOW:   8    0.50 INCH OR MORE:   1
MIN  0 OR BELOW:   0    1.00 INCH OR MORE:   0

[HDD (BASE 65) ]
TOTAL THIS MO.   458    CLEAR  (SCALE 0-3)  11
DPTR FM NORMAL   114    PTCLDY (SCALE 4-7)   8
TOTAL FM JUL 1  3702    CLOUDY (SCALE 8-10)  2
DPTR FM NORMAL   448

[CDD (BASE 65) ]
TOTAL THIS MO.     0
DPTR FM NORMAL     0    [PRESSURE DATA]
TOTAL FM JAN 1     0    HIGHEST SLP M ON M
DPTR FM NORMAL     0    LOWEST  SLP 29.25 ON 13

[REMARKS]
