000
CXUS55 KOHX 171010
CF6CSV
PRELIMINARY LOCAL CLIMATOLOGICAL DATA (WS FORM: F-6)

                                          STATION:   CROSSVILLE
                                          MONTH:     JUNE
                                          YEAR:      2019
                                          LATITUDE:   35 57 N
                                          LONGITUDE:  85  5 W

  TEMPERATURE IN F:       :PCPN:    SNOW:  WIND      :SUNSHINE: SKY     :PK WND
================================================================================
1   2   3   4   5  6A  6B    7    8   9   10  11  12  13   14  15   16   17  18
                                     12Z  AVG MX 2MIN
DY MAX MIN AVG DEP HDD CDD  WTR  SNW DPTH SPD SPD DIR MIN PSBL S-S WX    SPD DR
================================================================================

 1  80  56  68   0   0   3 0.00    M    M  2.8 12 320   M    M   2        23 270
 2  82  58  70   2   0   5 0.00  0.0    0  5.8 15 270   0    0   1        20 260
 3  77  57  67  -1   0   2 0.00    M    M  6.0 14  20   M    M   0        21  20
 4  81  53  67  -1   0   2 0.00    M    M  4.4 10 240   M    M   1        16 230
 5  81  65  73   4   0   8 0.31    M    M  3.4 12 160   M    M   2 138    18 220
 6  74  67  71   2   0   6 0.17    M    M  3.0 10 260   M    M   8 1      13 270
 7  78  66  72   3   0   7 0.87    M    M  5.0 15  30   M    M   9 13     17  40
 8  75  66  71   2   0   6 0.26    M    M  5.6 13 110   M    M   8 1      21 120
 9  77  66  72   2   0   7 0.35    M    M  2.4  9 140   M    M   9 1      14 130
10  80  59  70   0   0   5 0.01  0.0    0  9.1 18 340   M    M   7 1      25 320
11  71  52  62  -8   3   0 0.00  0.0    0  9.0 16  40   M    M   0        21  30
12  72  55  64  -6   1   0 0.11  0.0    0  5.6 15 270   M    M   6 13     21 170
13  70  48  59 -12   6   0 0.00  0.0    0  8.8 21 270   M    M   4        30 280
14  74  44  59 -12   6   0 0.00  0.0    0  2.3 10 170   M    M   0        14 170
15  80  58  69  -2   0   4 0.00  0.0    0  6.4 14 190   M    M   2        23 190
16  84  65  75   4   0  10 0.08  0.0    0  5.0 26 140   M    M   4 38     43 140
================================================================================
SM 1236  935        16  65  2.16     0.0  84.6            0     63
================================================================================
AV 77.3 58.4                               5.3 FASTST    0   0   4    MAX(MPH)
                                 MISC ---->  # 26 140               # 43  140
================================================================================
NOTES:
# LAST OF SEVERAL OCCURRENCES

COLUMN 17 PEAK WIND IN M.P.H.

PRELIMINARY LOCAL CLIMATOLOGICAL DATA (WS FORM: F-6) , PAGE 2

                                          STATION:  CROSSVILLE
                                          MONTH:    JUNE
                                          YEAR:     2019
                                          LATITUDE:   35 57 N
                                          LONGITUDE:  85  5 W

[TEMPERATURE DATA]      [PRECIPITATION DATA]       SYMBOLS USED IN COLUMN 16

AVERAGE MONTHLY: 67.8   TOTAL FOR MONTH:   2.16    1 = FOG OR MIST
DPTR FM NORMAL:  -1.7   DPTR FM NORMAL:   -0.34    2 = FOG REDUCING VISIBILITY
HIGHEST:    84 ON 16    GRTST 24HR  0.87 ON  7- 7      TO 1/4 MILE OR LESS
LOWEST:     44 ON 14                               3 = THUNDER
                        SNOW, ICE PELLETS, HAIL    4 = ICE PELLETS
                        TOTAL MONTH:   0.0 INCH    5 = HAIL
                        GRTST 24HR     0.0         6 = FREEZING RAIN OR DRIZZLE
                        GRTST DEPTH:   0           7 = DUSTSTORM OR SANDSTORM:
                                                       VSBY 1/2 MILE OR LESS
                                                   8 = SMOKE OR HAZE
[NO. OF DAYS WITH]      [WEATHER - DAYS WITH]      9 = BLOWING SNOW
                                                   X = TORNADO
MAX 32 OR BELOW:   0    0.01 INCH OR MORE:   8
MAX 90 OR ABOVE:   0    0.10 INCH OR MORE:   6
MIN 32 OR BELOW:   0    0.50 INCH OR MORE:   1
MIN  0 OR BELOW:   0    1.00 INCH OR MORE:   0

[HDD (BASE 65) ]
TOTAL THIS MO.    16    CLEAR  (SCALE 0-3)   8
DPTR FM NORMAL     5    PTCLDY (SCALE 4-7)   4
TOTAL FM JUL 1  4057    CLOUDY (SCALE 8-10)  4
DPTR FM NORMAL  -205

[CDD (BASE 65) ]
TOTAL THIS MO.    65
DPTR FM NORMAL   -18    [PRESSURE DATA]
TOTAL FM JAN 1   210    HIGHEST SLP  0.00 ON  2
DPTR FM NORMAL    44    LOWEST  SLP 29.68 ON  7

[REMARKS]
