000
CXUS55 KOHX 261010
CF6CSV
PRELIMINARY LOCAL CLIMATOLOGICAL DATA (WS FORM: F-6)

                                          STATION:   CROSSVILLE
                                          MONTH:     MARCH
                                          YEAR:      2019
                                          LATITUDE:   35 57 N
                                          LONGITUDE:  85  5 W

  TEMPERATURE IN F:       :PCPN:    SNOW:  WIND      :SUNSHINE: SKY     :PK WND
================================================================================
1   2   3   4   5  6A  6B    7    8   9   10  11  12  13   14  15   16   17  18
                                     12Z  AVG MX 2MIN
DY MAX MIN AVG DEP HDD CDD  WTR  SNW DPTH SPD SPD DIR MIN PSBL S-S WX    SPD DR
================================================================================

 1  50  37  44   1  21   0 0.03    M    M  5.0 14 270   M    M  10 12     18 280
 2  47  36  42  -1  23   0 0.00    M    M  5.6 12  20   M    M  10 1      14  50
 3  42  28  35  -9  30   0 0.82    M    M  7.7 17 360   M    M  10 1      24 340
 4  29  18  24 -20  41   0    T    M    M  9.7 16 350   M    M   6 1      22 350
 5  30  13  22 -22  43   0 0.00    M    M 10.5 20 270   M    M   1        25 290
 6  34  13  24 -20  41   0 0.00    M    M  4.9 14  30   M    M   0        20 310
 7  44  25  35 -10  30   0    T    M    M  3.4 10 140   M    M   7        14 130
 8  46  37  42  -3  23   0 0.34    M    M  4.3 13 190   M    M   9 18     19 190
 9  60  45  53   8  12   0 1.41    M    M  9.6 20 170   M    M  10 13     34 190
10  65  49  57  12   8   0 0.00    M    M  8.1 18 270   M    M   1        23 260
11  58  40  49   3  16   0 0.04    M    M  5.1 12 340   M    M   5        15 290
12  59  36  48   2  17   0 0.00    M    M  5.1  9 130   M    M   1        13 130
13  64  45  55   9  10   0 0.00    M    M 10.3 22 160   M    M   1        38 160
14  65  56  61  14   4   0 0.27    M    M 11.4 22 170   M    M   8 13     40 170
15  63  35  49   2  16   0 0.00    M    M 11.8 25 260   M    M   4        31 260
16  51  31  41  -6  24   0 0.00    M    M  7.6 16 340   M    M   0        23 350
17  56  29  43  -4  22   0 0.00    M    M  5.8 21 270   M    M   0        29 270
18  48  31  40  -8  25   0 0.00    M    M  6.9 21 340   M    M   0        25 340
19  52  25  39  -9  26   0 0.00    M    M  3.5 13  50   M    M   0        16  80
20  60  28  44  -4  21   0 0.00    M    M  3.2 12 270   M    M   1        17 260
21  53  39  46  -3  19   0 0.01    M    M 10.0 24 280   M    M   9 1      32 330
22  60  30  45  -4  20   0 0.00    M    M 10.4 24 280   M    M   2        34 310
23  61  32  47  -2  18   0 0.00  0.0    0  4.1 10  80   M    M   0        13  80
24  68  34  51   2  14   0 0.00  0.0    0  4.6 17 260   M    M   2        23 190
25  59  41  50   0  15   0 0.32    M    0  7.1 20 340   M    M   8 1      27 330
================================================================================
SM 1324  833       539   0  3.24     0.0 175.7          M      105
================================================================================
AV 53.0 33.3                               7.0 FASTST   M    M   4    MAX(MPH)
                                 MISC ---->  # 25 260               # 40  170
================================================================================
NOTES:
# LAST OF SEVERAL OCCURRENCES

COLUMN 17 PEAK WIND IN M.P.H.

PRELIMINARY LOCAL CLIMATOLOGICAL DATA (WS FORM: F-6) , PAGE 2

                                          STATION:  CROSSVILLE
                                          MONTH:    MARCH
                                          YEAR:     2019
                                          LATITUDE:   35 57 N
                                          LONGITUDE:  85  5 W

[TEMPERATURE DATA]      [PRECIPITATION DATA]       SYMBOLS USED IN COLUMN 16

AVERAGE MONTHLY: 43.1   TOTAL FOR MONTH:   3.24    1 = FOG OR MIST
DPTR FM NORMAL:  -3.2   DPTR FM NORMAL:   -0.68    2 = FOG REDUCING VISIBILITY
HIGHEST:    68 ON 24    GRTST 24HR  1.41 ON  9- 9      TO 1/4 MILE OR LESS
LOWEST:     13 ON  6, 5                            3 = THUNDER
                        SNOW, ICE PELLETS, HAIL    4 = ICE PELLETS
                        TOTAL MONTH:   0.0 INCH    5 = HAIL
                        GRTST 24HR     0.0         6 = FREEZING RAIN OR DRIZZLE
                        GRTST DEPTH:   0           7 = DUSTSTORM OR SANDSTORM:
                                                       VSBY 1/2 MILE OR LESS
                                                   8 = SMOKE OR HAZE
[NO. OF DAYS WITH]      [WEATHER - DAYS WITH]      9 = BLOWING SNOW
                                                   X = TORNADO
MAX 32 OR BELOW:   2    0.01 INCH OR MORE:   8
MAX 90 OR ABOVE:   0    0.10 INCH OR MORE:   5
MIN 32 OR BELOW:  12    0.50 INCH OR MORE:   2
MIN  0 OR BELOW:   0    1.00 INCH OR MORE:   1

[HDD (BASE 65) ]
TOTAL THIS MO.   539    CLEAR  (SCALE 0-3)  13
DPTR FM NORMAL    70    PTCLDY (SCALE 4-7)   5
TOTAL FM JUL 1  3665    CLOUDY (SCALE 8-10)  7
DPTR FM NORMAL  -100

[CDD (BASE 65) ]
TOTAL THIS MO.     0
DPTR FM NORMAL     0    [PRESSURE DATA]
TOTAL FM JAN 1     0    HIGHEST SLP M ON M
DPTR FM NORMAL     0    LOWEST  SLP 29.71 ON  9

[REMARKS]
