000
CXUS56 KTFX 231205
CF6CTB
PRELIMINARY LOCAL CLIMATOLOGICAL DATA (WS FORM: F-6)

                                          STATION:   CUT BANK MT
                                          MONTH:     MARCH
                                          YEAR:      2019
                                          LATITUDE:   48 37 N
                                          LONGITUDE: 112 23 W

  TEMPERATURE IN F:       :PCPN:    SNOW:  WIND      :SUNSHINE: SKY     :PK WND
================================================================================
1   2   3   4   5  6A  6B    7    8   9   10  11  12  13   14  15   16   17  18
                                     12Z  AVG MX 2MIN
DY MAX MIN AVG DEP HDD CDD  WTR  SNW DPTH SPD SPD DIR MIN PSBL S-S WX    SPD DR
================================================================================

 1  14 -15   0 -27  65   0 0.03    M   10 15.1 33 360   M    M   9 128    38  10
 2  -7 -29 -18 -45  83   0 0.00    M   10  4.9 12 280   M    M   2 18     13 300
 3  -1 -33 -17 -44  82   0 0.00    M   10  5.5 13 270   M    M   0        14 270
 4  10 -22  -6 -34  71   0 0.00    M   10  6.2 14 290   M    M   0        15 290
 5  10 -18  -4 -32  69   0 0.00    M    8  4.4 14 300   M    M   0        15 300
 6   9  -3   3 -25  62   0 0.03    M    8  7.7 15 150   M    M   8 18     17 130
 7  33   2  18 -10  47   0    T    M    8 13.8 36 250   M    M   4 18     42 250
 8  27   3  15 -14  50   0 0.00    M    6 17.6 26 260   M    M   0        30 260
 9  28  -6  11 -18  54   0 0.00    M    6  6.1 12 270   M    M   2        15 280
10  31   8  20 -10  45   0 0.00    M    6 13.0 23 250   M    M   0        25 250
11  35  21  28  -2  37   0 0.00    M    4 32.3 52 250   M    M   0 8      58 250
12  36  27  32   2  33   0    T    M    4 14.0 46 240   M    M   8 18     53 240
13  30  19  25  -5  40   0    T    M    5 11.7 20 320   M    M   9 1      23 330
14  33   8  21 -10  44   0 0.00    M    5 14.7 26 250   M    M   1 1      30 260
15  38  24  31   0  34   0 0.00    M    4 16.0 37 260   M    M   0        43 260
16  38  13  26  -6  39   0 0.00    M    4  4.4 12 340   M    M   0        12 350
17  44  16  30  -2  35   0 0.00    M    3  4.7  9 270   M    M   0        11 260
18  47  23  35   3  30   0 0.00    M    2  6.6 15 330   M    M   0        19 330
19  54  22  38   6  27   0 0.00    M    2  4.7 10 270   M    M   0        11 280
20  54  24  39   6  26   0 0.00    M    1  5.3 13 150   M    M   0        15 150
21  55  23  39   6  26   0 0.00    M    T  4.4 13 110   M    M   0        14 110
22  52  23  38   4  27   0 0.00    M    T  4.4 12 150   M    M   0 1      15 140
================================================================================
SM  670  130      1026   0  0.06    M    217.5          M       43
================================================================================
AV 30.5  5.9                               9.9 FASTST   M    M   2    MAX(MPH)
                                 MISC ---->  # 52 250               # 58  250
================================================================================
NOTES:
# LAST OF SEVERAL OCCURRENCES

COLUMN 17 PEAK WIND IN M.P.H.

PRELIMINARY LOCAL CLIMATOLOGICAL DATA (WS FORM: F-6) , PAGE 2

                                          STATION:  CUT BANK MT
                                          MONTH:    MARCH
                                          YEAR:     2019
                                          LATITUDE:   48 37 N
                                          LONGITUDE: 112 23 W

[TEMPERATURE DATA]      [PRECIPITATION DATA]       SYMBOLS USED IN COLUMN 16

AVERAGE MONTHLY: 18.2   TOTAL FOR MONTH:   0.06    1 = FOG OR MIST
DPTR FM NORMAL: -11.9   DPTR FM NORMAL:   -0.27    2 = FOG REDUCING VISIBILITY
HIGHEST:    55 ON 21    GRTST 24HR  0.03 ON  6- 6      TO 1/4 MILE OR LESS
LOWEST:    -33 ON  3                               3 = THUNDER
                        SNOW, ICE PELLETS, HAIL    4 = ICE PELLETS
                        TOTAL MONTH:    M          5 = HAIL
                        GRTST 24HR    M  ON   M    6 = FREEZING RAIN OR DRIZZLE
                        GRTST DEPTH:  10 ON  4, 3  7 = DUSTSTORM OR SANDSTORM:
                                                       VSBY 1/2 MILE OR LESS
                                                   8 = SMOKE OR HAZE
[NO. OF DAYS WITH]      [WEATHER - DAYS WITH]      9 = BLOWING SNOW
                                                   X = TORNADO
MAX 32 OR BELOW:  10    0.01 INCH OR MORE:   2
MAX 90 OR ABOVE:   0    0.10 INCH OR MORE:   0
MIN 32 OR BELOW:  22    0.50 INCH OR MORE:   0
MIN  0 OR BELOW:   7    1.00 INCH OR MORE:   0

[HDD (BASE 65) ]
TOTAL THIS MO.  1026    CLEAR  (SCALE 0-3)  17
DPTR FM NORMAL   254    PTCLDY (SCALE 4-7)   3
TOTAL FM JUL 1  7710    CLOUDY (SCALE 8-10)  2
DPTR FM NORMAL   878

[CDD (BASE 65) ]
TOTAL THIS MO.     0
DPTR FM NORMAL     0    [PRESSURE DATA]
TOTAL FM JAN 1     0    HIGHEST SLP M ON M
DPTR FM NORMAL     0    LOWEST  SLP 29.72 ON 12

[REMARKS]
