000
CXUS56 KTFX 251617
CF6CTB
PRELIMINARY LOCAL CLIMATOLOGICAL DATA (WS FORM: F-6)

                                          STATION:   CUT BANK MT
                                          MONTH:     MAY
                                          YEAR:      2019
                                          LATITUDE:   48 37 N
                                          LONGITUDE: 112 23 W

  TEMPERATURE IN F:       :PCPN:    SNOW:  WIND      :SUNSHINE: SKY     :PK WND
================================================================================
1   2   3   4   5  6A  6B    7    8   9   10  11  12  13   14  15   16   17  18
                                     12Z  AVG MX 2MIN
DY MAX MIN AVG DEP HDD CDD  WTR  SNW DPTH SPD SPD DIR MIN PSBL S-S WX    SPD DR
================================================================================

 1  48  18  33 -13  32   0    T    M    0 11.8 28 250   M    M   2 1      34 250
 2  49  33  41  -5  24   0 0.01    M    0 14.1 30 250   M    M   6        37 250
 3  63  33  48   2  17   0 0.00    M    0 17.8 30 270   M    M   2        47 260
 4  56  24  40  -6  25   0 0.13    M    0  9.4 25  20   M    M   5 1      30  20
 5  35  26  31 -16  34   0 0.09    M    3  6.2 13 150   M    M  10 1      15 150
 6  51  33  42  -5  23   0 0.00    M    0  7.0 14 150   M    M   7        17 120
 7  53  36  45  -2  20   0 0.00    M    0  9.9 21  10   M    M   6        25  20
 8  52  33  43  -5  22   0 0.11    M    0  6.6 25  60   M    M   7 13     32  50
 9  59  28  44  -4  21   0 0.00    M    0  5.8 14 290   M    M   2        17 270
10  64  41  53   5  12   0    T    M    0 17.4 35 340   M    M   8        43 330
11  73  35  54   6  11   0 0.00    M    0  4.5 14 270   M    M   2        17 270
12  78  46  62  13   3   0    T    M    0 14.5 29 250   M    M   1        35 260
13  73  50  62  13   3   0 0.00    M    0 11.3 24 340   M    M   2        28 340
14  75  40  58   9   7   0 0.00    M    0  6.3 15 250   M    M   2        18 270
15  70  47  59   9   6   0    T    M    0 15.5 30 240   M    M   1        34 240
16  47  39  43  -7  22   0 0.20    M    0 11.5 20  80   M    M  10 1      24  80
17  43  33  38 -12  27   0 0.54    M    0  9.4 16  60   M    M  10 1      20  60
18  39  31  35 -16  30   0 0.23    M    T 10.3 21 110   M    M  10 1      25 110
19  49  34  42  -9  23   0    T    M    0 12.4 21 110   M    M  10        27 110
20  45  31  38 -13  27   0 0.03    M    0 11.3 20 110   M    M   9 18     25  90
21  48  38  43  -9  22   0 0.17    M    0 10.6 18 130   M    M   9 18     23  80
22  62  37  50  -2  15   0    T    M    0 14.6 28  10   M    M   6 1      32 350
23  67  33  50  -2  15   0 0.00    M    0  9.0 16 140   M    M   1        23 120
24  63  37  50  -2  15   0 0.00    M    0  7.6 22 270   M    M   3        25 270
================================================================================
SM 1362  836       456   0  1.51    M    254.8          M      131
================================================================================
AV 56.8 34.8                              10.6 FASTST   M    M   5    MAX(MPH)
                                 MISC ---->  # 35 340               # 47  260
================================================================================
NOTES:
# LAST OF SEVERAL OCCURRENCES

COLUMN 17 PEAK WIND IN M.P.H.

PRELIMINARY LOCAL CLIMATOLOGICAL DATA (WS FORM: F-6) , PAGE 2

                                          STATION:  CUT BANK MT
                                          MONTH:    MAY
                                          YEAR:     2019
                                          LATITUDE:   48 37 N
                                          LONGITUDE: 112 23 W

[TEMPERATURE DATA]      [PRECIPITATION DATA]       SYMBOLS USED IN COLUMN 16

AVERAGE MONTHLY: 45.8   TOTAL FOR MONTH:   1.51    1 = FOG OR MIST
DPTR FM NORMAL:  -3.2   DPTR FM NORMAL:    0.17    2 = FOG REDUCING VISIBILITY
HIGHEST:    78 ON 12    GRTST 24HR  0.54 ON 17-17      TO 1/4 MILE OR LESS
LOWEST:     18 ON  1                               3 = THUNDER
                        SNOW, ICE PELLETS, HAIL    4 = ICE PELLETS
                        TOTAL MONTH:    M          5 = HAIL
                        GRTST 24HR    M  ON   M    6 = FREEZING RAIN OR DRIZZLE
                        GRTST DEPTH:   3 ON  5     7 = DUSTSTORM OR SANDSTORM:
                                                       VSBY 1/2 MILE OR LESS
                                                   8 = SMOKE OR HAZE
[NO. OF DAYS WITH]      [WEATHER - DAYS WITH]      9 = BLOWING SNOW
                                                   X = TORNADO
MAX 32 OR BELOW:   0    0.01 INCH OR MORE:   9
MAX 90 OR ABOVE:   0    0.10 INCH OR MORE:   6
MIN 32 OR BELOW:   6    0.50 INCH OR MORE:   1
MIN  0 OR BELOW:   0    1.00 INCH OR MORE:   0

[HDD (BASE 65) ]
TOTAL THIS MO.   456    CLEAR  (SCALE 0-3)   9
DPTR FM NORMAL    69    PTCLDY (SCALE 4-7)   7
TOTAL FM JUL 1  9124    CLOUDY (SCALE 8-10)  8
DPTR FM NORMAL   917

[CDD (BASE 65) ]
TOTAL THIS MO.     0
DPTR FM NORMAL     0    [PRESSURE DATA]
TOTAL FM JAN 1     0    HIGHEST SLP M ON M
DPTR FM NORMAL     0    LOWEST  SLP 29.63 ON 12

[REMARKS]
