000
CXUS52 KTAE 220800
CF6CTY
PRELIMINARY LOCAL CLIMATOLOGICAL DATA (WS FORM: F-6)

                                          STATION:   CROSS CITY
                                          MONTH:     MARCH
                                          YEAR:      2019
                                          LATITUDE:   29 37 N
                                          LONGITUDE:  83  6 W

  TEMPERATURE IN F:       :PCPN:    SNOW:  WIND      :SUNSHINE: SKY     :PK WND
================================================================================
1   2   3   4   5  6A  6B    7    8   9   10  11  12  13   14  15   16   17  18
                                     12Z  AVG MX 2MIN
DY MAX MIN AVG DEP HDD CDD  WTR  SNW DPTH SPD SPD DIR MIN PSBL S-S WX    SPD DR
================================================================================

 1  79  59  69  10   0   4 0.59  0.0    0  4.8 33 270   M    M   3 123    40 270
 2  80  59  70  10   0   5 0.11  0.0    0  4.7 14 220   M    M   7 123     M  M
 3  79  65  72  12   0   7 1.18  0.0    0  9.4 17 210   M    M   6 1238   23 310
 4  68  46  57  -3   8   0 0.13    M    0  7.2 12 290   M    M   6 13      M  M
 5  58  39  49 -11  16   0 0.03    M    0  7.2 12 320   M    M   5        17 320
 6  58  34  46 -14  19   0 0.00  0.0    0  6.3 14  30   M    M   0        18  20
 7  69  30  50 -10  15   0 0.00  0.0    0  2.6 10 250   M    M   0         M  M
 8  75  42  59  -2   6   0 0.00  0.0    0  4.8 13 240   M    M   1        20 210
 9  80  46  63   2   2   0 0.00  0.0    0  4.7 15 200   M    M   4 1       M  M
10  84  56  70   9   0   5 0.00  0.0    0  4.5 12 180   M    M   3 12      M  M
11  83  60  72  11   0   7 0.00  0.0    0  4.3 12 260   M    M   7 12      M  M
12  80  60  70   8   0   5 0.00  0.0    0  7.7 13  30   M    M   5 1      20  30
13  82  58  70   8   0   5 0.00  0.0    0  7.6 15 110   M    M   0        20 110
14  83  59  71   9   0   6 0.00  0.0    0  6.0 13 160   M    M   2        21 160
15  81  61  71   9   0   6 0.00  0.0    0  6.6 15 200   M    M   3 1       M  M
16  69  53  61  -1   4   0 0.00  0.0    0  7.3 10  30   M    M   6 1       M  M
17  64  51  58  -4   7   0 0.00  0.0    0  7.7 12  30   M    M   9         M  M
18  69  48  59  -4   6   0 0.00  0.0    0  8.0 18  20   M    M   3        21  20
19  72  51  62  -1   3   0 0.00  0.0    0  9.8 16  40   M    M   3        22  50
20  72  47  60  -3   5   0 0.00  0.0    0  7.2 13  20   M    M   8        16  50
21  71  37  54  -9  11   0 0.00  0.0    0  6.6 20 250   M    M   2        28 250
================================================================================
SM 1556 1061       102  50  2.04     0.0 135.0          M       83
================================================================================
AV 74.1 50.5                               6.4 FASTST   M    M   4    MAX(MPH)
                                 MISC ---->  # 33 270               # 40  270
================================================================================
NOTES:
# LAST OF SEVERAL OCCURRENCES

COLUMN 17 PEAK WIND IN M.P.H.

PRELIMINARY LOCAL CLIMATOLOGICAL DATA (WS FORM: F-6) , PAGE 2

                                          STATION:  CROSS CITY
                                          MONTH:    MARCH
                                          YEAR:     2019
                                          LATITUDE:   29 37 N
                                          LONGITUDE:  83  6 W

[TEMPERATURE DATA]      [PRECIPITATION DATA]       SYMBOLS USED IN COLUMN 16

AVERAGE MONTHLY: 62.3   TOTAL FOR MONTH:   2.04    1 = FOG OR MIST
DPTR FM NORMAL:   1.0   DPTR FM NORMAL:   -0.81    2 = FOG REDUCING VISIBILITY
HIGHEST:    84 ON 10    GRTST 24HR  1.18 ON  3- 3      TO 1/4 MILE OR LESS
LOWEST:     30 ON  7                               3 = THUNDER
                        SNOW, ICE PELLETS, HAIL    4 = ICE PELLETS
                        TOTAL MONTH:   0.0 INCH    5 = HAIL
                        GRTST 24HR     0.0         6 = FREEZING RAIN OR DRIZZLE
                        GRTST DEPTH:   0           7 = DUSTSTORM OR SANDSTORM:
                                                       VSBY 1/2 MILE OR LESS
                                                   8 = SMOKE OR HAZE
[NO. OF DAYS WITH]      [WEATHER - DAYS WITH]      9 = BLOWING SNOW
                                                   X = TORNADO
MAX 32 OR BELOW:   0    0.01 INCH OR MORE:   5
MAX 90 OR ABOVE:   0    0.10 INCH OR MORE:   4
MIN 32 OR BELOW:   1    0.50 INCH OR MORE:   2
MIN  0 OR BELOW:   0    1.00 INCH OR MORE:   1

[HDD (BASE 65) ]
TOTAL THIS MO.   102    CLEAR  (SCALE 0-3)   9
DPTR FM NORMAL    -4    PTCLDY (SCALE 4-7)  10
TOTAL FM JUL 1   936    CLOUDY (SCALE 8-10)  2
DPTR FM NORMAL  -290

[CDD (BASE 65) ]
TOTAL THIS MO.    50
DPTR FM NORMAL    26    [PRESSURE DATA]
TOTAL FM JAN 1   128    HIGHEST SLP M ON M
DPTR FM NORMAL    77    LOWEST  SLP 29.74 ON  3

[REMARKS]
