000
CXUS52 KTAE 190800
CF6CTY
PRELIMINARY LOCAL CLIMATOLOGICAL DATA (WS FORM: F-6)

                                          STATION:   CROSS CITY
                                          MONTH:     MAY
                                          YEAR:      2019
                                          LATITUDE:   29 37 N
                                          LONGITUDE:  83  6 W

  TEMPERATURE IN F:       :PCPN:    SNOW:  WIND      :SUNSHINE: SKY     :PK WND
================================================================================
1   2   3   4   5  6A  6B    7    8   9   10  11  12  13   14  15   16   17  18
                                     12Z  AVG MX 2MIN
DY MAX MIN AVG DEP HDD CDD  WTR  SNW DPTH SPD SPD DIR MIN PSBL S-S WX    SPD DR
================================================================================

 1  90  66  78   8   0  13 0.00  0.0    0  6.2  9 100   M    M   4 12      M  M
 2  87  66  77   7   0  12 0.01  0.0    0  6.4 13  40   M    M   4 13     21 160
 3  87  67  77   6   0  12 0.03  0.0    0  5.7 10 230   M    M   6 13      M  M
 4  88  65  77   6   0  12 0.03  0.0    0  6.3 13 220   M    M   6 123    17 220
 5  81  70  76   5   0  11 0.34  0.0    0  8.3 20 200   M    M   7 13     32 200
 6  88  66  77   5   0  12 0.00  0.0    0  4.3 13 250   M    M   2 1       M  M
 7  91  60  76   4   0  11 0.00  0.0    0  2.5  8  40   M    M   3 12      M  M
 8  89  66  78   6   0  13 0.00  0.0    0  6.4 12 110   M    M   1        17  80
 9  88  69  79   6   0  14 0.00  0.0    0  4.3  9 150   M    M   7         M  M
10  91  70  81   8   0  16 0.37  0.0    0  4.2 10 260   M    M   4 1       M  M
11  89  69  79   6   0  14 0.00  0.0    0  6.4 13 220   M    M   2 1      20 220
12  86  69  78   4   0  13 0.02  0.0    0  6.7 15 270   M    M   4 1      23 270
13  86  67  77   3   0  12 0.00  0.0    0  7.1 17 220   M    M   2 1      23 270
14  84  64  74   0   0   9 0.00  0.0    0  5.9 12  30   M    M   3 8      21 350
15  87  57  72  -2   0   7 0.00  0.0    0  4.4 15 240   M    M   0 1       M  M
16  88  58  73  -2   0   8 0.00  0.0    0  3.9 12 260   M    M   1 1       M  M
17  88  63  76   1   0  11 0.00  0.0    0  5.3 15 240   M    M   2 1      17 200
18  92  61  77   2   0  12 0.00  0.0    0  2.9  9 250   M    M   2 1       M  M
================================================================================
SM 1580 1173         0 212  0.80     0.0  97.2          M       60
================================================================================
AV 87.8 65.2                               5.4 FASTST   M    M   3    MAX(MPH)
                                 MISC ---->  # 20 200               # 32  200
================================================================================
NOTES:
# LAST OF SEVERAL OCCURRENCES

COLUMN 17 PEAK WIND IN M.P.H.

PRELIMINARY LOCAL CLIMATOLOGICAL DATA (WS FORM: F-6) , PAGE 2

                                          STATION:  CROSS CITY
                                          MONTH:    MAY
                                          YEAR:     2019
                                          LATITUDE:   29 37 N
                                          LONGITUDE:  83  6 W

[TEMPERATURE DATA]      [PRECIPITATION DATA]       SYMBOLS USED IN COLUMN 16

AVERAGE MONTHLY: 76.5   TOTAL FOR MONTH:   0.80    1 = FOG OR MIST
DPTR FM NORMAL:   3.8   DPTR FM NORMAL:   -0.47    2 = FOG REDUCING VISIBILITY
HIGHEST:    92 ON 18    GRTST 24HR  0.37 ON 10-10      TO 1/4 MILE OR LESS
LOWEST:     57 ON 15                               3 = THUNDER
                        SNOW, ICE PELLETS, HAIL    4 = ICE PELLETS
                        TOTAL MONTH:   0.0 INCH    5 = HAIL
                        GRTST 24HR     0.0         6 = FREEZING RAIN OR DRIZZLE
                        GRTST DEPTH:   0           7 = DUSTSTORM OR SANDSTORM:
                                                       VSBY 1/2 MILE OR LESS
                                                   8 = SMOKE OR HAZE
[NO. OF DAYS WITH]      [WEATHER - DAYS WITH]      9 = BLOWING SNOW
                                                   X = TORNADO
MAX 32 OR BELOW:   0    0.01 INCH OR MORE:   6
MAX 90 OR ABOVE:   4    0.10 INCH OR MORE:   2
MIN 32 OR BELOW:   0    0.50 INCH OR MORE:   0
MIN  0 OR BELOW:   0    1.00 INCH OR MORE:   0

[HDD (BASE 65) ]
TOTAL THIS MO.     0    CLEAR  (SCALE 0-3)   9
DPTR FM NORMAL     0    PTCLDY (SCALE 4-7)   9
TOTAL FM JUL 1  1003    CLOUDY (SCALE 8-10)  0
DPTR FM NORMAL  -300

[CDD (BASE 65) ]
TOTAL THIS MO.   212
DPTR FM NORMAL    70    [PRESSURE DATA]
TOTAL FM JAN 1   482    HIGHEST SLP M ON M
DPTR FM NORMAL   158    LOWEST  SLP 29.79 ON M

[REMARKS]
