000
CXUS55 KCAE 251400
CF6CUB
PRELIMINARY LOCAL CLIMATOLOGICAL DATA (WS FORM: F-6)

                                          STATION:   HAMILTON - OWENS AIRPORT SC
                                          MONTH:     MAY
                                          YEAR:      2019
                                          LATITUDE:   33 58 N
                                          LONGITUDE:  80 59 W

  TEMPERATURE IN F:       :PCPN:    SNOW:  WIND      :SUNSHINE: SKY     :PK WND
================================================================================
1   2   3   4   5  6A  6B    7    8   9   10  11  12  13   14  15   16   17  18
                                     12Z  AVG MX 2MIN
DY MAX MIN AVG DEP HDD CDD  WTR  SNW DPTH SPD SPD DIR MIN PSBL S-S WX    SPD DR
================================================================================

 1  88  64  76   8   0  11 0.00    M    M  3.0 10 150   M    M   4 8       M  M
 2  86  62  74   6   0   9 0.00    M    M  2.5 10 160   M    M   1 18     15 160
 3  83  66  75   6   0  10 0.01    M    M  2.0 12 170   M    M   4 13     16 170
 4  91  67  79  10   0  14 0.67    M    M  3.1 20 220   M    M   5 138    26 210
 5  86  67  77   8   0  12 0.31    M  999  8.0 20 260   M    M   5 13     33 220
 6  84  65  75   6   0  10 0.00    M    M  2.6 10  70   M    M   3 8      16 130
 7  84  65  75   5   0  10 0.00    M    M  2.6 12 180   M    M   4        16 160
 8  86  64  75   5   0  10 0.00    M    M  2.5 12 170   M    M   4 128    16 160
 9  78  61  70   0   0   5 0.07    M    M  3.7 14 160   M    M   3 18     23 160
10  84  66  75   5   0  10 0.01    M    M  2.6  9 170   M    M   7 1      13 220
11  85  65  75   4   0  10 0.51    M    M  6.1 29 210   M    M   3 13     44 200
12  77  67  72   1   0   7 0.22    M    M  6.1 17 260   M    M   5 13     23 260
13  83  65  74   3   0   9 0.00    M    M  7.5 20 280   M    M   3 1      26 270
14  75  53  64  -8   1   0 0.00    M    M  3.4 12 310   M    M   0        17 320
15  77  50  64  -8   1   0 0.00    M    M  2.0 10 210   M    M   2        14 170
16  85  58  72   0   0   7 0.00    M    M  2.3 13 320   M    M   2        18 320
17  91  64  78   6   0  13 0.00    M    M  3.6 14 290   M    M   0 18     19 270
18  94  66  80   7   0  15 0.00    M    M  2.2 13 170   M    M   1 18     15 160
19  91  68  80   7   0  15 0.00    M    M  6.9 15 210   M    M   0        21 160
20  93  72  83  10   0  18 0.00    M    M  5.0 14 210   M    M   6        18 220
21  94  67  81   7   0  16 0.00    M    M  1.7 10 200   M    M   1 18     13 190
22  93  71  82   8   0  17 0.00    M    M  4.3 12 170   M    M   2 18     21 170
23  92  70  81   7   0  16 0.00    M    M  3.0 10 200   M    M   4        13 230
24  96  71  84  10   0  19 0.00    M    M  5.3 14 260   M    M   0        20 310
================================================================================
SM 2076 1554         2 263  1.80    M     92.0          M       69
================================================================================
AV 86.5 64.8                               3.8 FASTST   M    M   3    MAX(MPH)
                                 MISC ---->  # 29 210               # 44  200
================================================================================
NOTES:
# LAST OF SEVERAL OCCURRENCES

COLUMN 17 PEAK WIND IN M.P.H.

PRELIMINARY LOCAL CLIMATOLOGICAL DATA (WS FORM: F-6) , PAGE 2

                                          STATION:  HAMILTON - OWENS AIRPORT SC
                                          MONTH:    MAY
                                          YEAR:     2019
                                          LATITUDE:   33 58 N
                                          LONGITUDE:  80 59 W

[TEMPERATURE DATA]      [PRECIPITATION DATA]       SYMBOLS USED IN COLUMN 16

AVERAGE MONTHLY: 75.6   TOTAL FOR MONTH:   1.80    1 = FOG OR MIST
DPTR FM NORMAL:   4.5   DPTR FM NORMAL:   -0.38    2 = FOG REDUCING VISIBILITY
HIGHEST:    96 ON 24    GRTST 24HR  0.67 ON  4- 4      TO 1/4 MILE OR LESS
LOWEST:     50 ON 15                               3 = THUNDER
                        SNOW, ICE PELLETS, HAIL    4 = ICE PELLETS
                        TOTAL MONTH:    M          5 = HAIL
                        GRTST 24HR    M  ON   M    6 = FREEZING RAIN OR DRIZZLE
                        GRTST DEPTH: 999 ON  5     7 = DUSTSTORM OR SANDSTORM:
                                                       VSBY 1/2 MILE OR LESS
                                                   8 = SMOKE OR HAZE
[NO. OF DAYS WITH]      [WEATHER - DAYS WITH]      9 = BLOWING SNOW
                                                   X = TORNADO
MAX 32 OR BELOW:   0    0.01 INCH OR MORE:   7
MAX 90 OR ABOVE:   9    0.10 INCH OR MORE:   4
MIN 32 OR BELOW:   0    0.50 INCH OR MORE:   2
MIN  0 OR BELOW:   0    1.00 INCH OR MORE:   0

[HDD (BASE 65) ]
TOTAL THIS MO.     2    CLEAR  (SCALE 0-3)  13
DPTR FM NORMAL    -9    PTCLDY (SCALE 4-7)  11
TOTAL FM JUL 1  2051    CLOUDY (SCALE 8-10)  0
DPTR FM NORMAL  -261

[CDD (BASE 65) ]
TOTAL THIS MO.   263
DPTR FM NORMAL    98    [PRESSURE DATA]
TOTAL FM JAN 1   405    HIGHEST SLP M ON M
DPTR FM NORMAL   141    LOWEST  SLP 29.68 ON  5

[REMARKS]
