000
CXUS55 KCAE 231400
CF6CUB
PRELIMINARY LOCAL CLIMATOLOGICAL DATA (WS FORM: F-6)

                                          STATION:   HAMILTON - OWENS AIRPORT SC
                                          MONTH:     MARCH
                                          YEAR:      2019
                                          LATITUDE:   33 58 N
                                          LONGITUDE:  80 59 W

  TEMPERATURE IN F:       :PCPN:    SNOW:  WIND      :SUNSHINE: SKY     :PK WND
================================================================================
1   2   3   4   5  6A  6B    7    8   9   10  11  12  13   14  15   16   17  18
                                     12Z  AVG MX 2MIN
DY MAX MIN AVG DEP HDD CDD  WTR  SNW DPTH SPD SPD DIR MIN PSBL S-S WX    SPD DR
================================================================================

 1  66  58  62  10   3   0 0.21    M    M  4.5 15 160   M    M  10 13     21 290
 2  69  55  62   9   3   0 0.00    M    M  1.8  9 220   M    M   5 1      13 210
 3  74  55  65  12   0   0 0.84    M    M  3.2 16 160   M    M   8 1      21 170
 4  58  44  51  -2  14   0 0.02    M    M  4.4 13 290   M    M   9 18     19 290
 5  49  36  43 -11  22   0 0.21    M    M  5.7 16 280   M    M   7 18     23 280
 6  50  30  40 -14  25   0 0.00    M    M  4.2 13 320   M    M   0        18 340
 7  59  30  45  -9  20   0 0.00    M    M  1.3  8 260   M    M   2 18     11 270
 8  67  47  57   3   8   0 0.19    M    M  3.6 14 360   M    M  10 1      22 350
 9  62  50  56   1   9   0 0.24    M    M  1.9  9  60   M    M  10 18     14 100
10  77  54  66  11   0   1 0.00    M    M  5.4 18 260   M    M   4 1      24 270
11  73  50  62   7   3   0 0.01    M    M  1.3  8  10   M    M   5        14 360
12  68  44  56   0   9   0 0.00    M    M  2.3  9  60   M    M   0        14  50
13  69  39  54  -2  11   0 0.00    M    M  3.1 13 170   M    M   0        17 160
14  78  49  64   8   1   0 0.00    M    M  5.7 17 180   M    M   2        24 200
15  82  61  72  16   0   7 0.00    M    M 10.3 24 270   M    M   2        30 280
16  62  44  53  -4  12   0 0.00    M    M  3.8  9  40   M    M   1 8      16 320
17  63  40  52  -5  13   0 0.00    M    M  1.8 10  80   M    M   0        15  30
18  67  36  52  -5  13   0 0.00    M    M  3.3 14 320   M    M   0        18  10
19  60  41  51  -7  14   0 0.00    M    M  4.6 14  70   M    M   0        20  80
20  61  38  50  -8  15   0 0.00    M    M  4.9 12  30   M    M   6        17  50
21  68  47  58   0   7   0    T    M    M  6.2 14 340   M    M   6 8      23 350
22  69  44  57  -1   8   0 0.00    M    M  9.3 20 260   M    M   1 8      25 270
================================================================================
SM 1451  992       210   8  1.72    M     92.6          M       88
================================================================================
AV 66.0 45.1                               4.2 FASTST   M    M   4    MAX(MPH)
                                 MISC ---->  # 24 270               # 30  280
================================================================================
NOTES:
# LAST OF SEVERAL OCCURRENCES

COLUMN 17 PEAK WIND IN M.P.H.

PRELIMINARY LOCAL CLIMATOLOGICAL DATA (WS FORM: F-6) , PAGE 2

                                          STATION:  HAMILTON - OWENS AIRPORT SC
                                          MONTH:    MARCH
                                          YEAR:     2019
                                          LATITUDE:   33 58 N
                                          LONGITUDE:  80 59 W

[TEMPERATURE DATA]      [PRECIPITATION DATA]       SYMBOLS USED IN COLUMN 16

AVERAGE MONTHLY: 55.5   TOTAL FOR MONTH:   1.72    1 = FOG OR MIST
DPTR FM NORMAL:   0.1   DPTR FM NORMAL:   -1.07    2 = FOG REDUCING VISIBILITY
HIGHEST:    82 ON 15    GRTST 24HR  0.84 ON  3- 3      TO 1/4 MILE OR LESS
LOWEST:     30 ON  7, 6                            3 = THUNDER
                        SNOW, ICE PELLETS, HAIL    4 = ICE PELLETS
                        TOTAL MONTH:    M          5 = HAIL
                        GRTST 24HR    M  ON   M    6 = FREEZING RAIN OR DRIZZLE
                        GRTST DEPTH:  M  ON   M    7 = DUSTSTORM OR SANDSTORM:
                                                       VSBY 1/2 MILE OR LESS
                                                   8 = SMOKE OR HAZE
[NO. OF DAYS WITH]      [WEATHER - DAYS WITH]      9 = BLOWING SNOW
                                                   X = TORNADO
MAX 32 OR BELOW:   0    0.01 INCH OR MORE:   7
MAX 90 OR ABOVE:   0    0.10 INCH OR MORE:   5
MIN 32 OR BELOW:   2    0.50 INCH OR MORE:   1
MIN  0 OR BELOW:   0    1.00 INCH OR MORE:   0

[HDD (BASE 65) ]
TOTAL THIS MO.   210    CLEAR  (SCALE 0-3)  11
DPTR FM NORMAL    -9    PTCLDY (SCALE 4-7)   6
TOTAL FM JUL 1  1908    CLOUDY (SCALE 8-10)  5
DPTR FM NORMAL  -240

[CDD (BASE 65) ]
TOTAL THIS MO.     8
DPTR FM NORMAL     6    [PRESSURE DATA]
TOTAL FM JAN 1    20    HIGHEST SLP M ON M
DPTR FM NORMAL    15    LOWEST  SLP 29.62 ON  3

[REMARKS]
