000
CXUS54 KEWX 220910
CF6CVB
PRELIMINARY LOCAL CLIMATOLOGICAL DATA (WS FORM: F-6)

                                          STATION:   Castroville
                                          MONTH:     MAY
                                          YEAR:      2019
                                          LATITUDE:   29 20 N
                                          LONGITUDE:  98 51 W

  TEMPERATURE IN F:       :PCPN:    SNOW:  WIND      :SUNSHINE: SKY     :PK WND
================================================================================
1   2   3   4   5  6A  6B    7    8   9   10  11  12  13   14  15   16   17  18
                                     12Z  AVG MX 2MIN
DY MAX MIN AVG DEP HDD CDD  WTR  SNW DPTH SPD SPD DIR MIN PSBL S-S WX    SPD DR
================================================================================

 1  82  74  78   M   0  13 0.00    M    M  9.2 14 140   M    M  10 8      17 130
 2  82  67  75   M   0  10 0.00    M    M  9.5 15  50   M    M   9 1      29  50
 3  81  63  72   M   0   7 0.95    M    M  8.5 24 330   M    M   8 38     35 330
 4  85  59  72   M   0   7 0.01    M    M  4.1  9 100   M    M   3         M  M
 5  87  60  74   M   0   9 0.00    M    M  5.7 14 140   M    M   1        16 150
 6  77  66  72   M   0   7 0.25    M    M  5.5 14 160   M    M   4 3       M  M
 7  88  67  78   M   0  13 0.02    M    M  8.5 16 130   M    M   9 18     27 130
 8  87  71  79   M   0  14 0.69    M    M  7.9 20 170   M    M   7 138    27 140
 9  85  65  75   M   0  10 0.00    M    M  5.7 16  30   M    M   6 18     25  30
10  67  60  64   M   1   0 0.00    M    M  8.8 16  10   M    M  10        22  10
11  72  58  65   M   0   0 0.00    M    M  3.1 10 350   M    M   9 1       M  M
12  83  57  70   M   0   5 0.00    M    M  4.6  9 120   M    M   2 8      17  90
13  81  57  69   M   0   4 0.00    M    M  3.6 10  70   M    M   5         M  M
14  85  64  75   M   0  10 0.00    M    M  3.5  9  80   M    M   6 1       M  M
15  86  69  78   M   0  13 0.00    M    M  4.0 10 140   M    M   6         M  M
16  87  69  78   M   0  13 0.00    M    M  5.8 13 140   M    M   7 18      M  M
17  89  73  81   M   0  16 0.00    M    M 11.8 17 140   M    M   9        24 150
18  85  75  80   M   0  15 0.08    M    M  8.3 14 140   M    M   7 18     20 150
19  90  76  83   M   0  18 0.00    M    M  5.7 12 130   M    M   7 18     17 130
20  91  76  84   M   0  19 0.02    M    M 13.9 23 150   M    M   8 18     30 140
21  91  67  79   M   0  14 0.02    M    M  8.4 21 150   M    M   5 8      31 150
================================================================================
SM 1761 1393         1 217  2.04    M    146.1          M      138
================================================================================
AV 83.9 66.3                               7.0 FASTST   M    M   7    MAX(MPH)
                                 MISC ---->  # 24 330               # 35  330
================================================================================
NOTES:
# LAST OF SEVERAL OCCURRENCES

COLUMN 17 PEAK WIND IN M.P.H.

PRELIMINARY LOCAL CLIMATOLOGICAL DATA (WS FORM: F-6) , PAGE 2

                                          STATION:  Castroville
                                          MONTH:    MAY
                                          YEAR:     2019
                                          LATITUDE:   29 20 N
                                          LONGITUDE:  98 51 W

[TEMPERATURE DATA]      [PRECIPITATION DATA]       SYMBOLS USED IN COLUMN 16

AVERAGE MONTHLY: 75.1   TOTAL FOR MONTH:   2.04    1 = FOG OR MIST
DPTR FM NORMAL:     M   DPTR FM NORMAL:       M    2 = FOG REDUCING VISIBILITY
HIGHEST:    91 ON 21,20 GRTST 24HR  0.95 ON  3- 3      TO 1/4 MILE OR LESS
LOWEST:     57 ON 13,12                            3 = THUNDER
                        SNOW, ICE PELLETS, HAIL    4 = ICE PELLETS
                        TOTAL MONTH:    M          5 = HAIL
                        GRTST 24HR    M  ON   M    6 = FREEZING RAIN OR DRIZZLE
                        GRTST DEPTH:  M  ON   M    7 = DUSTSTORM OR SANDSTORM:
                                                       VSBY 1/2 MILE OR LESS
                                                   8 = SMOKE OR HAZE
[NO. OF DAYS WITH]      [WEATHER - DAYS WITH]      9 = BLOWING SNOW
                                                   X = TORNADO
MAX 32 OR BELOW:   0    0.01 INCH OR MORE:   8
MAX 90 OR ABOVE:   3    0.10 INCH OR MORE:   3
MIN 32 OR BELOW:   0    0.50 INCH OR MORE:   2
MIN  0 OR BELOW:   0    1.00 INCH OR MORE:   0

[HDD (BASE 65) ]
TOTAL THIS MO.     1    CLEAR  (SCALE 0-3)   3
DPTR FM NORMAL     M    PTCLDY (SCALE 4-7)  12
TOTAL FM JUL 1  1459    CLOUDY (SCALE 8-10)  6
DPTR FM NORMAL     M

[CDD (BASE 65) ]
TOTAL THIS MO.   217
DPTR FM NORMAL     M    [PRESSURE DATA]
TOTAL FM JAN 1   494    HIGHEST SLP M ON M
DPTR FM NORMAL     M    LOWEST  SLP M ON M

[REMARKS]
