000
CXUS54 KEWX 220910
CF6CVB
PRELIMINARY LOCAL CLIMATOLOGICAL DATA (WS FORM: F-6)

                                          STATION:   Castroville
                                          MONTH:     MARCH
                                          YEAR:      2019
                                          LATITUDE:   29 20 N
                                          LONGITUDE:  98 51 W

  TEMPERATURE IN F:       :PCPN:    SNOW:  WIND      :SUNSHINE: SKY     :PK WND
================================================================================
1   2   3   4   5  6A  6B    7    8   9   10  11  12  13   14  15   16   17  18
                                     12Z  AVG MX 2MIN
DY MAX MIN AVG DEP HDD CDD  WTR  SNW DPTH SPD SPD DIR MIN PSBL S-S WX    SPD DR
================================================================================

 1  60  47  54   M  11   0 0.00    M    M  3.9  9  80   M    M  10 18      M  M
 2  63  56  60   M   5   0 0.00    M    M  6.5 10  90   M    M  10 1       M  M
 3  56  37  47   M  18   0 0.01    M    M  9.8 20  20   M    M   9 1      25  10
 4  42  32  37   M  28   0 0.00    M    M 10.5 17  30   M    M   9        29  20
 5  52  28  40   M  25   0 0.00    M    M  5.9 10  30   M    M   1        17 360
 6  59  29  44   M  21   0 0.00    M    M  6.8 15 170   M    M   4        20 170
 7  71  52  62   M   3   0 0.00    M    M  4.0 13 210   M    M   6         M  M
 8  87  55  71   M   0   6 0.00    M    M  6.6 16 180   M    M   6 1      21 180
 9  88  61  75   M   0  10 0.00    M    M  3.7 15 150   M    M   5 1      20 150
10  81  60  71   M   0   6 0.00    M    M  6.9 13 120   M    M   7 1      17 120
11  71  59  65   M   0   0 0.01    M    M  7.6 12  60   M    M  10 1       M  M
12  81  62  72   M   0   7 0.00    M    M 13.8 24 150   M    M   9 12     36 140
13  87  60  74   M   0   9 0.01    M    M 10.1 24 150   M    M   4 8      33 150
14  80  58  69   M   0   4 0.00    M    M  8.8 17 330   M    M   1 1      27 350
15  63  50  57   M   8   0 0.00    M    M  8.3 14  50   M    M   5        22  50
16  62  47  55   M  10   0 0.00    M    M  5.6 13  60   M    M   9        18  60
17  67  42  55   M  10   0 0.00    M    M  4.2  8 110   M    M   1         M  M
18  70  43  57   M   8   0 0.00    M    M  5.1 12 130   M    M   1        17 100
19  70  40  55   M  10   0 0.00    M    M  5.1 12 150   M    M   7        17 140
20  76  56  66   M   0   1 0.09    M    M  4.8 12 200   M    M   7         M  M
21  79  52  66   M   0   1 0.01    M    M  1.9  9  80   M    M   4 1       M  M
================================================================================
SM 1465 1026       157  44  0.13    M    139.9          M      125
================================================================================
AV 69.8 48.9                               6.7 FASTST   M    M   6    MAX(MPH)
                                 MISC ---->  # 24 150               # 36  140
================================================================================
NOTES:
# LAST OF SEVERAL OCCURRENCES

COLUMN 17 PEAK WIND IN M.P.H.

PRELIMINARY LOCAL CLIMATOLOGICAL DATA (WS FORM: F-6) , PAGE 2

                                          STATION:  Castroville
                                          MONTH:    MARCH
                                          YEAR:     2019
                                          LATITUDE:   29 20 N
                                          LONGITUDE:  98 51 W

[TEMPERATURE DATA]      [PRECIPITATION DATA]       SYMBOLS USED IN COLUMN 16

AVERAGE MONTHLY: 59.3   TOTAL FOR MONTH:   0.13    1 = FOG OR MIST
DPTR FM NORMAL:     M   DPTR FM NORMAL:       M    2 = FOG REDUCING VISIBILITY
HIGHEST:    88 ON  9    GRTST 24HR  0.09 ON 20-20      TO 1/4 MILE OR LESS
LOWEST:     28 ON  5                               3 = THUNDER
                        SNOW, ICE PELLETS, HAIL    4 = ICE PELLETS
                        TOTAL MONTH:    M          5 = HAIL
                        GRTST 24HR    M  ON   M    6 = FREEZING RAIN OR DRIZZLE
                        GRTST DEPTH:  M  ON   M    7 = DUSTSTORM OR SANDSTORM:
                                                       VSBY 1/2 MILE OR LESS
                                                   8 = SMOKE OR HAZE
[NO. OF DAYS WITH]      [WEATHER - DAYS WITH]      9 = BLOWING SNOW
                                                   X = TORNADO
MAX 32 OR BELOW:   0    0.01 INCH OR MORE:   5
MAX 90 OR ABOVE:   0    0.10 INCH OR MORE:   0
MIN 32 OR BELOW:   3    0.50 INCH OR MORE:   0
MIN  0 OR BELOW:   0    1.00 INCH OR MORE:   0

[HDD (BASE 65) ]
TOTAL THIS MO.   157    CLEAR  (SCALE 0-3)   4
DPTR FM NORMAL     M    PTCLDY (SCALE 4-7)  10
TOTAL FM JUL 1  1401    CLOUDY (SCALE 8-10)  7
DPTR FM NORMAL     M

[CDD (BASE 65) ]
TOTAL THIS MO.    44
DPTR FM NORMAL     M    [PRESSURE DATA]
TOTAL FM JAN 1    76    HIGHEST SLP M ON M
DPTR FM NORMAL     M    LOWEST  SLP M ON M

[REMARKS]
