000
CXUS51 KILN 190541
CF6CVG
PRELIMINARY LOCAL CLIMATOLOGICAL DATA (WS FORM: F-6)

                                          STATION:   CINCINNATI OH
                                          MONTH:     MAY
                                          YEAR:      2019
                                          LATITUDE:   39  2 N
                                          LONGITUDE:  84 40 W

  TEMPERATURE IN F:       :PCPN:    SNOW:  WIND      :SUNSHINE: SKY     :PK WND
================================================================================
1   2   3   4   5  6A  6B    7    8   9   10  11  12  13   14  15   16   17  18
                                     12Z  AVG MX 2MIN
DY MAX MIN AVG DEP HDD CDD  WTR  SNW DPTH SPD SPD DIR MIN PSBL S-S WX    SPD DR
================================================================================

 1  81  62  72  13   0   7 1.08  0.0    0 11.1 28 200   M    M   9 138    37 210
 2  76  60  68   8   0   3 0.17  0.0    0  5.7 29 290   M    M   8 123    34 310
 3  73  61  67   7   0   2 0.46  0.0    0  5.2 15 310   M    M  10 138    18 330
 4  61  55  58  -2   7   0 0.16  0.0    0  9.0 14  40   M    M  10 18     18  10
 5  70  52  61   1   4   0 0.00  0.0    0  8.0 15 340   M    M   7        24  20
 6  76  45  61   0   4   0 0.00  0.0    0  4.2 10 200   M    M   3        15 260
 7  80  51  66   5   0   1 0.00  0.0    0  5.0 14  40   M    M   6        15  40
 8  82  56  69   8   0   4 0.00  0.0    0 10.4 20 150   M    M   4        24 140
 9  79  64  72  10   0   7 0.12  0.0    0 12.0 28 200   M    M   9 1      40 210
10  65  51  58  -4   7   0 0.18  0.0    0  9.0 17 300   M    M  10 18     23 280
11  68  47  58  -4   7   0 0.34  0.0    0 10.0 21  30   M    M   7 1      24  20
12  53  47  50 -12  15   0 0.11  0.0    0  8.1 20  30   M    M  10 12     23  30
13  55  48  52 -11  13   0 0.02  0.0    0  9.3 18 330   M    M  10 1      23 310
14  69  41  55  -8  10   0 0.00  0.0    0  3.3 10 270   M    M   4 18     14 300
15  71  45  58  -5   7   0 0.00  0.0    0  5.0 13 220   M    M   6        18 180
16  78  48  63   0   2   0 0.20  0.0    0  8.0 20 320   M    M   7 18     29 300
17  85  62  74  10   0   9    T  0.0    0  7.3 28 310   M    M   8 3      33 310
18  86  62  74  10   0   9    T  0.0    0  8.1 20 190   M    M   3        31 170
================================================================================
SM 1308  957        76  42  2.84     0.0 138.7          M      131
================================================================================
AV 72.7 53.2                               7.7 FASTST   M    M   7    MAX(MPH)
                                 MISC ---->  # 29 290               # 40  210
================================================================================
NOTES:
# LAST OF SEVERAL OCCURRENCES

COLUMN 17 PEAK WIND IN M.P.H.

PRELIMINARY LOCAL CLIMATOLOGICAL DATA (WS FORM: F-6) , PAGE 2

                                          STATION:  CINCINNATI OH
                                          MONTH:    MAY
                                          YEAR:     2019
                                          LATITUDE:   39  2 N
                                          LONGITUDE:  84 40 W

[TEMPERATURE DATA]      [PRECIPITATION DATA]       SYMBOLS USED IN COLUMN 16

AVERAGE MONTHLY: 62.9   TOTAL FOR MONTH:   2.84    1 = FOG OR MIST
DPTR FM NORMAL:   1.2   DPTR FM NORMAL:   -0.02    2 = FOG REDUCING VISIBILITY
HIGHEST:    86 ON 18    GRTST 24HR  1.08 ON  1- 1      TO 1/4 MILE OR LESS
LOWEST:     41 ON 14                               3 = THUNDER
                        SNOW, ICE PELLETS, HAIL    4 = ICE PELLETS
                        TOTAL MONTH:   0.0 INCH    5 = HAIL
                        GRTST 24HR     0.0         6 = FREEZING RAIN OR DRIZZLE
                        GRTST DEPTH:   0           7 = DUSTSTORM OR SANDSTORM:
                                                       VSBY 1/2 MILE OR LESS
                                                   8 = SMOKE OR HAZE
[NO. OF DAYS WITH]      [WEATHER - DAYS WITH]      9 = BLOWING SNOW
                                                   X = TORNADO
MAX 32 OR BELOW:   0    0.01 INCH OR MORE:  10
MAX 90 OR ABOVE:   0    0.10 INCH OR MORE:   9
MIN 32 OR BELOW:   0    0.50 INCH OR MORE:   1
MIN  0 OR BELOW:   0    1.00 INCH OR MORE:   1

[HDD (BASE 65) ]
TOTAL THIS MO.    76    CLEAR  (SCALE 0-3)   2
DPTR FM NORMAL   -16    PTCLDY (SCALE 4-7)   8
TOTAL FM JUL 1  4782    CLOUDY (SCALE 8-10)  8
DPTR FM NORMAL  -144

[CDD (BASE 65) ]
TOTAL THIS MO.    42
DPTR FM NORMAL    12    [PRESSURE DATA]
TOTAL FM JAN 1    48    HIGHEST SLP 30.15 ON 10
DPTR FM NORMAL     0    LOWEST  SLP 29.70 ON 12

[REMARKS]
