238
CXUS51 KILN 220545
CF6CVG
PRELIMINARY LOCAL CLIMATOLOGICAL DATA (WS FORM: F-6)

                                          STATION:   CINCINNATI OH
                                          MONTH:     MARCH
                                          YEAR:      2019
                                          LATITUDE:   39  2 N
                                          LONGITUDE:  84 40 W

  TEMPERATURE IN F:       :PCPN:    SNOW:  WIND      :SUNSHINE: SKY     :PK WND
================================================================================
1   2   3   4   5  6A  6B    7    8   9   10  11  12  13   14  15   16   17  18
                                     12Z  AVG MX 2MIN
DY MAX MIN AVG DEP HDD CDD  WTR  SNW DPTH SPD SPD DIR MIN PSBL S-S WX    SPD DR
================================================================================

 1  41  30  36  -2  29   0    T    T    T  7.8 14  60   M    M  10 18     19  50
 2  42  34  38  -1  27   0 0.02    T    0  7.3 15 300   M    M  10 1      22  10
 3  35  25  30  -9  35   0 0.17  2.0    0 11.8 21 350   M    M  10 18     27 350
 4  25  12  19 -20  46   0    T    T    2 11.1 21 290   M    M   5        27 340
 5  23   8  16 -24  49   0    T  0.1    1 12.7 22 280   M    M   6 8      27 270
 6  29  12  21 -19  44   0    T    T    1  9.4 20 290   M    M   4        26 280
 7  38  23  31  -9  34   0    T    T    T  5.8 10 210   M    M  10 1      13 250
 8  37  30  34  -7  31   0 0.04  0.9    1  7.5 13  80   M    M  10 18     15  70
 9  59  34  47   6  18   0 1.36  0.0    0 13.3 26 140   M    M  10 138    34 150
10  61  40  51   9  14   0 0.00  0.0    0 15.0 26 260   M    M   8        36 250
11  52  31  42   0  23   0 0.00  0.0    0  8.2 17 290   M    M   5        21 290
12  51  30  41  -1  24   0 0.00  0.0    0  4.5  9 330   M    M   7        15 360
13  73  41  57  14   8   0    T  0.0    0 11.3 21 150   M    M   9        28 170
14  74  53  64  21   1   0 1.08  0.0    0 17.7 36 180   M    M   8 13     47 160
15  53  35  44   1  21   0 0.01  0.0    0 13.1 25 280   M    M   7 8      33 270
16  46  29  38  -6  27   0 0.00  0.0    0  9.1 20 290   M    M   2        25 320
17  52  25  39  -5  26   0 0.00  0.0    0  7.6 22 340   M    M   4        29 300
18  49  26  38  -6  27   0 0.00  0.0    0  5.3 16 310   M    M   3        23 320
19  52  27  40  -5  25   0 0.00  0.0    0  4.3 12 320   M    M   7 8      16 310
20  58  32  45   0  20   0 0.00  0.0    0  7.5 18 180   M    M   9        23 180
21  49  42  46   1  19   0 0.17  0.0    0 10.8 21 290   M    M  10 18     28 320
================================================================================
SM  999  619       548   0  2.85     3.0 201.1          M      154
================================================================================
AV 47.6 29.5                               9.6 FASTST   M    M   7    MAX(MPH)
                                 MISC ---->  # 36 180               # 47  160
================================================================================
NOTES:
# LAST OF SEVERAL OCCURRENCES

COLUMN 17 PEAK WIND IN M.P.H.

PRELIMINARY LOCAL CLIMATOLOGICAL DATA (WS FORM: F-6) , PAGE 2

                                          STATION:  CINCINNATI OH
                                          MONTH:    MARCH
                                          YEAR:     2019
                                          LATITUDE:   39  2 N
                                          LONGITUDE:  84 40 W

[TEMPERATURE DATA]      [PRECIPITATION DATA]       SYMBOLS USED IN COLUMN 16

AVERAGE MONTHLY: 38.5   TOTAL FOR MONTH:   2.85    1 = FOG OR MIST
DPTR FM NORMAL:  -3.3   DPTR FM NORMAL:    0.30    2 = FOG REDUCING VISIBILITY
HIGHEST:    74 ON 14    GRTST 24HR  1.36 ON  9- 9      TO 1/4 MILE OR LESS
LOWEST:      8 ON  5                               3 = THUNDER
                        SNOW, ICE PELLETS, HAIL    4 = ICE PELLETS
                        TOTAL MONTH:   3.0 INCHES  5 = HAIL
                        GRTST 24HR   2.0 ON  3- 3  6 = FREEZING RAIN OR DRIZZLE
                        GRTST DEPTH:   2 ON  4     7 = DUSTSTORM OR SANDSTORM:
                                                       VSBY 1/2 MILE OR LESS
                                                   8 = SMOKE OR HAZE
[NO. OF DAYS WITH]      [WEATHER - DAYS WITH]      9 = BLOWING SNOW
                                                   X = TORNADO
MAX 32 OR BELOW:   3    0.01 INCH OR MORE:   7
MAX 90 OR ABOVE:   0    0.10 INCH OR MORE:   4
MIN 32 OR BELOW:  14    0.50 INCH OR MORE:   2
MIN  0 OR BELOW:   0    1.00 INCH OR MORE:   2

[HDD (BASE 65) ]
TOTAL THIS MO.   548    CLEAR  (SCALE 0-3)   2
DPTR FM NORMAL    60    PTCLDY (SCALE 4-7)   8
TOTAL FM JUL 1  4267    CLOUDY (SCALE 8-10) 11
DPTR FM NORMAL   -48

[CDD (BASE 65) ]
TOTAL THIS MO.     0
DPTR FM NORMAL     0    [PRESSURE DATA]
TOTAL FM JAN 1     0    HIGHEST SLP 30.47 ON 19
DPTR FM NORMAL     0    LOWEST  SLP 29.49 ON 14

[REMARKS]
