000
CXUS54 KLZK 241130
CF6CXW
PRELIMINARY LOCAL CLIMATOLOGICAL DATA (WS FORM: F-6)

                                          STATION:   Conway Airport
                                          MONTH:     MARCH
                                          YEAR:      2019
                                          LATITUDE:   35  1 N
                                          LONGITUDE:  92 33 W

  TEMPERATURE IN F:       :PCPN:    SNOW:  WIND      :SUNSHINE: SKY     :PK WND
================================================================================
1   2   3   4   5  6A  6B    7    8   9   10  11  12  13   14  15   16   17  18
                                     12Z  AVG MX 2MIN
DY MAX MIN AVG DEP HDD CDD  WTR  SNW DPTH SPD SPD DIR MIN PSBL S-S WX    SPD DR
================================================================================

 1  46  37  42   M  23   0    M    M    M  3.5  9  30   M    M  10 18      M  M
 2  46  41  44   M  21   0    M    M    M  7.2 12  30   M    M  10        13 360
 3  41  27  34   M  31   0    M    M    M 11.7 18 340   M    M  10 1      21 340
 4  36  19  28   M  37   0    M    M    M  8.6 16 340   M    M   6        20 340
 5  43  23  33   M  32   0    M    M    M  8.8 14 270   M    M   1        22 320
 6  48  23  36   M  29   0    M    M    M  4.1 12 110   M    M   0 8      16 130
 7  46  36  41   M  24   0    M    M    M  6.9 10 170   M    M  10 1       M  M
 8  54  45  50   M  15   0    M    M    M  5.2 12  50   M    M  10 12      M  M
 9  75  48  62   M   3   0    M    M    M 10.0 21 260   M    M   6 12     31 260
10  59  43  51   M  14   0    M    M    M  5.3  9  20   M    M   2         M  M
11  63  45  54   M  11   0    M    M    M  3.4  7 110   M    M   3 1      13  80
12  59  48  54   M  11   0    M    M    M  7.7 15 120   M    M   7 1      15  70
13  68  55  62   M   3   0    M    M    M 10.3 22 180   M    M   9 18     29 160
14  66  50  58   M   7   0    M    M    M 17.0 22 260   M    M   4 1      33 210
15  59  45  52   M  13   0    M    M    M 11.1 17 320   M    M   2        27 320
16  61  32  47   M  18   0    M    M    M  2.6  9 350   M    M   1 8      12   0
17  68  34  51   M  14   0    M    M    M  2.5 10 280   M    M   3        16 280
18  63  37  50   M  15   0    M    M    M  4.9 12 110   M    M   5        17  80
19  64  34  49   M  16   0    M    M    M  6.5 14 140   M    M   5 8      16 140
20  63  37  50   M  15   0    M    M    M  4.5 12 310   M    M   6 1      18 310
21  68  37  53   M  12   0    M    M    M  5.3 10 280   M    M   3        17 290
22  70  37  54   M  11   0    M    M    M  1.1  8 150   M    M   1 8       M  M
23  68  39  54   M  11   0    M    M    M  6.4 16 160   M    M   4 18     18 150
================================================================================
SM 1334  872       386   0    M     M    154.6          M      118
================================================================================
AV 58.0 37.9                               6.7 FASTST   M    M   5    MAX(MPH)
                                 MISC ---->  # 22 180               # 33  210
================================================================================
NOTES:
# LAST OF SEVERAL OCCURRENCES

COLUMN 17 PEAK WIND IN M.P.H.

PRELIMINARY LOCAL CLIMATOLOGICAL DATA (WS FORM: F-6) , PAGE 2

                                          STATION:  Conway Airport
                                          MONTH:    MARCH
                                          YEAR:     2019
                                          LATITUDE:   35  1 N
                                          LONGITUDE:  92 33 W

[TEMPERATURE DATA]      [PRECIPITATION DATA]       SYMBOLS USED IN COLUMN 16

AVERAGE MONTHLY: 48.0   TOTAL FOR MONTH:      M    1 = FOG OR MIST
DPTR FM NORMAL:     M   DPTR FM NORMAL:       M    2 = FOG REDUCING VISIBILITY
HIGHEST:    75 ON  9    GRTST 24HR    M  ON   M        TO 1/4 MILE OR LESS
LOWEST:     19 ON  4                               3 = THUNDER
                        SNOW, ICE PELLETS, HAIL    4 = ICE PELLETS
                        TOTAL MONTH:    M          5 = HAIL
                        GRTST 24HR    M  ON   M    6 = FREEZING RAIN OR DRIZZLE
                        GRTST DEPTH:  M  ON   M    7 = DUSTSTORM OR SANDSTORM:
                                                       VSBY 1/2 MILE OR LESS
                                                   8 = SMOKE OR HAZE
[NO. OF DAYS WITH]      [WEATHER - DAYS WITH]      9 = BLOWING SNOW
                                                   X = TORNADO
MAX 32 OR BELOW:   0    0.01 INCH OR MORE:   0
MAX 90 OR ABOVE:   0    0.10 INCH OR MORE:   0
MIN 32 OR BELOW:   5    0.50 INCH OR MORE:   0
MIN  0 OR BELOW:   0    1.00 INCH OR MORE:   0

[HDD (BASE 65) ]
TOTAL THIS MO.   386    CLEAR  (SCALE 0-3)   9
DPTR FM NORMAL     M    PTCLDY (SCALE 4-7)   8
TOTAL FM JUL 1  2839    CLOUDY (SCALE 8-10)  6
DPTR FM NORMAL     M

[CDD (BASE 65) ]
TOTAL THIS MO.     0
DPTR FM NORMAL     M    [PRESSURE DATA]
TOTAL FM JAN 1     6    HIGHEST SLP M ON M
DPTR FM NORMAL     M    LOWEST  SLP M ON M

[REMARKS]
