000
CXUS55 KCYS 281610
CF6CYS
PRELIMINARY LOCAL CLIMATOLOGICAL DATA (WS FORM: F-6)
STATION: CHEYENNE WYOMING AIRPORT
MONTH: MARCH
YEAR: 2024
LATITUDE: 41 9 N
LONGITUDE: 104 49 W
TEMPERATURE IN F: :PCPN: SNOW: WIND :SUNSHINE: SKY :PK WND
================================================================================
1 2 3 4 5 6A 6B 7 8 9 10 11 12 13 14 15 16 17 18
12Z AVG MX 2MIN
DY MAX MIN AVG DEP HDD CDD WTR SNW DPTH SPD SPD DIR MIN PSBL S-S WX SPD DR
================================================================================
1 60 30 45 13 20 0 0.00 0.0 0 9.3 25 220 M M 0 31 240
2 63 27 45 12 20 0 0.00 0.0 0 15.2 41 270 M M 1 57 270
3 42 27 35 2 30 0 T T 0 21.0 37 290 M M 5 1 55 300
4 39 22 31 -3 34 0 T T 0 14.9 29 280 M M 7 45 290
5 41 22 32 -2 33 0 0.00 0.0 0 15.5 26 190 M M 3 36 180
6 53 25 39 5 26 0 0.00 0.0 0 11.3 30 270 M M 3 41 260
7 38 23 31 -4 34 0 0.14 2.3 0 7.7 15 140 M M 10 1 19 110
8 32 17 25 -10 40 0 0.16 2.9 3 8.1 15 10 M M 6 1 20 10
9 51 16 34 -1 31 0 0.00 0.0 1 9.3 21 250 M M 0 29 260
10 59 32 46 10 19 0 0.00 0.0 T 12.7 25 250 M M 0 34 250
11 54 33 44 8 21 0 0.00 0.0 0 11.2 20 270 M M 1 29 280
12 55 33 44 8 21 0 T 0.0 0 12.0 26 260 M M 4 37 260
13 45 32 39 2 26 0 0.19 0.5 0 10.5 25 60 M M 9 1 38 50
14 33 28 31 -6 34 0 0.52 5.8 5 15.5 30 20 M M 10 12 40 30
15 35 25 30 -7 35 0 0.01 0.1 3 10.4 18 170 M M 7 12 24 180
16 44 23 34 -4 31 0 0.00 0.0 T 9.9 20 20 M M 1 29 20
17 41 27 34 -4 31 0 0.00 0.0 0 9.3 18 340 M M 7 25 340
18 56 26 41 3 24 0 0.00 0.0 0 10.3 20 310 M M 1 28 310
19 61 34 48 10 17 0 0.00 0.0 0 10.1 16 330 M M 2 22 240
20 56 30 43 5 22 0 0.00 0.0 0 10.3 22 200 M M 0 29 200
21 64 33 49 10 16 0 0.00 0.0 0 14.6 30 260 M M 1 39 260
22 56 29 43 4 22 0 T 0.0 0 8.8 23 210 M M 4 31 200
23 58 27 43 4 22 0 0.00 0.0 M 9.1 22 230 M M 3 31 250
24 55 16 36 -3 29 0 T T 0 15.8 39 360 M M 6 18 55 10
25 28 13 21 -19 44 0 T T T 14.8 29 350 M M 7 1 43 350
26 41 13 27 -13 38 0 T T 0 6.5 23 280 M M 5 18 33 270
27 47 21 34 -6 31 0 0.00 0.0 0 12.9 29 250 M M 2 8 40 260
================================================================================
SM 1307 684 751 0 1.02 11.6 317.0 M 105
================================================================================
AV 48.4 25.3 11.7 FASTST M M 4 MAX(MPH)
MISC ----> 41 270 57 270
================================================================================
NOTES:
# LAST OF SEVERAL OCCURRENCES
COLUMN 17 PEAK WIND IN M.P.H.
PRELIMINARY LOCAL CLIMATOLOGICAL DATA (WS FORM: F-6) , PAGE 2
STATION: CHEYENNE WYOMING AIRPORT
MONTH: MARCH
YEAR: 2024
LATITUDE: 41 9 N
LONGITUDE: 104 49 W
[TEMPERATURE DATA] [PRECIPITATION DATA] SYMBOLS USED IN COLUMN 16
AVERAGE MONTHLY: 36.9 TOTAL FOR MONTH: 1.02 1 = FOG OR MIST
DPTR FM NORMAL: 0.2 DPTR FM NORMAL: 0.21 2 = FOG REDUCING VISIBILITY
HIGHEST: 64 ON 21 GRTST 24HR 0.52 ON 14-14 TO 1/4 MILE OR LESS
LOWEST: 13 ON 26,25 3 = THUNDER
SNOW, ICE PELLETS, HAIL 4 = ICE PELLETS
TOTAL MONTH: 11.6 INCHES 5 = HAIL
GRTST 24HR 5.8 ON 14-14 6 = FREEZING RAIN OR DRIZZLE
GRTST DEPTH: 5 ON 14 7 = DUSTSTORM OR SANDSTORM:
VSBY 1/2 MILE OR LESS
8 = SMOKE OR HAZE
[NO. OF DAYS WITH] [WEATHER - DAYS WITH] 9 = BLOWING SNOW
X = TORNADO
MAX 32 OR BELOW: 2 0.01 INCH OR MORE: 5
MAX 90 OR ABOVE: 0 0.10 INCH OR MORE: 4
MIN 32 OR BELOW: 23 0.50 INCH OR MORE: 1
MIN 0 OR BELOW: 0 1.00 INCH OR MORE: 0
[HDD (BASE 65) ]
TOTAL THIS MO. 751 CLEAR (SCALE 0-3) 14
DPTR FM NORMAL -14 PTCLDY (SCALE 4-7) 10
TOTAL FM JUL 1 5243 CLOUDY (SCALE 8-10) 3
DPTR FM NORMAL -438
[CDD (BASE 65) ]
TOTAL THIS MO. 0
DPTR FM NORMAL 0 [PRESSURE DATA]
TOTAL FM JAN 1 0 HIGHEST SLP M ON M
DPTR FM NORMAL 0 LOWEST SLP 29.20 ON 24
[REMARKS]