000
CXUS55 KCYS 221235
CF6CYS
PRELIMINARY LOCAL CLIMATOLOGICAL DATA (WS FORM: F-6)

                                          STATION:   CHEYENNE WYOMING AIRPORT
                                          MONTH:     MAY
                                          YEAR:      2019
                                          LATITUDE:   41  9 N
                                          LONGITUDE: 104 49 W

  TEMPERATURE IN F:       :PCPN:    SNOW:  WIND      :SUNSHINE: SKY     :PK WND
================================================================================
1   2   3   4   5  6A  6B    7    8   9   10  11  12  13   14  15   16   17  18
                                     12Z  AVG MX 2MIN
DY MAX MIN AVG DEP HDD CDD  WTR  SNW DPTH SPD SPD DIR MIN PSBL S-S WX    SPD DR
================================================================================

 1  44  29  37 -11  28   0 0.05  0.4    0 13.8 33 330   M    M   6 126    45 340
 2  56  29  43  -5  22   0 0.00  0.0    0 10.6 22 180   M    M   4        29 240
 3  64  33  49   1  16   0 0.00  0.0    0  9.5 25 250   M    M   3        32 260
 4  68  34  51   2  14   0 0.00  0.0    0  9.6 23 270   M    M   2        30 240
 5  70  44  57   8   8   0    T  0.0    0 10.9 20 350   M    M   4        29 270
 6  66  41  54   5  11   0 0.09  0.0    0 11.6 25 160   M    M   9 1235   35 180
 7  47  38  43  -7  22   0 0.03  0.0    0 12.9 20 180   M    M  10 12     28 180
 8  41  30  36 -14  29   0 0.04  0.5    0 17.2 33 360   M    M   9 16     42 360
 9  41  30  36 -14  29   0 0.22  1.6    1  8.1 17 140   M    M  10 18     21 140
10  52  32  42  -9  23   0 0.04  0.0    0 10.2 17 220   M    M   6        46 260
11  50  34  42  -9  23   0    T  0.0    0 14.4 29 350   M    M   6        40 350
12  69  31  50  -1  15   0    T  0.0    0 11.7 30 310   M    M   1        40 310
13  74  40  57   5   8   0 0.01  0.0    0  9.6 28  20   M    M   3        35  30
14  77  43  60   8   5   0 0.00  0.0    0 12.0 26 330   M    M   1 3      38 300
15  78  43  61   9   4   0    T  0.0    0  9.3 31 250   M    M   2        53 290
16  79  49  64  12   1   0 0.00  0.0    0 10.1 24 200   M    M   2        39 190
17  60  42  51  -2  14   0 0.75  0.0    0 11.7 28 310   M    M   8 13     36 310
18  56  32  44  -9  21   0    T  0.0    0 15.7 28 320   M    M   5        38 330
19  47  30  39 -14  26   0 0.17  1.4    0 10.3 18 110   M    M  10 1      56 270
20  37  30  34 -20  31   0 0.57  5.0    T 11.1 18 140   M    M  10 12     23 130
21  34  28  31 -23  34   0 0.28  3.5    8 14.6 25 360   M    M   9 18     37 360
================================================================================
SM 1210  742       384   0  2.25    12.4 244.9          M      120
================================================================================
AV 57.6 35.3                              11.7 FASTST   M    M   6    MAX(MPH)
                                 MISC ---->  # 33 330               # 56  270
================================================================================
NOTES:
# LAST OF SEVERAL OCCURRENCES

COLUMN 17 PEAK WIND IN M.P.H.

PRELIMINARY LOCAL CLIMATOLOGICAL DATA (WS FORM: F-6) , PAGE 2

                                          STATION:  CHEYENNE WYOMING AIRPORT
                                          MONTH:    MAY
                                          YEAR:     2019
                                          LATITUDE:   41  9 N
                                          LONGITUDE: 104 49 W

[TEMPERATURE DATA]      [PRECIPITATION DATA]       SYMBOLS USED IN COLUMN 16

AVERAGE MONTHLY: 46.5   TOTAL FOR MONTH:   2.25    1 = FOG OR MIST
DPTR FM NORMAL:  -4.4   DPTR FM NORMAL:    0.76    2 = FOG REDUCING VISIBILITY
HIGHEST:    79 ON 16    GRTST 24HR  0.75 ON 17-17      TO 1/4 MILE OR LESS
LOWEST:     28 ON 21                               3 = THUNDER
                        SNOW, ICE PELLETS, HAIL    4 = ICE PELLETS
                        TOTAL MONTH:  12.4 INCHES  5 = HAIL
                        GRTST 24HR   5.0 ON 20-20  6 = FREEZING RAIN OR DRIZZLE
                        GRTST DEPTH:   8 ON 21     7 = DUSTSTORM OR SANDSTORM:
                                                       VSBY 1/2 MILE OR LESS
                                                   8 = SMOKE OR HAZE
[NO. OF DAYS WITH]      [WEATHER - DAYS WITH]      9 = BLOWING SNOW
                                                   X = TORNADO
MAX 32 OR BELOW:   0    0.01 INCH OR MORE:  11
MAX 90 OR ABOVE:   0    0.10 INCH OR MORE:   5
MIN 32 OR BELOW:  10    0.50 INCH OR MORE:   2
MIN  0 OR BELOW:   0    1.00 INCH OR MORE:   0

[HDD (BASE 65) ]
TOTAL THIS MO.   384    CLEAR  (SCALE 0-3)   6
DPTR FM NORMAL    89    PTCLDY (SCALE 4-7)   8
TOTAL FM JUL 1  7016    CLOUDY (SCALE 8-10)  7
DPTR FM NORMAL   136

[CDD (BASE 65) ]
TOTAL THIS MO.     0
DPTR FM NORMAL     0    [PRESSURE DATA]
TOTAL FM JAN 1     0    HIGHEST SLP M ON M
DPTR FM NORMAL     0    LOWEST  SLP 29.42 ON 17

[REMARKS]
CORRECTED SNOWFALL AND SNOW DEPTH FOR MAY 21 TO CORRECT VALUES
