000
CXUS55 KCYS 231000
CF6CYS
PRELIMINARY LOCAL CLIMATOLOGICAL DATA (WS FORM: F-6)

                                          STATION:   CHEYENNE WYOMING AIRPORT
                                          MONTH:     MARCH
                                          YEAR:      2019
                                          LATITUDE:   41  9 N
                                          LONGITUDE: 104 49 W

  TEMPERATURE IN F:       :PCPN:    SNOW:  WIND      :SUNSHINE: SKY     :PK WND
================================================================================
1   2   3   4   5  6A  6B    7    8   9   10  11  12  13   14  15   16   17  18
                                     12Z  AVG MX 2MIN
DY MAX MIN AVG DEP HDD CDD  WTR  SNW DPTH SPD SPD DIR MIN PSBL S-S WX    SPD DR
================================================================================

 1  43  22  33   1  32   0 0.06  1.2    0 16.0 26 330   M    M   3 1      36 300
 2  22  -4   9 -24  56   0 0.24  2.6    2  9.6 24 350   M    M  10 1      30 350
 3   4 -15  -5 -38  70   0 0.03  0.4    3  4.6 12 270   M    M   6 18     12 280
 4  19 -16   2 -31  63   0 0.00  0.0    3  6.0 12 280   M    M   0        15 330
 5  24   6  15 -19  50   0 0.00  0.0    3  9.8 17 200   M    M   1        22 200
 6  42  20  31  -3  34   0 0.27  2.0    2  6.7 20 210   M    M   9 12     23 200
 7  49  19  34   0  31   0 0.00  0.0    4 10.7 24 220   M    M   2 12     29 210
 8  44  26  35   1  30   0 0.04    T    T  6.9 21 330   M    M   7 12     29 340
 9  39  24  32  -2  33   0 0.00  0.0    0 16.3 35 300   M    M   1        46 300
10  44  24  34  -1  31   0    T    T    0  7.3 15 350   M    M   7        22 350
11  49  22  36   1  29   0 0.00  0.0    0  8.8 18 190   M    M   1        23 180
12  56  27  42   7  23   0 0.13    T    0  6.3 18  10   M    M   2 134    26 150
13  35  21  28  -8  37   0 1.09 14.0    0 28.4 43 360   M    M  10 1269   63 340
14  27  14  21 -15  44   0 0.07  0.6    3 17.7 31 350   M    M   5 1      43 360
15  37  14  26 -10  39   0 0.00  0.0    2  8.0 21 270   M    M   0        24 280
16  43  17  30  -6  35   0 0.00  0.0    T  5.2 14 290   M    M   0        17 280
17  43  20  32  -4  33   0 0.00  0.0    0  9.3 20  30   M    M   0        26  20
18  47  23  35  -1  30   0 0.00  0.0    T  8.7 16 330   M    M   1        20 330
19  39  25  32  -5  33   0    T    T    T 13.4 26 320   M    M   3        35 310
20  51  25  38   1  27   0 0.00  0.0    0 11.8 22 310   M    M   0        38 310
21  58  24  41   4  24   0 0.00  0.0    0 12.5 25 160   M    M   0        32 160
22  45  30  38   1  27   0 0.26  1.2    0  8.3 20 330   M    M   7 1      26 350
================================================================================
SM  860  368       811   0  2.19    22.0 232.3          M       75
================================================================================
AV 39.1 16.7                              10.6 FASTST   M    M   3    MAX(MPH)
                                 MISC ---->  # 43 360               # 63  340
================================================================================
NOTES:
# LAST OF SEVERAL OCCURRENCES

COLUMN 17 PEAK WIND IN M.P.H.

PRELIMINARY LOCAL CLIMATOLOGICAL DATA (WS FORM: F-6) , PAGE 2

                                          STATION:  CHEYENNE WYOMING AIRPORT
                                          MONTH:    MARCH
                                          YEAR:     2019
                                          LATITUDE:   41  9 N
                                          LONGITUDE: 104 49 W

[TEMPERATURE DATA]      [PRECIPITATION DATA]       SYMBOLS USED IN COLUMN 16

AVERAGE MONTHLY: 27.9   TOTAL FOR MONTH:   2.19    1 = FOG OR MIST
DPTR FM NORMAL:  -7.1   DPTR FM NORMAL:    1.49    2 = FOG REDUCING VISIBILITY
HIGHEST:    58 ON 21    GRTST 24HR  1.09 ON 13-13      TO 1/4 MILE OR LESS
LOWEST:    -16 ON  4                               3 = THUNDER
                        SNOW, ICE PELLETS, HAIL    4 = ICE PELLETS
                        TOTAL MONTH:  22.0 INCHES  5 = HAIL
                        GRTST 24HR  14.0 ON 13-13  6 = FREEZING RAIN OR DRIZZLE
                        GRTST DEPTH:   4 ON  7     7 = DUSTSTORM OR SANDSTORM:
                                                       VSBY 1/2 MILE OR LESS
                                                   8 = SMOKE OR HAZE
[NO. OF DAYS WITH]      [WEATHER - DAYS WITH]      9 = BLOWING SNOW
                                                   X = TORNADO
MAX 32 OR BELOW:   5    0.01 INCH OR MORE:   9
MAX 90 OR ABOVE:   0    0.10 INCH OR MORE:   5
MIN 32 OR BELOW:  22    0.50 INCH OR MORE:   1
MIN  0 OR BELOW:   3    1.00 INCH OR MORE:   1

[HDD (BASE 65) ]
TOTAL THIS MO.   811    CLEAR  (SCALE 0-3)  13
DPTR FM NORMAL   151    PTCLDY (SCALE 4-7)   6
TOTAL FM JUL 1  5790    CLOUDY (SCALE 8-10)  3
DPTR FM NORMAL   111

[CDD (BASE 65) ]
TOTAL THIS MO.     0
DPTR FM NORMAL     0    [PRESSURE DATA]
TOTAL FM JAN 1     0    HIGHEST SLP M ON M
DPTR FM NORMAL     0    LOWEST  SLP 29.09 ON 13

[REMARKS]
