000
CXUS54 KEWX 260910
CF6CZT
PRELIMINARY LOCAL CLIMATOLOGICAL DATA (WS FORM: F-6)

                                          STATION:   Carrizo Springs
                                          MONTH:     MAY
                                          YEAR:      2019
                                          LATITUDE:   28 31 N
                                          LONGITUDE:  99 49 W

  TEMPERATURE IN F:       :PCPN:    SNOW:  WIND      :SUNSHINE: SKY     :PK WND
================================================================================
1   2   3   4   5  6A  6B    7    8   9   10  11  12  13   14  15   16   17  18
                                     12Z  AVG MX 2MIN
DY MAX MIN AVG DEP HDD CDD  WTR  SNW DPTH SPD SPD DIR MIN PSBL S-S WX    SPD DR
================================================================================

 1  90  72  81   M   0  16 0.00    M    M  6.9  9 120   M    M   7        17 110
 2  86  72  79   M   0  14 0.00    M    M  9.2 16 100   M    M   9 13     24 100
 3  84  64  74   M   0   9 0.18    M    M  6.4 12 340   M    M   9 3      20  80
 4  84  61  73   M   0   8 0.00    M    M  4.3 10  80   M    M   5         M  M
 5  91  63  77   M   0  12 0.00    M    M  7.4 14 130   M    M   3        20 130
 6  82  63  73   M   0   8 0.69    M    M  6.4 16  40   M    M   4 3      30  40
 7  90  70  80   M   0  15 0.00    M    M  7.0 17 130   M    M   8        28 120
 8  90  72  81   M   0  16 0.00    M    M  6.4 15  30   M    M   6 18     24 130
 9  88  68  78   M   0  13 0.01    M    M  4.2 10  70   M    M   5 18     22  70
10  68  59  64   M   1   0 0.03    M    M  6.5 13  30   M    M  10 1      21  20
11  73  59  66   M   0   1 0.00    M    M  3.6  7 360   M    M  10 1       M  M
12  82  59  71   M   0   6 0.00    M    M  3.5 12 110   M    M   5         M  M
13  81  59  70   M   0   5 0.00    M    M  3.7  9  90   M    M   7 3       M  M
14  84  64  74   M   0   9 0.00    M    M  3.2  9 110   M    M   6 1      16 100
15  88  68  78   M   0  13 0.00    M    M  5.2 10 100   M    M   5 1       M  M
16  91  68  80   M   0  15 0.00    M    M  7.5 15 150   M    M   6        22 130
17  91  73  82   M   0  17 0.00    M    M 11.6 16 140   M    M   9        28 130
18  97  73  85   M   0  20 0.04    M    M  7.0 13 140   M    M   5 1      20 140
19  93  77  85   M   0  20 0.00    M    M  6.7 14 130   M    M   5 138    21 130
20  97  79  88   M   0  23 0.00    M    M 14.2 21 150   M    M   6 1      30 170
21  93  73  83   M   0  18 0.00    M    M  7.2 16 160   M    M   2        28 150
22  97  73  85   M   0  20 0.00    M    M 10.6 17 130   M    M   6 1      23 120
23  97  79  88   M   0  23 0.00    M    M 14.0 17 130   M    M   8        31 130
24  95  79  87   M   0  22 0.00    M    M 13.5 18 150   M    M   7        30 130
25  97  77  87   M   0  22 0.00    M    M 12.4 17 130   M    M   6        29 130
================================================================================
SM 2209 1724         1 345  0.95    M    188.6          M      159
================================================================================
AV 88.4 69.0                               7.5 FASTST   M    M   6    MAX(MPH)
                                 MISC ---->  # 21 150               # 31  130
================================================================================
NOTES:
# LAST OF SEVERAL OCCURRENCES

COLUMN 17 PEAK WIND IN M.P.H.

PRELIMINARY LOCAL CLIMATOLOGICAL DATA (WS FORM: F-6) , PAGE 2

                                          STATION:  Carrizo Springs
                                          MONTH:    MAY
                                          YEAR:     2019
                                          LATITUDE:   28 31 N
                                          LONGITUDE:  99 49 W

[TEMPERATURE DATA]      [PRECIPITATION DATA]       SYMBOLS USED IN COLUMN 16

AVERAGE MONTHLY: 78.7   TOTAL FOR MONTH:   0.95    1 = FOG OR MIST
DPTR FM NORMAL:     M   DPTR FM NORMAL:       M    2 = FOG REDUCING VISIBILITY
HIGHEST:    97 ON 25,23 GRTST 24HR  0.69 ON  6- 6      TO 1/4 MILE OR LESS
LOWEST:     59 ON 13,12                            3 = THUNDER
                        SNOW, ICE PELLETS, HAIL    4 = ICE PELLETS
                        TOTAL MONTH:    M          5 = HAIL
                        GRTST 24HR    M  ON   M    6 = FREEZING RAIN OR DRIZZLE
                        GRTST DEPTH:  M  ON   M    7 = DUSTSTORM OR SANDSTORM:
                                                       VSBY 1/2 MILE OR LESS
                                                   8 = SMOKE OR HAZE
[NO. OF DAYS WITH]      [WEATHER - DAYS WITH]      9 = BLOWING SNOW
                                                   X = TORNADO
MAX 32 OR BELOW:   0    0.01 INCH OR MORE:   5
MAX 90 OR ABOVE:  14    0.10 INCH OR MORE:   2
MIN 32 OR BELOW:   0    0.50 INCH OR MORE:   1
MIN  0 OR BELOW:   0    1.00 INCH OR MORE:   0

[HDD (BASE 65) ]
TOTAL THIS MO.     1    CLEAR  (SCALE 0-3)   2
DPTR FM NORMAL     M    PTCLDY (SCALE 4-7)  17
TOTAL FM JUL 1  1083    CLOUDY (SCALE 8-10)  6
DPTR FM NORMAL     M

[CDD (BASE 65) ]
TOTAL THIS MO.   345
DPTR FM NORMAL     M    [PRESSURE DATA]
TOTAL FM JAN 1   673    HIGHEST SLP M ON M
DPTR FM NORMAL     M    LOWEST  SLP M ON M

[REMARKS]
