000
CXUS54 KEWX 230910
CF6CZT
PRELIMINARY LOCAL CLIMATOLOGICAL DATA (WS FORM: F-6)

                                          STATION:   Carrizo Springs
                                          MONTH:     MARCH
                                          YEAR:      2019
                                          LATITUDE:   28 31 N
                                          LONGITUDE:  99 49 W

  TEMPERATURE IN F:       :PCPN:    SNOW:  WIND      :SUNSHINE: SKY     :PK WND
================================================================================
1   2   3   4   5  6A  6B    7    8   9   10  11  12  13   14  15   16   17  18
                                     12Z  AVG MX 2MIN
DY MAX MIN AVG DEP HDD CDD  WTR  SNW DPTH SPD SPD DIR MIN PSBL S-S WX    SPD DR
================================================================================

 1  68  46  57   M   8   0 0.00    M    M  5.3  8 110   M    M  10 1       M  M
 2  70  57  64   M   1   0 0.01    M    M  4.5 10 110   M    M  10 12      M  M
 3  63  43  53   M  12   0 0.00    M    M  6.9 13  60   M    M  10 1      18  60
 4  45  36  41   M  24   0 0.00    M    M  7.4 12  40   M    M  10        22  40
 5  50  30  40   M  25   0 0.00    M    M  3.5 10  40   M    M   0        17  40
 6  61  32  47   M  18   0 0.00    M    M  7.0 12 170   M    M   2        18 160
 7  79  37  58   M   7   0 0.00    M    M  3.4  8 120   M    M   3         M  M
 8  90  52  71   M   0   6 0.00    M    M  7.3 13 160   M    M   3        21 160
 9  88  66  77   M   0  12 0.00    M    M  4.0 14  20   M    M   4        21  20
10  81  61  71   M   0   6 0.00    M    M  5.0 10 120   M    M   6 1       M  M
11  72  63  68   M   0   3 0.06    M    M  4.9  9  70   M    M   9 1       M  M
12  84  64  74   M   0   9 0.00    M    M 13.0 25 140   M    M  10 1      33 160
13  91  61  76   M   0  11 0.00    M    M  7.0 22 160   M    M   3        28 160
14  81  54  68   M   0   3 0.00    M    M  5.6 10  30   M    M   0        28 360
15  61  52  57   M   8   0 0.00    M    M  5.4  9  50   M    M   7         M  M
16  63  50  57   M   8   0 0.00    M    M  3.6 12 120   M    M  10        20 100
17  68  45  57   M   8   0 0.00    M    M  1.6  7  30   M    M   4         M  M
18  70  43  57   M   8   0 0.00    M    M  3.0 12 130   M    M   5        22 100
19  72  39  56   M   9   0 0.00    M    M  4.7 15 140   M    M   5        20 140
20  70  52  61   M   4   0 0.03    M    M  3.6  8 130   M    M   8         M  M
21  75  50  63   M   2   0 0.00    M    M  2.6  8 150   M    M   9         M  M
22  77  61  69   M   0   4 0.00    M    M  9.4 16 190   M    M   9        25 150
================================================================================
SM 1579 1094       142  54  0.10    M    118.7          M      137
================================================================================
AV 71.8 49.7                               5.4 FASTST   M    M   6    MAX(MPH)
                                 MISC ---->  # 25 140               # 33  160
================================================================================
NOTES:
# LAST OF SEVERAL OCCURRENCES

COLUMN 17 PEAK WIND IN M.P.H.

PRELIMINARY LOCAL CLIMATOLOGICAL DATA (WS FORM: F-6) , PAGE 2

                                          STATION:  Carrizo Springs
                                          MONTH:    MARCH
                                          YEAR:     2019
                                          LATITUDE:   28 31 N
                                          LONGITUDE:  99 49 W

[TEMPERATURE DATA]      [PRECIPITATION DATA]       SYMBOLS USED IN COLUMN 16

AVERAGE MONTHLY: 60.8   TOTAL FOR MONTH:   0.10    1 = FOG OR MIST
DPTR FM NORMAL:     M   DPTR FM NORMAL:       M    2 = FOG REDUCING VISIBILITY
HIGHEST:    91 ON 13    GRTST 24HR  0.06 ON 11-11      TO 1/4 MILE OR LESS
LOWEST:     30 ON  5                               3 = THUNDER
                        SNOW, ICE PELLETS, HAIL    4 = ICE PELLETS
                        TOTAL MONTH:    M          5 = HAIL
                        GRTST 24HR    M  ON   M    6 = FREEZING RAIN OR DRIZZLE
                        GRTST DEPTH:  M  ON   M    7 = DUSTSTORM OR SANDSTORM:
                                                       VSBY 1/2 MILE OR LESS
                                                   8 = SMOKE OR HAZE
[NO. OF DAYS WITH]      [WEATHER - DAYS WITH]      9 = BLOWING SNOW
                                                   X = TORNADO
MAX 32 OR BELOW:   0    0.01 INCH OR MORE:   3
MAX 90 OR ABOVE:   2    0.10 INCH OR MORE:   0
MIN 32 OR BELOW:   2    0.50 INCH OR MORE:   0
MIN  0 OR BELOW:   0    1.00 INCH OR MORE:   0

[HDD (BASE 65) ]
TOTAL THIS MO.   142    CLEAR  (SCALE 0-3)   5
DPTR FM NORMAL     M    PTCLDY (SCALE 4-7)   7
TOTAL FM JUL 1  1039    CLOUDY (SCALE 8-10) 10
DPTR FM NORMAL     M

[CDD (BASE 65) ]
TOTAL THIS MO.    54
DPTR FM NORMAL     M    [PRESSURE DATA]
TOTAL FM JAN 1    73    HIGHEST SLP M ON M
DPTR FM NORMAL     M    LOWEST  SLP M ON M

[REMARKS]
