000
CXUS56 KSGX 201656
CF6CZZ
PRELIMINARY LOCAL CLIMATOLOGICAL DATA (WS FORM: F-6)

                                          STATION:   CAMPO ASOS CA
                                          MONTH:     MARCH
                                          YEAR:      2019
                                          LATITUDE:   32 37 N
                                          LONGITUDE: 116 28 W

  TEMPERATURE IN F:       :PCPN:    SNOW:  WIND      :SUNSHINE: SKY     :PK WND
================================================================================
1   2   3   4   5  6A  6B    7    8   9   10  11  12  13   14  15   16   17  18
                                     12Z  AVG MX 2MIN
DY MAX MIN AVG DEP HDD CDD  WTR  SNW DPTH SPD SPD DIR MIN PSBL S-S WX    SPD DR
================================================================================

 1  68  39  54   4  11   0 0.00  0.0    0  5.7 16 220   M    M   0        22 220
 2  56  43  50  -1  15   0 0.40    M    0 10.4 21 240   M    M   0        26 240
 3  56  48  52   1  13   0 0.00  0.0    0 13.3 18 260   M    M   0        23 260
 4  57  35  46  -5  19   0 0.00  0.0    0  8.4 18 200   M    M   0        21 210
 5  74  31  53   2  12   0 0.04    M    0  7.2 15 240   M    M   0         M  M
 6  62  48  55   4  10   0 0.02    M    0 10.4 17 240   M    M   0        25 240
 7  56  43  50  -1  15   0 0.11    M    0 12.8 22 240   M    M   0        27 260
 8  51  38  45  -6  20   0 0.12    M    0 13.8 30 230   M    M   0        37 240
 9  51  30  41 -10  24   0 0.00  0.0    0  5.7 15 260   M    M   0        19 300
10  49  29  39 -12  26   0 0.00  0.0    0  6.6 13 210   M    M   0         M  M
11  52  30  41 -10  24   0 0.07    M    0 11.5 29  50   M    M   0        35  70
12  54  39  47  -4  18   0 0.03    M    0  8.1 20 260   M    M   0        21 230
13  59  37  48  -3  17   0 0.04    M    0  8.9 18 220   M    M   0        25 250
14  57  40  49  -2  16   0 0.00  0.0    0 19.4 32  50   M    M   0        41  70
15  61  33  47  -5  18   0 0.00  0.0    0 16.4 32  60   M    M   0        43  40
16  67  30  49  -3  16   0 0.00  0.0    0 10.9 26  70   M    M   0        33  50
17  71  35  53   1  12   0 0.00  0.0    0 11.1 26  70   M    M   0        33  40
18  75  36  56   4   9   0 0.00  0.0    0  8.1 20 230   M    M   0        25 230
19  71  38  55   3  10   0 0.00  0.0    0  7.2 20 230   M    M   0        24 220
================================================================================
SM 1147  702       305   0  0.83     0.0 195.9          M        0
================================================================================
AV 60.4 37.0                              10.3 FASTST   M    M   0    MAX(MPH)
                                 MISC ---->  # 32  50               # 43   40
================================================================================
NOTES:
# LAST OF SEVERAL OCCURRENCES

COLUMN 17 PEAK WIND IN M.P.H.

PRELIMINARY LOCAL CLIMATOLOGICAL DATA (WS FORM: F-6) , PAGE 2

                                          STATION:  CAMPO ASOS CA
                                          MONTH:    MARCH
                                          YEAR:     2019
                                          LATITUDE:   32 37 N
                                          LONGITUDE: 116 28 W

[TEMPERATURE DATA]      [PRECIPITATION DATA]       SYMBOLS USED IN COLUMN 16

AVERAGE MONTHLY: 48.7   TOTAL FOR MONTH:   0.83    1 = FOG OR MIST
DPTR FM NORMAL:  -2.6   DPTR FM NORMAL:   -1.06    2 = FOG REDUCING VISIBILITY
HIGHEST:    75 ON 18    GRTST 24HR  0.40 ON  2- 2      TO 1/4 MILE OR LESS
LOWEST:     29 ON 10                               3 = THUNDER
                        SNOW, ICE PELLETS, HAIL    4 = ICE PELLETS
                        TOTAL MONTH:   0.0 INCH    5 = HAIL
                        GRTST 24HR     0.0         6 = FREEZING RAIN OR DRIZZLE
                        GRTST DEPTH:   0           7 = DUSTSTORM OR SANDSTORM:
                                                       VSBY 1/2 MILE OR LESS
                                                   8 = SMOKE OR HAZE
[NO. OF DAYS WITH]      [WEATHER - DAYS WITH]      9 = BLOWING SNOW
                                                   X = TORNADO
MAX 32 OR BELOW:   0    0.01 INCH OR MORE:   8
MAX 90 OR ABOVE:   0    0.10 INCH OR MORE:   3
MIN 32 OR BELOW:   5    0.50 INCH OR MORE:   0
MIN  0 OR BELOW:   0    1.00 INCH OR MORE:   0

[HDD (BASE 65) ]
TOTAL THIS MO.   305    CLEAR  (SCALE 0-3)  19
DPTR FM NORMAL    42    PTCLDY (SCALE 4-7)   0
TOTAL FM JUL 1  2296    CLOUDY (SCALE 8-10)  0
DPTR FM NORMAL   -18

[CDD (BASE 65) ]
TOTAL THIS MO.     0
DPTR FM NORMAL     0    [PRESSURE DATA]
TOTAL FM JAN 1     0    HIGHEST SLP M ON M
DPTR FM NORMAL     0    LOWEST  SLP 29.67 ON 11

[REMARKS]
