000
CXUS56 KSGX 191445
CF6CZZ
PRELIMINARY LOCAL CLIMATOLOGICAL DATA (WS FORM: F-6)

                                          STATION:   CAMPO ASOS CA
                                          MONTH:     MAY
                                          YEAR:      2019
                                          LATITUDE:   32 37 N
                                          LONGITUDE: 116 28 W

  TEMPERATURE IN F:       :PCPN:    SNOW:  WIND      :SUNSHINE: SKY     :PK WND
================================================================================
1   2   3   4   5  6A  6B    7    8   9   10  11  12  13   14  15   16   17  18
                                     12Z  AVG MX 2MIN
DY MAX MIN AVG DEP HDD CDD  WTR  SNW DPTH SPD SPD DIR MIN PSBL S-S WX    SPD DR
================================================================================

 1  70  44  57  -1   8   0 0.00  0.0    0  7.0 18 230   M    M   0        23 230
 2  73  33  53  -5  12   0 0.00  0.0    0  5.9 20 210   M    M   0        23 210
 3  78  33  56  -3   9   0 0.00  0.0    0  7.9 18 220   M    M   0        24 220
 4  78  38  58  -1   7   0 0.00  0.0    0  7.8 21 220   M    M   0        24 220
 5  70  32  51  -8  14   0 0.00  0.0    0 10.7 23 230   M    M   0        28 220
 6  60  50  55  -4  10   0 0.16  0.0    0 11.1 20 240   M    M   0        25 240
 7  56  47  52  -7  13   0 0.01    M    0  8.6 14 230   M    M   0         M  M
 8  56  48  52  -8  13   0 0.00  0.0    0  7.2 15 220   M    M   0        19 210
 9  59  51  55  -5  10   0 0.00  0.0    0  6.6 14 220   M    M   0         M  M
10  64  50  57  -3   8   0 0.00  0.0    0  5.5 15 220   M    M   0        21 220
11  71  52  62   2   3   0 0.35  0.0    0  4.3 22 220   M    M   0        25 220
12  78  49  64   4   1   0 0.00  0.0    0  6.2 17 260   M    M   0        25 260
13  77  46  62   2   3   0 0.00  0.0    0  7.4 21 220   M    M   0        24 220
14  82  47  65   4   0   0 0.00  0.0    0  6.7 20 220   M    M   0        26 280
15  75  45  60  -1   5   0 0.00  0.0    0  9.7 21 220   M    M   0        24 220
16  74  47  61   0   4   0 0.07    M    0 12.2 26 250   M    M   0        33 230
17  63  40  52  -9  13   0 0.00  0.0    0  9.0 16 250   M    M   0        30 220
18  69  36  53  -8  12   0 0.00  0.0    0  8.2 20 220   M    M   0        27 220
================================================================================
SM 1253  788       145   0  0.59     0.0 142.0          M        0
================================================================================
AV 69.6 43.8                               7.9 FASTST   M    M   0    MAX(MPH)
                                 MISC ---->  # 26 250               # 33  230
================================================================================
NOTES:
# LAST OF SEVERAL OCCURRENCES

COLUMN 17 PEAK WIND IN M.P.H.

PRELIMINARY LOCAL CLIMATOLOGICAL DATA (WS FORM: F-6) , PAGE 2

                                          STATION:  CAMPO ASOS CA
                                          MONTH:    MAY
                                          YEAR:     2019
                                          LATITUDE:   32 37 N
                                          LONGITUDE: 116 28 W

[TEMPERATURE DATA]      [PRECIPITATION DATA]       SYMBOLS USED IN COLUMN 16

AVERAGE MONTHLY: 56.7   TOTAL FOR MONTH:   0.59    1 = FOG OR MIST
DPTR FM NORMAL:  -3.1   DPTR FM NORMAL:    0.45    2 = FOG REDUCING VISIBILITY
HIGHEST:    82 ON 14    GRTST 24HR  0.35 ON 11-11      TO 1/4 MILE OR LESS
LOWEST:     32 ON  5                               3 = THUNDER
                        SNOW, ICE PELLETS, HAIL    4 = ICE PELLETS
                        TOTAL MONTH:   0.0 INCH    5 = HAIL
                        GRTST 24HR     0.0         6 = FREEZING RAIN OR DRIZZLE
                        GRTST DEPTH:   0           7 = DUSTSTORM OR SANDSTORM:
                                                       VSBY 1/2 MILE OR LESS
                                                   8 = SMOKE OR HAZE
[NO. OF DAYS WITH]      [WEATHER - DAYS WITH]      9 = BLOWING SNOW
                                                   X = TORNADO
MAX 32 OR BELOW:   0    0.01 INCH OR MORE:   4
MAX 90 OR ABOVE:   0    0.10 INCH OR MORE:   2
MIN 32 OR BELOW:   1    0.50 INCH OR MORE:   0
MIN  0 OR BELOW:   0    1.00 INCH OR MORE:   0

[HDD (BASE 65) ]
TOTAL THIS MO.   145    CLEAR  (SCALE 0-3)  18
DPTR FM NORMAL    40    PTCLDY (SCALE 4-7)   0
TOTAL FM JUL 1  2863    CLOUDY (SCALE 8-10)  0
DPTR FM NORMAL   -10

[CDD (BASE 65) ]
TOTAL THIS MO.     0
DPTR FM NORMAL   -13    [PRESSURE DATA]
TOTAL FM JAN 1     2    HIGHEST SLP M ON M
DPTR FM NORMAL   -14    LOWEST  SLP 29.71 ON 10

[REMARKS]
