000
CXUS53 KUNR 260945
CF6D07
PRELIMINARY LOCAL CLIMATOLOGICAL DATA (WS FORM: F-6)

                                          STATION:   FAITH SD
                                          MONTH:     MAY
                                          YEAR:      2019
                                          LATITUDE:   45  1 N
                                          LONGITUDE: 102  1 W

  TEMPERATURE IN F:       :PCPN:    SNOW:  WIND      :SUNSHINE: SKY     :PK WND
================================================================================
1   2   3   4   5  6A  6B    7    8   9   10  11  12  13   14  15   16   17  18
                                     12Z  AVG MX 2MIN
DY MAX MIN AVG DEP HDD CDD  WTR  SNW DPTH SPD SPD DIR MIN PSBL S-S WX    SPD DR
================================================================================

 1  42  29  36 -15  29   0 0.25    M    M  7.2 13  50   M    M   M        16  60
 2  62  26  44  -7  21   0 0.00    M    M 11.9 24 220   M    M   M        35 180
 3  62  35  49  -2  16   0 0.00    M    M  9.7 18 330   M    M   M        25 320
 4  68  38  53   1  12   0 0.00    M    M 11.1 26  50   M    M   M        34  50
 5  41  35  38 -14  27   0 0.12    M    M 10.4 18  20   M    M   M        23  40
 6  37  32  35 -17  30   0 0.48    M    M  6.8 13  40   M    M   M        14  40
 7  39  33  36 -17  29   0 0.78    M    M 14.3 24 120   M    M   M        31 130
 8  46  37  42 -11  23   0 0.41    M    M 14.5 26  30   M    M   M        33  30
 9  52  30  41 -12  24   0 0.00    M    M  9.8 20  10   M    M   M        27 360
10  62  27  45  -8  20   0 0.00    M    M 13.4 23 200   M    M   M        29 210
11  53  38  46  -8  19   0 0.07    M    M 21.0 41 330   M    M   M        52 330
12  65  36  51  -3  14   0 0.00    M    M  9.7 16 320   M    M   M        21 310
13  79  41  60   6   5   0 0.11    M    M 11.3 23  30   M    M   M        29 300
14  77  50  64  10   1   0 0.00    M    M  8.1 15 130   M    M   M        19 130
15  82  50  66  11   0   1 0.00    M    M 13.8 28 180   M    M   M        36 160
16  61  48  55   0  10   0 0.00    M    M 15.2 28  20   M    M   M        33  30
17  50  41  46  -9  19   0 0.12    M    M 19.0 28  30   M    M   M        37  30
18  45  35  40 -16  25   0 0.51    M    M 20.9 31  40   M    M   M        39  30
19  45  35  40 -16  25   0 0.00    M    M 12.7 23 360   M    M   M        32  10
20  42  33  38 -18  27   0 0.20    M    M  9.9 21 130   M    M   M        27 130
21  46  40  43 -13  22   0 0.95    M    M 19.8 38  70   M    M   M        52  70
22  47  39  43 -14  22   0 0.31    M    M 15.4 32  60   M    M   M        42  50
23  54  39  47 -10  18   0 0.14    M    M  9.5 17 120   M    M   M        24 130
24  62  42  52  -5  13   0 0.22    M    M 20.7 33 250   M    M   M        45 250
25  67  41  54  -4  11   0 0.00    M    M  7.3 15 120   M    M   M        19 120
================================================================================
SM 1386  930       462   1  4.67    M    323.4          M        M
================================================================================
AV 55.4 37.2                              12.9 FASTST   M    M   6    MAX(MPH)
                                 MISC ---->  # 41 330               # 52  330
================================================================================
NOTES:
# LAST OF SEVERAL OCCURRENCES

COLUMN 17 PEAK WIND IN M.P.H.

PRELIMINARY LOCAL CLIMATOLOGICAL DATA (WS FORM: F-6) , PAGE 2

                                          STATION:  FAITH SD
                                          MONTH:    MAY
                                          YEAR:     2019
                                          LATITUDE:   45  1 N
                                          LONGITUDE: 102  1 W

[TEMPERATURE DATA]      [PRECIPITATION DATA]       SYMBOLS USED IN COLUMN 16

AVERAGE MONTHLY: 46.3   TOTAL FOR MONTH:   4.67    1 = FOG OR MIST
DPTR FM NORMAL:  -7.9   DPTR FM NORMAL:    2.22    2 = FOG REDUCING VISIBILITY
HIGHEST:    82 ON 15    GRTST 24HR  0.95 ON 21-21      TO 1/4 MILE OR LESS
LOWEST:     26 ON  2                               3 = THUNDER
                        SNOW, ICE PELLETS, HAIL    4 = ICE PELLETS
                        TOTAL MONTH:    M          5 = HAIL
                        GRTST 24HR    M  ON   M    6 = FREEZING RAIN OR DRIZZLE
                        GRTST DEPTH:  M  ON   M    7 = DUSTSTORM OR SANDSTORM:
                                                       VSBY 1/2 MILE OR LESS
                                                   8 = SMOKE OR HAZE
[NO. OF DAYS WITH]      [WEATHER - DAYS WITH]      9 = BLOWING SNOW
                                                   X = TORNADO
MAX 32 OR BELOW:   0    0.01 INCH OR MORE:  14
MAX 90 OR ABOVE:   0    0.10 INCH OR MORE:  13
MIN 32 OR BELOW:   5    0.50 INCH OR MORE:   3
MIN  0 OR BELOW:   0    1.00 INCH OR MORE:   0

[HDD (BASE 65) ]
TOTAL THIS MO.   462    CLEAR  (SCALE 0-3)   0
DPTR FM NORMAL   185    PTCLDY (SCALE 4-7)   0
TOTAL FM JUL 1  8522    CLOUDY (SCALE 8-10)  0
DPTR FM NORMAL   946

[CDD (BASE 65) ]
TOTAL THIS MO.     1
DPTR FM NORMAL     1    [PRESSURE DATA]
TOTAL FM JAN 1     1    HIGHEST SLP M ON M
DPTR FM NORMAL     0    LOWEST  SLP 29.37 ON 22

[REMARKS]
