000
CXUS52 KMLB 250631
CF6DAB
PRELIMINARY LOCAL CLIMATOLOGICAL DATA (WS FORM: F-6)

                                          STATION:   DAYTONA BEACH
                                          MONTH:     MAY
                                          YEAR:      2019
                                          LATITUDE:   29 10 N
                                          LONGITUDE:  81  3 W

  TEMPERATURE IN F:       :PCPN:    SNOW:  WIND      :SUNSHINE: SKY     :PK WND
================================================================================
1   2   3   4   5  6A  6B    7    8   9   10  11  12  13   14  15   16   17  18
                                     12Z  AVG MX 2MIN
DY MAX MIN AVG DEP HDD CDD  WTR  SNW DPTH SPD SPD DIR MIN PSBL S-S WX    SPD DR
================================================================================

 1  83  73  78   6   0  13 0.00  0.0    0 10.8 21  70   M    M   5        26  70
 2  83  73  78   6   0  13 0.11  0.0    0 11.2 20  70   M    M   7 1      25  80
 3  88  72  80   8   0  15 0.19  0.0    0  6.3 17 210   M    M   7 13     23 220
 4  89  69  79   7   0  14 0.07  0.0    0  6.0 17 300   M    M   4 13     24 300
 5  85  68  77   4   0  12 1.15  0.0    0  8.2 29 290   M    M   6 13     39 290
 6  86  69  78   5   0  13 0.00  0.0    0  4.1 12  70   M    M   5        15  70
 7  84  70  77   4   0  12 0.00  0.0    0  7.1 18  50   M    M   3 1      23  60
 8  83  72  78   5   0  13 0.00  0.0    0  7.8 18  60   M    M   5        23  70
 9  83  70  77   3   0  12 0.00  0.0    0  6.7 16  70   M    M   5        23  80
10  84  70  77   3   0  12 0.00  0.0    0  5.8 15  80   M    M   3        19  70
11  86  68  77   3   0  12    T  0.0    0  4.5 14  70   M    M   6 3      20  80
12  91  71  81   7   0  16    T  0.0    0  7.8 18 200   M    M   6 3      23 200
13  84  70  77   3   0  12 0.43  0.0    0  6.9 22 310   M    M   7 13     30 300
14  80  68  74  -1   0   9 0.00  0.0    0  5.8 16  40   M    M   8        20  40
15  81  67  74  -1   0   9 0.00  0.0    0  5.2 16  60   M    M   5        21  80
16  83  63  73  -2   0   8 0.00  0.0    0  4.2 14  80   M    M   2        19  80
17  85  63  74  -1   0   9 0.00  0.0    0  4.0 13  80   M    M   2        17 150
18  84  64  74  -2   0   9 0.00  0.0    0  4.0 15  70   M    M   3 1      20  80
19  85  63  74  -2   0   9 0.00  0.0    0  4.5 14  90   M    M   2        19 100
20  88  68  78   2   0  13 0.00  0.0    0  4.8 15  70   M    M   2 1      20  70
21  90  70  80   4   0  15 0.00  0.0    0  5.1 14  80   M    M   2        18  80
22  86  68  77   0   0  12 0.00  0.0    0  6.5 16  60   M    M   2 1      20  70
23  85  72  79   2   0  14 0.00  0.0    0  9.6 21  70   M    M   4        25  70
24  84  66  75  -2   0  10 0.00  0.0    0  4.4 15  70   M    M   2        19  50
================================================================================
SM 2040 1647         0 286  1.95     0.0 151.3          M      103
================================================================================
AV 85.0 68.6                               6.3 FASTST   M    M   4    MAX(MPH)
                                 MISC ---->  # 29 290               # 39  290
================================================================================
NOTES:
# LAST OF SEVERAL OCCURRENCES

COLUMN 17 PEAK WIND IN M.P.H.

PRELIMINARY LOCAL CLIMATOLOGICAL DATA (WS FORM: F-6) , PAGE 2

                                          STATION:  DAYTONA BEACH
                                          MONTH:    MAY
                                          YEAR:     2019
                                          LATITUDE:   29 10 N
                                          LONGITUDE:  81  3 W

[TEMPERATURE DATA]      [PRECIPITATION DATA]       SYMBOLS USED IN COLUMN 16

AVERAGE MONTHLY: 76.8   TOTAL FOR MONTH:   1.95    1 = FOG OR MIST
DPTR FM NORMAL:   2.4   DPTR FM NORMAL:   -0.14    2 = FOG REDUCING VISIBILITY
HIGHEST:    91 ON 12    GRTST 24HR  1.15 ON  5- 5      TO 1/4 MILE OR LESS
LOWEST:     63 ON 19,17                            3 = THUNDER
                        SNOW, ICE PELLETS, HAIL    4 = ICE PELLETS
                        TOTAL MONTH:   0.0 INCH    5 = HAIL
                        GRTST 24HR     0.0         6 = FREEZING RAIN OR DRIZZLE
                        GRTST DEPTH:   0           7 = DUSTSTORM OR SANDSTORM:
                                                       VSBY 1/2 MILE OR LESS
                                                   8 = SMOKE OR HAZE
[NO. OF DAYS WITH]      [WEATHER - DAYS WITH]      9 = BLOWING SNOW
                                                   X = TORNADO
MAX 32 OR BELOW:   0    0.01 INCH OR MORE:   5
MAX 90 OR ABOVE:   2    0.10 INCH OR MORE:   4
MIN 32 OR BELOW:   0    0.50 INCH OR MORE:   1
MIN  0 OR BELOW:   0    1.00 INCH OR MORE:   1

[HDD (BASE 65) ]
TOTAL THIS MO.     0    CLEAR  (SCALE 0-3)  10
DPTR FM NORMAL     0    PTCLDY (SCALE 4-7)  14
TOTAL FM JUL 1   541    CLOUDY (SCALE 8-10)  0
DPTR FM NORMAL  -266

[CDD (BASE 65) ]
TOTAL THIS MO.   286
DPTR FM NORMAL    61    [PRESSURE DATA]
TOTAL FM JAN 1   736    HIGHEST SLP M ON M
DPTR FM NORMAL   224    LOWEST  SLP 29.82 ON 13

[REMARKS]
