439
CXUS52 KMLB 220632
CF6DAB
PRELIMINARY LOCAL CLIMATOLOGICAL DATA (WS FORM: F-6)

                                          STATION:   DAYTONA BEACH
                                          MONTH:     MARCH
                                          YEAR:      2019
                                          LATITUDE:   29 10 N
                                          LONGITUDE:  81  3 W

  TEMPERATURE IN F:       :PCPN:    SNOW:  WIND      :SUNSHINE: SKY     :PK WND
================================================================================
1   2   3   4   5  6A  6B    7    8   9   10  11  12  13   14  15   16   17  18
                                     12Z  AVG MX 2MIN
DY MAX MIN AVG DEP HDD CDD  WTR  SNW DPTH SPD SPD DIR MIN PSBL S-S WX    SPD DR
================================================================================

 1  82  60  71   9   0   6 0.00  0.0    0  4.8 23 350   M    M   7 3      29 350
 2  83  59  71   9   0   6 0.00  0.0    0  3.1 13  50   M    M   5 3      16  50
 3  85  62  74  11   0   9 0.00  0.0    0  6.8 20 200   M    M   6 18     29 230
 4  83  61  72   9   0   7 0.01  0.0    0  9.8 20 260   M    M   7        26 270
 5  61  48  55  -8  10   0 0.01  0.0    0  7.6 15 290   M    M   9 18     20 290
 6  55  39  47 -16  18   0 0.00  0.0    0  8.9 18  20   M    M   1        24  20
 7  65  39  52 -11  13   0 0.00  0.0    0  5.8 15  40   M    M   2 1      21  40
 8  75  49  62  -1   3   0 0.00  0.0    0  3.2 15  90   M    M   3 1      20  80
 9  79  54  67   4   0   2 0.00  0.0    0  4.3 14 100   M    M   4 1      21 110
10  86  62  74  10   0   9 0.00  0.0    0  4.2 13 110   M    M   6 1      19 110
11  84  63  74  10   0   9 0.00  0.0    0  2.7 13  30   M    M   6 1      16 250
12  73  62  68   4   0   3 0.00  0.0    0 11.1 22  20   M    M   8 18     29  10
13  76  60  68   4   0   3 0.00  0.0    0  8.4 17 100   M    M   4        25 100
14  78  66  72   8   0   7 0.00  0.0    0  6.8 16 110   M    M   4 8      26 110
15  84  59  72   8   0   7 0.00  0.0    0  4.0 12  70   M    M   4 1      16  70
16  73  62  68   4   0   3 0.00  0.0    0 10.0 21  30   M    M   7 1      25  30
17  67  57  62  -3   3   0 0.03  0.0    0  9.7 20  10   M    M  10 1      26  10
18  67  60  64  -1   1   0 0.00  0.0    0 13.8 24  20   M    M  10        31  10
19  70  59  65   0   0   0 0.78  0.0    0 11.9 24  20   M    M  10 1      32  20
20  68  57  63  -2   2   0 0.01  0.0    0 13.9 26  20   M    M   7 1      34  10
21  76  51  64  -1   1   0 0.00  0.0    0  9.4 23 240   M    M   3        28 250
================================================================================
SM 1570 1189        51  71  0.84     0.0 160.2          M      123
================================================================================
AV 74.8 56.6                               7.6 FASTST   M    M   6    MAX(MPH)
                                 MISC ---->  # 26  20               # 34   10
================================================================================
NOTES:
# LAST OF SEVERAL OCCURRENCES

COLUMN 17 PEAK WIND IN M.P.H.

PRELIMINARY LOCAL CLIMATOLOGICAL DATA (WS FORM: F-6) , PAGE 2

                                          STATION:  DAYTONA BEACH
                                          MONTH:    MARCH
                                          YEAR:     2019
                                          LATITUDE:   29 10 N
                                          LONGITUDE:  81  3 W

[TEMPERATURE DATA]      [PRECIPITATION DATA]       SYMBOLS USED IN COLUMN 16

AVERAGE MONTHLY: 65.7   TOTAL FOR MONTH:   0.84    1 = FOG OR MIST
DPTR FM NORMAL:   2.0   DPTR FM NORMAL:   -2.04    2 = FOG REDUCING VISIBILITY
HIGHEST:    86 ON 10    GRTST 24HR  0.78 ON 19-19      TO 1/4 MILE OR LESS
LOWEST:     39 ON  7, 6                            3 = THUNDER
                        SNOW, ICE PELLETS, HAIL    4 = ICE PELLETS
                        TOTAL MONTH:   0.0 INCH    5 = HAIL
                        GRTST 24HR     0.0         6 = FREEZING RAIN OR DRIZZLE
                        GRTST DEPTH:   0           7 = DUSTSTORM OR SANDSTORM:
                                                       VSBY 1/2 MILE OR LESS
                                                   8 = SMOKE OR HAZE
[NO. OF DAYS WITH]      [WEATHER - DAYS WITH]      9 = BLOWING SNOW
                                                   X = TORNADO
MAX 32 OR BELOW:   0    0.01 INCH OR MORE:   5
MAX 90 OR ABOVE:   0    0.10 INCH OR MORE:   1
MIN 32 OR BELOW:   0    0.50 INCH OR MORE:   1
MIN  0 OR BELOW:   0    1.00 INCH OR MORE:   0

[HDD (BASE 65) ]
TOTAL THIS MO.    51    CLEAR  (SCALE 0-3)   4
DPTR FM NORMAL   -25    PTCLDY (SCALE 4-7)  12
TOTAL FM JUL 1   525    CLOUDY (SCALE 8-10)  5
DPTR FM NORMAL  -233

[CDD (BASE 65) ]
TOTAL THIS MO.    71
DPTR FM NORMAL    23    [PRESSURE DATA]
TOTAL FM JAN 1   233    HIGHEST SLP M ON M
DPTR FM NORMAL   120    LOWEST  SLP 29.84 ON  3

[REMARKS]
