000
CXUS55 KVEF 230940
CF6DAG
PRELIMINARY LOCAL CLIMATOLOGICAL DATA (WS FORM: F-6)

                                          STATION:   BARSTOW-DAGGETT CA
                                          MONTH:     MARCH
                                          YEAR:      2019
                                          LATITUDE:   34 51 N
                                          LONGITUDE: 116 47 W

  TEMPERATURE IN F:       :PCPN:    SNOW:  WIND      :SUNSHINE: SKY     :PK WND
================================================================================
1   2   3   4   5  6A  6B    7    8   9   10  11  12  13   14  15   16   17  18
                                     12Z  AVG MX 2MIN
DY MAX MIN AVG DEP HDD CDD  WTR  SNW DPTH SPD SPD DIR MIN PSBL S-S WX    SPD DR
================================================================================

 1  76  48  62   7   3   0 0.00  0.0    0 13.1 32 260   M    M   1        36 260
 2  71  50  61   5   4   0 0.09  0.0    0 17.5 38 220   M    M   2 1      46 220
 3  70  46  58   2   7   0 0.00  0.0    0 19.3 35 230   M    M   0        44 230
 4  69  46  58   2   7   0 0.00    M    M 11.4 26 260   M    M   0        31 270
 5  80  44  62   6   3   0    T    M    M  8.0 32 230   M    M   3        39 280
 6  64  50  57   1   8   0 0.19    M    M 16.5 35 210   M    M   5 3      43 210
 7  64  46  55  -2  10   0 0.00  0.0    0 15.7 33 230   M    M   2        40 230
 8  58  44  51  -6  14   0 0.00  0.0    0 28.6 41 260   M    M   0        50 260
 9  62  38  50  -7  15   0 0.00  0.0    0 15.4 30 230   M    M   2        36 220
10  59  42  51  -6  14   0 0.00  0.0    0  8.5 17 270   M    M   4        23 270
11  61  37  49  -8  16   0 0.12  0.0    0  6.0 22  50   M    M   5        27  40
12  65  47  56  -2   9   0 0.29  0.0    0 17.7 44 240   M    M   5 1      56 240
13  62  44  53  -5  12   0 0.00  0.0    0 12.4 37 250   M    M   0        46 250
14  60  37  49  -9  16   0 0.00  0.0    0  5.8 17  40   M    M   0        23  20
15  65  34  50  -8  15   0 0.00  0.0    0  4.8 16  50   M    M   0        22  40
16  72  39  56  -2   9   0 0.00    M    0  4.9 15  40   M    M   0        19  50
17  77  43  60   1   5   0 0.00    M    0  7.0 15  40   M    M   0        20  40
18  80  47  64   5   1   0 0.00  0.0    0  6.7 14 120   M    M   1        20  70
19  80  46  63   4   2   0 0.00  0.0    0  9.7 26 130   M    M   1        36 130
20  65  47  56  -3   9   0 0.06    M    0 12.7 24 220   M    M   5        29 300
21  64  46  55  -4  10   0 0.00    M    0 18.7 30 250   M    M   2        38 240
22  69  42  56  -4   9   0 0.00  0.0    0 11.5 22 260   M    M   0        26 260
================================================================================
SM 1493  963       198   0  0.75     0.0 271.9          M       38
================================================================================
AV 67.9 43.8                              12.4 FASTST   M    M   2    MAX(MPH)
                                 MISC ---->  # 44 240               # 56  240
================================================================================
NOTES:
# LAST OF SEVERAL OCCURRENCES

COLUMN 17 PEAK WIND IN M.P.H.

PRELIMINARY LOCAL CLIMATOLOGICAL DATA (WS FORM: F-6) , PAGE 2

                                          STATION:  BARSTOW-DAGGETT CA
                                          MONTH:    MARCH
                                          YEAR:     2019
                                          LATITUDE:   34 51 N
                                          LONGITUDE: 116 47 W

[TEMPERATURE DATA]      [PRECIPITATION DATA]       SYMBOLS USED IN COLUMN 16

AVERAGE MONTHLY: 55.8   TOTAL FOR MONTH:   0.75    1 = FOG OR MIST
DPTR FM NORMAL:  -1.7   DPTR FM NORMAL:    0.34    2 = FOG REDUCING VISIBILITY
HIGHEST:    80 ON 19,18 GRTST 24HR  0.29 ON 12-12      TO 1/4 MILE OR LESS
LOWEST:     34 ON 15                               3 = THUNDER
                        SNOW, ICE PELLETS, HAIL    4 = ICE PELLETS
                        TOTAL MONTH:   0.0 INCH    5 = HAIL
                        GRTST 24HR     0.0         6 = FREEZING RAIN OR DRIZZLE
                        GRTST DEPTH:   0           7 = DUSTSTORM OR SANDSTORM:
                                                       VSBY 1/2 MILE OR LESS
                                                   8 = SMOKE OR HAZE
[NO. OF DAYS WITH]      [WEATHER - DAYS WITH]      9 = BLOWING SNOW
                                                   X = TORNADO
MAX 32 OR BELOW:   0    0.01 INCH OR MORE:   5
MAX 90 OR ABOVE:   0    0.10 INCH OR MORE:   3
MIN 32 OR BELOW:   0    0.50 INCH OR MORE:   0
MIN  0 OR BELOW:   0    1.00 INCH OR MORE:   0

[HDD (BASE 65) ]
TOTAL THIS MO.   198    CLEAR  (SCALE 0-3)  16
DPTR FM NORMAL    24    PTCLDY (SCALE 4-7)   6
TOTAL FM JUL 1  1973    CLOUDY (SCALE 8-10)  0
DPTR FM NORMAL    35

[CDD (BASE 65) ]
TOTAL THIS MO.     0
DPTR FM NORMAL    -9    [PRESSURE DATA]
TOTAL FM JAN 1     0    HIGHEST SLP M ON M
DPTR FM NORMAL   -10    LOWEST  SLP 29.58 ON 12

[REMARKS]
