000
CXUS55 KVEF 260940
CF6DAG
PRELIMINARY LOCAL CLIMATOLOGICAL DATA (WS FORM: F-6)

                                          STATION:   BARSTOW-DAGGETT CA
                                          MONTH:     MAY
                                          YEAR:      2019
                                          LATITUDE:   34 51 N
                                          LONGITUDE: 116 47 W

  TEMPERATURE IN F:       :PCPN:    SNOW:  WIND      :SUNSHINE: SKY     :PK WND
================================================================================
1   2   3   4   5  6A  6B    7    8   9   10  11  12  13   14  15   16   17  18
                                     12Z  AVG MX 2MIN
DY MAX MIN AVG DEP HDD CDD  WTR  SNW DPTH SPD SPD DIR MIN PSBL S-S WX    SPD DR
================================================================================

 1  78  50  64  -5   1   0 0.00  0.0    0  7.0 21 280   M    M   0        25 280
 2  85  54  70   0   0   5 0.00    M    M  8.1 14 300   M    M   0        20 310
 3  90  56  73   3   0   8 0.00  0.0    0 10.3 22 250   M    M   0        25 250
 4  92  59  76   6   0  11 0.00  0.0    0 15.2 25 240   M    M   0        30 230
 5  86  58  72   1   0   7 0.00  0.0    0 17.4 31 270   M    M   0        40 270
 6  75  54  65  -6   0   0 0.00    M    M 18.3 25 230   M    M   1        32 270
 7  86  56  71   0   0   6 0.00  0.0    0 19.0 31 230   M    M   0        40 230
 8  91  58  75   3   0  10    T  0.0    0 13.9 28 260   M    M   1        32 260
 9  86  59  73   1   0   8 0.03  0.0    0 13.3 29 180   M    M   4 3      39 180
10  66  58  62 -10   3   0 0.02    M    M  5.3 15 280   M    M   9        17 270
11  82  57  70  -3   0   5 0.04  0.0    0  8.5 29 120   M    M   4 3      36 110
12  90  57  74   1   0   9 0.00  0.0    0  9.8 24 230   M    M   0        32 230
13  94  64  79   6   0  14 0.00  0.0    0 14.4 23 230   M    M   0        30 230
14  94  62  78   4   0  13 0.00  0.0    0 12.4 25 230   M    M   0        30 250
15  87  60  74   0   0   9 0.00  0.0    0 20.5 36 310   M    M   0        46 310
16  77  54  66  -8   0   1    T  0.0    0 25.3 39 270   M    M   3        48 240
17  72  52  62 -12   3   0 0.00  0.0    0 23.0 40 260   M    M   0        47 260
18  82  48  65 -10   0   0 0.00  0.0    0 12.9 28 240   M    M   1        33 240
19  72  50  61 -14   4   0 0.03  0.0    0 24.6 35 240   M    M   5        45 250
20  73  49  61 -14   4   0 0.00  0.0    0 25.7 37 240   M    M   0        43 270
21  71  54  63 -13   2   0 0.00  0.0    0 34.5 52 270   M    M   0        64 270
22  55  48  52 -24  13   0 0.22    M    0 13.4 30 240   M    M   8 1      37 250
23  67  50  59 -17   6   0    T  0.0    0 11.6 24 250   M    M   7        32 240
24  79  49  64 -12   1   0 0.00  0.0    0  6.6 18 260   M    M   1        23 250
25  83  57  70  -7   0   5    T  0.0    0 13.2 29 240   M    M   2        35 240
================================================================================
SM 2013 1373        37 111  0.34     0.0 384.2          M       46
================================================================================
AV 80.5 54.9                              15.4 FASTST   M    M   2    MAX(MPH)
                                 MISC ---->  # 52 270               # 64  270
================================================================================
NOTES:
# LAST OF SEVERAL OCCURRENCES

COLUMN 17 PEAK WIND IN M.P.H.

PRELIMINARY LOCAL CLIMATOLOGICAL DATA (WS FORM: F-6) , PAGE 2

                                          STATION:  BARSTOW-DAGGETT CA
                                          MONTH:    MAY
                                          YEAR:     2019
                                          LATITUDE:   34 51 N
                                          LONGITUDE: 116 47 W

[TEMPERATURE DATA]      [PRECIPITATION DATA]       SYMBOLS USED IN COLUMN 16

AVERAGE MONTHLY: 67.7   TOTAL FOR MONTH:   0.34    1 = FOG OR MIST
DPTR FM NORMAL:  -5.4   DPTR FM NORMAL:    0.30    2 = FOG REDUCING VISIBILITY
HIGHEST:    94 ON 14,13 GRTST 24HR  0.22 ON 22-22      TO 1/4 MILE OR LESS
LOWEST:     48 ON 22,18                            3 = THUNDER
                        SNOW, ICE PELLETS, HAIL    4 = ICE PELLETS
                        TOTAL MONTH:   0.0 INCH    5 = HAIL
                        GRTST 24HR     0.0         6 = FREEZING RAIN OR DRIZZLE
                        GRTST DEPTH:   0           7 = DUSTSTORM OR SANDSTORM:
                                                       VSBY 1/2 MILE OR LESS
                                                   8 = SMOKE OR HAZE
[NO. OF DAYS WITH]      [WEATHER - DAYS WITH]      9 = BLOWING SNOW
                                                   X = TORNADO
MAX 32 OR BELOW:   0    0.01 INCH OR MORE:   5
MAX 90 OR ABOVE:   6    0.10 INCH OR MORE:   1
MIN 32 OR BELOW:   0    0.50 INCH OR MORE:   0
MIN  0 OR BELOW:   0    1.00 INCH OR MORE:   0

[HDD (BASE 65) ]
TOTAL THIS MO.    37    CLEAR  (SCALE 0-3)  18
DPTR FM NORMAL    23    PTCLDY (SCALE 4-7)   6
TOTAL FM JUL 1  2075    CLOUDY (SCALE 8-10)  1
DPTR FM NORMAL   -23

[CDD (BASE 65) ]
TOTAL THIS MO.   111
DPTR FM NORMAL  -110    [PRESSURE DATA]
TOTAL FM JAN 1   255    HIGHEST SLP M ON M
DPTR FM NORMAL   -73    LOWEST  SLP 29.51 ON  9

[REMARKS]
