000
CXUS54 KFWD 240730
CF6DAL
PRELIMINARY LOCAL CLIMATOLOGICAL DATA (WS FORM: F-6)

                                          STATION:   DALLAS LOVE FIELD
                                          MONTH:     MARCH
                                          YEAR:      2019
                                          LATITUDE:   32 50 N
                                          LONGITUDE:  96 51 W

  TEMPERATURE IN F:       :PCPN:    SNOW:  WIND      :SUNSHINE: SKY     :PK WND
================================================================================
1   2   3   4   5  6A  6B    7    8   9   10  11  12  13   14  15   16   17  18
                                     12Z  AVG MX 2MIN
DY MAX MIN AVG DEP HDD CDD  WTR  SNW DPTH SPD SPD DIR MIN PSBL S-S WX    SPD DR
================================================================================

 1  46  34  40 -14  25   0 0.00  0.0    0  4.8 10  30   M    M  10 8      20  40
 2  44  39  42 -13  23   0 0.09  0.0    0  6.9 13  20   M    M  10 18     20  30
 3  43  28  36 -19  29   0 0.03  0.0    0 15.9 24  10   M    M   9 1      33 350
 4  34  22  28 -27  37   0 0.00  0.0    0 13.8 23 360   M    M   6        27  10
 5  46  23  35 -21  30   0 0.00  0.0    0  7.2 18 330   M    M   1        24 330
 6  55  27  41 -15  24   0 0.00  0.0    0  9.0 22 150   M    M   4        25 150
 7  73  45  59   3   6   0 0.00  0.0    0 13.8 23 180   M    M   9        32 180
 8  80  62  71  15   0   6 0.00  0.0    0 11.2 21 180   M    M  10        27 180
 9  78  58  68  11   0   3 0.32  0.0    0 11.5 30 290   M    M   7 13     38 280
10  61  53  57   0   8   0 0.04  0.0    0  9.0 16  30   M    M   9        26  60
11  65  52  59   2   6   0    T  0.0    0 10.1 20  70   M    M  10        25  70
12  69  57  63   5   2   0 0.07  0.0    0 15.2 37 140   M    M  10 13     52 140
13  73  56  65   7   0   0 1.00  0.0    0 15.5 36 280   M    M   6 13     45 290
14  67  50  59   1   6   0 0.00  0.0    0 15.0 28 280   M    M   4 7      36 280
15  61  44  53  -5  12   0 0.00  0.0    0 12.0 26  10   M    M   6        34 350
16  63  37  50  -9  15   0 0.00  0.0    0  5.1 15  30   M    M   3        24  70
17  68  39  54  -5  11   0 0.00  0.0    0  3.0 12 160   M    M   3        14 110
18  71  42  57  -2   8   0 0.00  0.0    0  2.9 16 140   M    M   3        21 140
19  71  50  61   1   4   0 0.00  0.0    0  7.7 21 170   M    M   6        25 160
20  67  52  60   0   5   0 0.00  0.0    0  5.5 21 350   M    M   4        27  10
21  79  47  63   3   2   0 0.00  0.0    0  4.6 16 330   M    M   2        23 330
22  77  50  64   4   1   0 0.00  0.0    0  9.1 20 150   M    M   6        26 160
23  71  61  66   6   0   1 0.01  0.0    0 11.9 21 170   M    M   9        26 180
================================================================================
SM 1462 1028       254  10  1.56     0.0 220.7          M      147
================================================================================
AV 63.6 44.7                               9.6 FASTST   M    M   6    MAX(MPH)
                                 MISC ---->  # 37 140               # 52  140
================================================================================
NOTES:
# LAST OF SEVERAL OCCURRENCES

COLUMN 17 PEAK WIND IN M.P.H.

PRELIMINARY LOCAL CLIMATOLOGICAL DATA (WS FORM: F-6) , PAGE 2

                                          STATION:  DALLAS LOVE FIELD
                                          MONTH:    MARCH
                                          YEAR:     2019
                                          LATITUDE:   32 50 N
                                          LONGITUDE:  96 51 W

[TEMPERATURE DATA]      [PRECIPITATION DATA]       SYMBOLS USED IN COLUMN 16

AVERAGE MONTHLY: 54.1   TOTAL FOR MONTH:   1.56    1 = FOG OR MIST
DPTR FM NORMAL:  -3.4   DPTR FM NORMAL:   -1.02    2 = FOG REDUCING VISIBILITY
HIGHEST:    80 ON  8    GRTST 24HR  1.00 ON 13-13      TO 1/4 MILE OR LESS
LOWEST:     22 ON  4                               3 = THUNDER
                        SNOW, ICE PELLETS, HAIL    4 = ICE PELLETS
                        TOTAL MONTH:   0.0 INCH    5 = HAIL
                        GRTST 24HR     0.0         6 = FREEZING RAIN OR DRIZZLE
                        GRTST DEPTH:   0           7 = DUSTSTORM OR SANDSTORM:
                                                       VSBY 1/2 MILE OR LESS
                                                   8 = SMOKE OR HAZE
[NO. OF DAYS WITH]      [WEATHER - DAYS WITH]      9 = BLOWING SNOW
                                                   X = TORNADO
MAX 32 OR BELOW:   0    0.01 INCH OR MORE:   7
MAX 90 OR ABOVE:   0    0.10 INCH OR MORE:   2
MIN 32 OR BELOW:   4    0.50 INCH OR MORE:   1
MIN  0 OR BELOW:   0    1.00 INCH OR MORE:   1

[HDD (BASE 65) ]
TOTAL THIS MO.   254    CLEAR  (SCALE 0-3)   5
DPTR FM NORMAL    59    PTCLDY (SCALE 4-7)   9
TOTAL FM JUL 1  2041    CLOUDY (SCALE 8-10)  9
DPTR FM NORMAL    28

[CDD (BASE 65) ]
TOTAL THIS MO.    10
DPTR FM NORMAL   -15    [PRESSURE DATA]
TOTAL FM JAN 1    35    HIGHEST SLP M ON M
DPTR FM NORMAL    -1    LOWEST  SLP 29.44 ON 13

[REMARKS]
