000
CXUS51 KILN 210541
CF6DAY
PRELIMINARY LOCAL CLIMATOLOGICAL DATA (WS FORM: F-6)

                                          STATION:   DAYTON OH
                                          MONTH:     MAY
                                          YEAR:      2019
                                          LATITUDE:   39 54 N
                                          LONGITUDE:  84 12 W

  TEMPERATURE IN F:       :PCPN:    SNOW:  WIND      :SUNSHINE: SKY     :PK WND
================================================================================
1   2   3   4   5  6A  6B    7    8   9   10  11  12  13   14  15   16   17  18
                                     12Z  AVG MX 2MIN
DY MAX MIN AVG DEP HDD CDD  WTR  SNW DPTH SPD SPD DIR MIN PSBL S-S WX    SPD DR
================================================================================

 1  81  58  70  13   0   5 0.78  0.0    0 12.6 31 200   M    M   9 13     42 200
 2  75  62  69  12   0   4    T  0.0    0  6.7 17 270   M    M   9 128    20 270
 3  71  55  63   5   2   0 0.57  0.0    0  6.5 18 330   M    M  10 138    22 340
 4  59  51  55  -3  10   0 0.07  0.0    0  9.9 16  10   M    M  10 128    18  10
 5  69  50  60   2   5   0 0.00  0.0    0  7.8 17  20   M    M   8        21  40
 6  76  49  63   5   2   0    T  0.0    0  7.6 15 220   M    M   3        19 220
 7  79  54  67   8   0   2 0.00  0.0    0  8.5 20  20   M    M   5        22  30
 8  80  49  65   6   0   0 0.00  0.0    0  9.6 16 140   M    M   4        22 140
 9  77  65  71  12   0   6 0.45  0.0    0 15.4 30 220   M    M   8 1      41 210
10  66  49  58  -2   7   0    T  0.0    0  9.9 24 260   M    M  10        38 230
11  67  42  55  -5  10   0 0.12  0.0    0 10.0 22  50   M    M   6 1      26  40
12  52  45  49 -11  16   0 0.14  0.0    0  6.5 16  50   M    M  10 18     19  60
13  55  44  50 -10  15   0 0.13  0.0    0  9.3 17 330   M    M  10 1      23 270
14  68  43  56  -5   9   0 0.00  0.0    0  5.4 13 340   M    M   3        19 310
15  72  46  59  -2   6   0 0.00  0.0    0  6.9 15 250   M    M   5        20 240
16  77  53  65   4   0   0 0.02  0.0    0 11.1 22 200   M    M   6 3      28 200
17  81  62  72  10   0   7 1.26  0.0    0 10.8 26  70   M    M   8 13     35  60
18  86  64  75  13   0  10 0.00  0.0    0 11.3 22 220   M    M   4        26 210
19  79  62  71   9   0   6 0.25  0.0    0 14.0 32 230   M    M   7 1      46 230
20  66  48  57  -6   8   0 0.00  0.0    0 12.3 22 260   M    M   6        26 260
================================================================================
SM 1436 1051        90  40  3.79     0.0 192.1          M      141
================================================================================
AV 71.8 52.6                               9.6 FASTST   M    M   7    MAX(MPH)
                                 MISC ---->  # 32 230               # 46  230
================================================================================
NOTES:
# LAST OF SEVERAL OCCURRENCES

COLUMN 17 PEAK WIND IN M.P.H.

PRELIMINARY LOCAL CLIMATOLOGICAL DATA (WS FORM: F-6) , PAGE 2

                                          STATION:  DAYTON OH
                                          MONTH:    MAY
                                          YEAR:     2019
                                          LATITUDE:   39 54 N
                                          LONGITUDE:  84 12 W

[TEMPERATURE DATA]      [PRECIPITATION DATA]       SYMBOLS USED IN COLUMN 16

AVERAGE MONTHLY: 62.2   TOTAL FOR MONTH:   3.79    1 = FOG OR MIST
DPTR FM NORMAL:   2.4   DPTR FM NORMAL:    0.80    2 = FOG REDUCING VISIBILITY
HIGHEST:    86 ON 18    GRTST 24HR  1.26 ON 17-17      TO 1/4 MILE OR LESS
LOWEST:     42 ON 11                               3 = THUNDER
                        SNOW, ICE PELLETS, HAIL    4 = ICE PELLETS
                        TOTAL MONTH:   0.0 INCH    5 = HAIL
                        GRTST 24HR     0.0         6 = FREEZING RAIN OR DRIZZLE
                        GRTST DEPTH:   0           7 = DUSTSTORM OR SANDSTORM:
                                                       VSBY 1/2 MILE OR LESS
                                                   8 = SMOKE OR HAZE
[NO. OF DAYS WITH]      [WEATHER - DAYS WITH]      9 = BLOWING SNOW
                                                   X = TORNADO
MAX 32 OR BELOW:   0    0.01 INCH OR MORE:  10
MAX 90 OR ABOVE:   0    0.10 INCH OR MORE:   8
MIN 32 OR BELOW:   0    0.50 INCH OR MORE:   3
MIN  0 OR BELOW:   0    1.00 INCH OR MORE:   1

[HDD (BASE 65) ]
TOTAL THIS MO.    90    CLEAR  (SCALE 0-3)   2
DPTR FM NORMAL   -41    PTCLDY (SCALE 4-7)  11
TOTAL FM JUL 1  5280    CLOUDY (SCALE 8-10)  7
DPTR FM NORMAL  -302

[CDD (BASE 65) ]
TOTAL THIS MO.    40
DPTR FM NORMAL    12    [PRESSURE DATA]
TOTAL FM JAN 1    41    HIGHEST SLP 30.17 ON 11
DPTR FM NORMAL     3    LOWEST  SLP 29.73 ON 13

[REMARKS]
