000
CXUS55 KDVN 181100
CF6DBQ
PRELIMINARY LOCAL CLIMATOLOGICAL DATA (WS FORM: F-6)

                                          STATION:   DUBUQUE IA
                                          MONTH:     MARCH
                                          YEAR:      2019
                                          LATITUDE:   42 24 N
                                          LONGITUDE:  90 42 W

  TEMPERATURE IN F:       :PCPN:    SNOW:  WIND      :SUNSHINE: SKY     :PK WND
================================================================================
1   2   3   4   5  6A  6B    7    8   9   10  11  12  13   14  15   16   17  18
                                     12Z  AVG MX 2MIN
DY MAX MIN AVG DEP HDD CDD  WTR  SNW DPTH SPD SPD DIR MIN PSBL S-S WX    SPD DR
================================================================================

 1  29  19  24  -5  41   0    T    T    8  4.1 10 200   M    M   8 18     14 120
 2  25  15  20  -9  45   0 0.00  0.0    7 11.0 18 340   M    M   8 18     22 320
 3  15  -7   4 -26  61   0 0.00  0.0    7 14.8 22 290   M    M   2        29 310
 4   5 -10  -2 -32  67   0 0.00  0.0    7 14.6 23 250   M    M   2 8      32 260
 5  15   3   9 -22  56   0    T    T    7 15.4 31 300   M    M   5 8      40 300
 6  24  -1  12 -19  53   0 0.00  0.0    7 11.8 23 260   M    M   1        28 250
 7  23   9  16 -15  49   0 0.00  0.0    7  6.9 13 340   M    M   4        17 340
 8  35  19  27  -5  38   0 0.00  0.0    7  6.3 13 110   M    M   6 8      17 110
 9  35  29  32   0  33   0 0.61  0.5    7 15.2 28 100   M    M   7 128    37 100
10  34  22  28  -5  37   0 0.00  0.0    6 19.8 37 280   M    M   6 1      47 270
11  33  20  27  -6  38   0 0.00  0.0    6  6.7 13 240   M    M   4        16 330
12  38  19  29  -5  36   0 0.50  0.0    5 13.5 25 160   M    M   6 1      31 160
13  49  35  42   8  23   0 0.36  0.0    3 15.6 23 150   M    M   7 12     33 140
14  53  35  44  10  21   0 0.05  0.0    T 18.8 37 230   M    M   8 128    46 220
15  40  30  35   0  30   0 0.00  0.0    0 19.4 32 280   M    M   9        42 280
16  38  26  32  -3  33   0 0.00  0.0    0  9.3 20 300   M    M   2        29 290
17  39  26  33  -3  32   0 0.00  0.0    0  9.1 20 310   M    M   5        25 280
================================================================================
SM  530  289       693   0  1.52     0.5 212.3          M       90
================================================================================
AV 31.2 17.0                              12.5 FASTST   M    M   5    MAX(MPH)
                                 MISC ---->  # 37 280               # 47  270
================================================================================
NOTES:
# LAST OF SEVERAL OCCURRENCES

COLUMN 17 PEAK WIND IN M.P.H.

PRELIMINARY LOCAL CLIMATOLOGICAL DATA (WS FORM: F-6) , PAGE 2

                                          STATION:  DUBUQUE IA
                                          MONTH:    MARCH
                                          YEAR:     2019
                                          LATITUDE:   42 24 N
                                          LONGITUDE:  90 42 W

[TEMPERATURE DATA]      [PRECIPITATION DATA]       SYMBOLS USED IN COLUMN 16

AVERAGE MONTHLY: 24.1   TOTAL FOR MONTH:   1.52    1 = FOG OR MIST
DPTR FM NORMAL:  -8.2   DPTR FM NORMAL:    0.35    2 = FOG REDUCING VISIBILITY
HIGHEST:    53 ON 14    GRTST 24HR  0.61 ON  9- 9      TO 1/4 MILE OR LESS
LOWEST:    -10 ON  4                               3 = THUNDER
                        SNOW, ICE PELLETS, HAIL    4 = ICE PELLETS
                        TOTAL MONTH:   0.5 INCH    5 = HAIL
                        GRTST 24HR   0.5 ON  9- 9  6 = FREEZING RAIN OR DRIZZLE
                        GRTST DEPTH:   8 ON  1     7 = DUSTSTORM OR SANDSTORM:
                                                       VSBY 1/2 MILE OR LESS
                                                   8 = SMOKE OR HAZE
[NO. OF DAYS WITH]      [WEATHER - DAYS WITH]      9 = BLOWING SNOW
                                                   X = TORNADO
MAX 32 OR BELOW:   7    0.01 INCH OR MORE:   4
MAX 90 OR ABOVE:   0    0.10 INCH OR MORE:   3
MIN 32 OR BELOW:  15    0.50 INCH OR MORE:   2
MIN  0 OR BELOW:   3    1.00 INCH OR MORE:   0

[HDD (BASE 65) ]
TOTAL THIS MO.   693    CLEAR  (SCALE 0-3)   4
DPTR FM NORMAL   138    PTCLDY (SCALE 4-7)  11
TOTAL FM JUL 1  6274    CLOUDY (SCALE 8-10)  2
DPTR FM NORMAL   326

[CDD (BASE 65) ]
TOTAL THIS MO.     0
DPTR FM NORMAL     0    [PRESSURE DATA]
TOTAL FM JAN 1     0    HIGHEST SLP M ON M
DPTR FM NORMAL     0    LOWEST  SLP 29.21 ON 14

[REMARKS]
