000
CXUS55 KDVN 191100
CF6DBQ
PRELIMINARY LOCAL CLIMATOLOGICAL DATA (WS FORM: F-6)

                                          STATION:   DUBUQUE IA
                                          MONTH:     MAY
                                          YEAR:      2019
                                          LATITUDE:   42 24 N
                                          LONGITUDE:  90 42 W

  TEMPERATURE IN F:       :PCPN:    SNOW:  WIND      :SUNSHINE: SKY     :PK WND
================================================================================
1   2   3   4   5  6A  6B    7    8   9   10  11  12  13   14  15   16   17  18
                                     12Z  AVG MX 2MIN
DY MAX MIN AVG DEP HDD CDD  WTR  SNW DPTH SPD SPD DIR MIN PSBL S-S WX    SPD DR
================================================================================

 1  53  42  48  -6  17   0 0.11  0.0    0  6.0 17  90   M    M  10 1      25  80
 2  55  44  50  -4  15   0    T  0.0    0  5.8 15 350   M    M  10 1      17 360
 3  58  39  49  -6  16   0 0.00  0.0    0  3.1 12 100   M    M   4 12     17 100
 4  66  38  52  -3  13   0 0.00  0.0    0  4.7 10 240   M    M   0 1      16 160
 5  73  43  58   3   7   0 0.24  0.0    0 10.2 25 290   M    M   5 13     33 300
 6  63  51  57   1   8   0 0.12  0.0    0  8.1 15  20   M    M   8 13     21  10
 7  58  46  52  -4  13   0 0.00  0.0    0 11.1 18  70   M    M   5        25  80
 8  59  43  51  -5  14   0 0.60  0.0    0 12.5 26 100   M    M   9 1      35 120
 9  58  41  50  -6  15   0    T  0.0    0 12.9 23 280   M    M   9 1      31 280
10  61  37  49  -8  16   0 0.00  0.0    0  7.0 17 340   M    M   2        31 320
11  53  40  47 -10  18   0 0.01  0.0    0  8.7 16 170   M    M   7        22 170
12  53  36  45 -13  20   0 0.00  0.0    0  6.8 16  60   M    M   9        20  80
13  66  42  54  -4  11   0 0.00  0.0    0  6.3 15 330   M    M   4        21 340
14  66  42  54  -4  11   0 0.00  0.0    0  6.6 17 210   M    M   2        26 190
15  76  45  61   3   4   0 0.00  0.0    0  3.5 10 290   M    M   1 18     15 270
16  85  55  70  11   0   5 0.00  0.0    0 10.4 25  30   M    M   1        32  30
17  67  50  59   0   6   0 0.03  0.0    0 12.3 20  80   M    M   8 13     26  60
18  72  47  60   1   5   0 0.72  0.0    0 11.2 24 190   M    M   5 13     31 200
================================================================================
SM 1142  781       209   5  1.83     0.0 147.2          M       99
================================================================================
AV 63.4 43.4                               8.2 FASTST   M    M   6    MAX(MPH)
                                 MISC ---->  # 26 100               # 35  120
================================================================================
NOTES:
# LAST OF SEVERAL OCCURRENCES

COLUMN 17 PEAK WIND IN M.P.H.

PRELIMINARY LOCAL CLIMATOLOGICAL DATA (WS FORM: F-6) , PAGE 2

                                          STATION:  DUBUQUE IA
                                          MONTH:    MAY
                                          YEAR:     2019
                                          LATITUDE:   42 24 N
                                          LONGITUDE:  90 42 W

[TEMPERATURE DATA]      [PRECIPITATION DATA]       SYMBOLS USED IN COLUMN 16

AVERAGE MONTHLY: 53.4   TOTAL FOR MONTH:   1.83    1 = FOG OR MIST
DPTR FM NORMAL:  -3.3   DPTR FM NORMAL:   -0.57    2 = FOG REDUCING VISIBILITY
HIGHEST:    85 ON 16    GRTST 24HR  0.72 ON 18-18      TO 1/4 MILE OR LESS
LOWEST:     36 ON 12                               3 = THUNDER
                        SNOW, ICE PELLETS, HAIL    4 = ICE PELLETS
                        TOTAL MONTH:   0.0 INCH    5 = HAIL
                        GRTST 24HR     0.0         6 = FREEZING RAIN OR DRIZZLE
                        GRTST DEPTH:   0           7 = DUSTSTORM OR SANDSTORM:
                                                       VSBY 1/2 MILE OR LESS
                                                   8 = SMOKE OR HAZE
[NO. OF DAYS WITH]      [WEATHER - DAYS WITH]      9 = BLOWING SNOW
                                                   X = TORNADO
MAX 32 OR BELOW:   0    0.01 INCH OR MORE:   7
MAX 90 OR ABOVE:   0    0.10 INCH OR MORE:   5
MIN 32 OR BELOW:   0    0.50 INCH OR MORE:   2
MIN  0 OR BELOW:   0    1.00 INCH OR MORE:   0

[HDD (BASE 65) ]
TOTAL THIS MO.   209    CLEAR  (SCALE 0-3)   5
DPTR FM NORMAL    49    PTCLDY (SCALE 4-7)   8
TOTAL FM JUL 1  7342    CLOUDY (SCALE 8-10)  5
DPTR FM NORMAL   361

[CDD (BASE 65) ]
TOTAL THIS MO.     5
DPTR FM NORMAL    -5    [PRESSURE DATA]
TOTAL FM JAN 1     7    HIGHEST SLP M ON M
DPTR FM NORMAL    -8    LOWEST  SLP 29.53 ON 18

[REMARKS]
