000
CXUS54 KHUN 180810
CF6DCU
PRELIMINARY LOCAL CLIMATOLOGICAL DATA (WS FORM: F-6)

                                          STATION:   DECATUR
                                          MONTH:     MARCH
                                          YEAR:      2019
                                          LATITUDE:   34 39 N
                                          LONGITUDE:  86 56 W

  TEMPERATURE IN F:       :PCPN:    SNOW:  WIND      :SUNSHINE: SKY     :PK WND
================================================================================
1   2   3   4   5  6A  6B    7    8   9   10  11  12  13   14  15   16   17  18
                                     12Z  AVG MX 2MIN
DY MAX MIN AVG DEP HDD CDD  WTR  SNW DPTH SPD SPD DIR MIN PSBL S-S WX    SPD DR
================================================================================

 1  53  42  48   0  17   0 0.12  0.0    0  7.1 14 270   M    M  10 1      15 300
 2  50  40  45  -3  20   0 0.00  0.0    0  5.9 14  50   M    M  10 3      22  50
 3  44  33  39 -10  26   0    M  0.0    0 11.1 23 320   M    M  10 1      29 320
 4  35  25  30 -19  35   0 0.00  0.0    0 11.0 20 350   M    M   9 M      25 350
 5  39  23  31 -18  34   0 0.00  0.0    0 10.2 21 270   M    M   1 M      26 270
 6  40  20  30 -20  35   0 0.00  0.0    0  4.9 14  30   M    M   0 M      19 260
 7  52  23  38 -12  27   0 0.00  0.0    0  4.3 12 150   M    M   5 M      16 180
 8  62  46  54   4  11   0 0.34  0.0    0  5.1 21 190   M    M  10 13     25 200
 9  69  56  63  13   2   0 1.53  0.0    0 15.4 31 180   M    M  10 13     43 190
10  71  52  62  11   3   0    T  0.0    M  4.5 12  30   M    M   2 1      16  30
11  61  47  54   3  11   0 0.18  0.0    0  5.5 15  10   M    M   6 1      19  20
12  66  42  54   3  11   0 0.00  0.0    0  3.5 12 150   M    M   0 M      15 150
13  76  52  64  12   1   0 0.00  0.0    0 17.4 31 160   M    M   1 M      38 160
14  73  62  68  16   0   3 0.25  0.0    0 16.2 29 170   M    M  10 13     36 160
15  62  38  50  -2  15   0 0.00  0.0    0  9.8 20 280   M    M   1 M      26 270
16  58  35  47  -5  18   0 0.00  0.0    0  6.9 18  10   M    M   0 M      24  20
17  62  30  46  -7  19   0 0.00  0.0    0  4.5 16 270   M    M   0 M      18 270
================================================================================
SM  973  666       285   3  2.42  0.0    143.3          M       85
================================================================================
AV 57.2 39.2                               8.4 FASTST   M    M   5    MAX(MPH)
                                 MISC ---->  # 31 180                 43 190
================================================================================
NOTES:
# LAST OF SEVERAL OCCURRENCES

COLUMN 17 PEAK WIND IN M.P.H.

PRELIMINARY LOCAL CLIMATOLOGICAL DATA (WS FORM: F-6) , PAGE 2

                                          STATION:   DECATUR
                                          MONTH:     MARCH
                                          YEAR:      2019
                                          LATITUDE:   34 39 N
                                          LONGITUDE:  86 56 W

[TEMPERATURE DATA]      [PRECIPITATION DATA]       SYMBOLS USED IN COLUMN 16

AVERAGE MONTHLY: 48.2   TOTAL FOR MONTH:   2.42    1 = FOG OR MIST
DPTR FM NORMAL:  -2.2   DPTR FM NORMAL:   -0.33    2 = FOG REDUCING VISIBILITY
HIGHEST:    76 ON 13    GRTST 24HR  1.53 ON  9- 9      TO 1/4 MILE OR LESS
LOWEST:     20 ON  6                               3 = THUNDER
                        SNOW, ICE PELLETS, HAIL    4 = ICE PELLETS
                        TOTAL MONTH:   0.0 INCH    5 = HAIL
                        GRTST 24HR  0.0            6 = FREEZING RAIN OR DRIZZLE
                        GRTST DEPTH:  0            7 = DUSTSTORM OR SANDSTORM:
                                                       VSBY 1/2 MILE OR LESS
                                                   8 = SMOKE OR HAZE
[NO. OF DAYS WITH]      [WEATHER - DAYS WITH]      9 = BLOWING SNOW
                                                   X = TORNADO
MAX 32 OR BELOW:   0    0.01 INCH OR MORE:   6
MAX 90 OR ABOVE:   0    0.10 INCH OR MORE:   6
MIN 32 OR BELOW:   5    0.50 INCH OR MORE:   2
MIN  0 OR BELOW:   0    1.00 INCH OR MORE:   2

[HDD (BASE 65) ]
TOTAL THIS MO.   285    CLEAR  (SCALE 0-3)   8
DPTR FM NORMAL    35    PTCLDY (SCALE 4-7)   2
TOTAL FM JUL 1  2710    CLOUDY (SCALE 8-10)  7
DPTR FM NORMAL  -157

[CDD (BASE 65) ]
TOTAL THIS MO.     3
DPTR FM NORMAL     3    [PRESSURE DATA]
TOTAL FM JAN 1     6    HIGHEST SLP M ON M
DPTR FM NORMAL     5    LOWEST  SLP 29.74 ON  9

[REMARKS]
