000
CXUS53 KDDC 181200
CF6DDC
PRELIMINARY LOCAL CLIMATOLOGICAL DATA (WS FORM: F-6)

                                          STATION:   DODGE CITY KS
                                          MONTH:     MARCH
                                          YEAR:      2019
                                          LATITUDE:   37 46 N
                                          LONGITUDE:  99 58 W

  TEMPERATURE IN F:       :PCPN:    SNOW:  WIND      :SUNSHINE: SKY     :PK WND
================================================================================
1   2   3   4   5  6A  6B    7    8   9   10  11  12  13   14  15   16   17  18
                                     12Z  AVG MX 2MIN
DY MAX MIN AVG DEP HDD CDD  WTR  SNW DPTH SPD SPD DIR MIN PSBL S-S WX    SPD DR
================================================================================

 1  46  19  33  -7  32   0 0.00  0.0    T 11.7 22  10   M    M   1        29  20
 2  26  13  20 -20  45   0 0.08  1.6    T 14.4 24  40   M    M   8 128    33  30
 3  13   3   8 -32  57   0 0.20  3.2    4 18.4 29  10   M    M   9 128    38  10
 4  16  -1   8 -33  57   0    T    T    4  9.2 16 310   M    M   6 18     20 310
 5  26   5  16 -25  49   0 0.00  0.0    4  8.6 20 360   M    M   0        24 350
 6  52  15  34  -7  31   0 0.00  0.0    2 18.9 32 180   M    M   0        40 170
 7  44  27  36  -6  29   0 0.00  0.0    T 10.4 26 150   M    M   0 8      36 150
 8  51  23  37  -5  28   0 0.00  0.0    0 12.5 25 150   M    M   2 128    33 160
 9  53  27  40  -2  25   0    T  0.0    0 20.7 46 320   M    M   3 18     59 300
10  46  26  36  -7  29   0 0.00  0.0    0  7.8 14 120   M    M   0        20 100
11  49  25  37  -6  28   0 0.00  0.0    0 11.1 22 160   M    M   7        28 170
12  57  45  51   8  14   0 0.14  0.0    0 18.7 26 150   M    M  10 123    35 150
13  57  35  46   2  19   0 0.46    T    0 27.7 41 310   M    M   8 13     57 230
14  45  30  38  -6  27   0    T    T    0 27.9 47 320   M    M   7        71 320
15  51  27  39  -5  26   0 0.00  0.0    0 10.9 18 320   M    M   0        23 310
16  63  27  45   1  20   0 0.00  0.0    0 10.1 20 210   M    M   0        23 210
17  62  27  45   0  20   0 0.00  0.0    0  8.4 16  90   M    M   1        20  70
================================================================================
SM  757  373       536   0  0.88     4.8 247.4          M       62
================================================================================
AV 44.5 21.9                              14.6 FASTST   M    M   4    MAX(MPH)
                                 MISC ---->  # 47 320               # 71  320
================================================================================
NOTES:
# LAST OF SEVERAL OCCURRENCES

COLUMN 17 PEAK WIND IN M.P.H.

PRELIMINARY LOCAL CLIMATOLOGICAL DATA (WS FORM: F-6) , PAGE 2

                                          STATION:  DODGE CITY KS
                                          MONTH:    MARCH
                                          YEAR:     2019
                                          LATITUDE:   37 46 N
                                          LONGITUDE:  99 58 W

[TEMPERATURE DATA]      [PRECIPITATION DATA]       SYMBOLS USED IN COLUMN 16

AVERAGE MONTHLY: 33.2   TOTAL FOR MONTH:   0.88    1 = FOG OR MIST
DPTR FM NORMAL:  -9.1   DPTR FM NORMAL:    0.13    2 = FOG REDUCING VISIBILITY
HIGHEST:    63 ON 16    GRTST 24HR  0.46 ON 13-13      TO 1/4 MILE OR LESS
LOWEST:     -1 ON  4                               3 = THUNDER
                        SNOW, ICE PELLETS, HAIL    4 = ICE PELLETS
                        TOTAL MONTH:   4.8 INCHES  5 = HAIL
                        GRTST 24HR   3.2 ON  3- 3  6 = FREEZING RAIN OR DRIZZLE
                        GRTST DEPTH:   4 ON  5, 4  7 = DUSTSTORM OR SANDSTORM:
                                                       VSBY 1/2 MILE OR LESS
                                                   8 = SMOKE OR HAZE
[NO. OF DAYS WITH]      [WEATHER - DAYS WITH]      9 = BLOWING SNOW
                                                   X = TORNADO
MAX 32 OR BELOW:   4    0.01 INCH OR MORE:   4
MAX 90 OR ABOVE:   0    0.10 INCH OR MORE:   3
MIN 32 OR BELOW:  15    0.50 INCH OR MORE:   0
MIN  0 OR BELOW:   1    1.00 INCH OR MORE:   0

[HDD (BASE 65) ]
TOTAL THIS MO.   536    CLEAR  (SCALE 0-3)  10
DPTR FM NORMAL   150    PTCLDY (SCALE 4-7)   4
TOTAL FM JUL 1  4619    CLOUDY (SCALE 8-10)  3
DPTR FM NORMAL   386

[CDD (BASE 65) ]
TOTAL THIS MO.     0
DPTR FM NORMAL     0    [PRESSURE DATA]
TOTAL FM JAN 1     0    HIGHEST SLP M ON M
DPTR FM NORMAL     0    LOWEST  SLP 28.78 ON 13

[REMARKS]
