000
CXUS53 KDDC 261200
CF6DDC
PRELIMINARY LOCAL CLIMATOLOGICAL DATA (WS FORM: F-6)

                                          STATION:   DODGE CITY KS
                                          MONTH:     MAY
                                          YEAR:      2019
                                          LATITUDE:   37 46 N
                                          LONGITUDE:  99 58 W

  TEMPERATURE IN F:       :PCPN:    SNOW:  WIND      :SUNSHINE: SKY     :PK WND
================================================================================
1   2   3   4   5  6A  6B    7    8   9   10  11  12  13   14  15   16   17  18
                                     12Z  AVG MX 2MIN
DY MAX MIN AVG DEP HDD CDD  WTR  SNW DPTH SPD SPD DIR MIN PSBL S-S WX    SPD DR
================================================================================

 1  56  45  51  -8  14   0 0.16  0.0    0 12.5 31 360   M    M  10 128    43 350
 2  61  44  53  -7  12   0 0.01  0.0    0 11.4 30  20   M    M  10 1      37  20
 3  64  46  55  -5  10   0 0.03  0.0    0  5.8 13  70   M    M   8 128    16 130
 4  71  48  60   0   5   0 0.00  0.0    0 10.4 22 170   M    M   4 12     30 150
 5  80  46  63   2   2   0 0.68  0.0    0 13.3 29  20   M    M   1 13     52  50
 6  81  51  66   5   0   1 0.80  0.0    0 14.7 31 290   M    M   3 138    40 290
 7  62  53  58  -3   7   0 1.40  0.0    0 13.8 29  70   M    M  10 123    39  80
 8  60  45  53  -9  12   0 0.54  0.0    0 12.6 26  10   M    M   8 1      39 320
 9  49  39  44 -18  21   0 0.07  0.0    0 13.4 25  10   M    M   8 1      34  10
10  55  36  46 -16  19   0 0.00  0.0    0  4.5 14 160   M    M   7 1      18 140
11  65  45  55  -8  10   0 0.02  0.0    0  6.7 22 320   M    M   7 1      33 320
12  71  43  57  -6   8   0    T  0.0    0  9.4 23 320   M    M   1        32 310
13  78  45  62  -1   3   0 0.00  0.0    0 10.7 20 120   M    M   0        27 120
14  88  50  69   5   0   4 0.00  0.0    0  6.2 12 160   M    M   0 18     15 180
15  88  57  73   9   0   8 0.00  0.0    0 11.9 23 190   M    M   0 8      31 200
16  89  64  77  13   0  12 0.00  0.0    0 19.1 30 200   M    M   0 8      43 190
17  81  63  72   7   0   7 0.09  0.0    0 20.1 37 160   M    M   2 38     54 190
18  73  48  61  -4   4   0 0.05    M    0 13.8 37 250   M    M   2 38     53 240
19  68  44  56  -9   9   0 0.02    M    0 10.8 20 350   M    M   1 1      29 330
20  54  45  50 -16  15   0 1.76    M    0 17.6 31  60   M    M   9 123    42  80
21  66  45  56 -10   9   0 0.54    M    0 15.1 33 310   M    M   7 123    43 300
22  70  40  55 -11  10   0 0.00  0.0    0  6.6 15 280   M    M   1        20 280
23  72  53  63  -3   2   0 1.10  0.0    0 14.9 35 150   M    M  10 138    51 150
24  77  51  64  -3   1   0    T  0.0    0  7.8 21 260   M    M   2 13     34 260
25  81  60  71   4   0   6 0.24  0.0    0 11.6 30 200   M    M   6 138    40 210
================================================================================
SM 1760 1206       173  38  7.51     0.0 294.7          M      117
================================================================================
AV 70.4 48.2                              11.8 FASTST   M    M   5    MAX(MPH)
                                 MISC ---->  # 37 160               # 54  190
================================================================================
NOTES:
# LAST OF SEVERAL OCCURRENCES

COLUMN 17 PEAK WIND IN M.P.H.

PRELIMINARY LOCAL CLIMATOLOGICAL DATA (WS FORM: F-6) , PAGE 2

                                          STATION:  DODGE CITY KS
                                          MONTH:    MAY
                                          YEAR:     2019
                                          LATITUDE:   37 46 N
                                          LONGITUDE:  99 58 W

[TEMPERATURE DATA]      [PRECIPITATION DATA]       SYMBOLS USED IN COLUMN 16

AVERAGE MONTHLY: 59.3   TOTAL FOR MONTH:   7.51    1 = FOG OR MIST
DPTR FM NORMAL:  -4.0   DPTR FM NORMAL:    5.31    2 = FOG REDUCING VISIBILITY
HIGHEST:    89 ON 16    GRTST 24HR  1.76 ON 20-20      TO 1/4 MILE OR LESS
LOWEST:     36 ON 10                               3 = THUNDER
                        SNOW, ICE PELLETS, HAIL    4 = ICE PELLETS
                        TOTAL MONTH:   0.0 INCH    5 = HAIL
                        GRTST 24HR     0.0         6 = FREEZING RAIN OR DRIZZLE
                        GRTST DEPTH:   0           7 = DUSTSTORM OR SANDSTORM:
                                                       VSBY 1/2 MILE OR LESS
                                                   8 = SMOKE OR HAZE
[NO. OF DAYS WITH]      [WEATHER - DAYS WITH]      9 = BLOWING SNOW
                                                   X = TORNADO
MAX 32 OR BELOW:   0    0.01 INCH OR MORE:  16
MAX 90 OR ABOVE:   0    0.10 INCH OR MORE:   9
MIN 32 OR BELOW:   0    0.50 INCH OR MORE:   7
MIN  0 OR BELOW:   0    1.00 INCH OR MORE:   3

[HDD (BASE 65) ]
TOTAL THIS MO.   173    CLEAR  (SCALE 0-3)  12
DPTR FM NORMAL    68    PTCLDY (SCALE 4-7)   7
TOTAL FM JUL 1  5305    CLOUDY (SCALE 8-10)  6
DPTR FM NORMAL   361

[CDD (BASE 65) ]
TOTAL THIS MO.    38
DPTR FM NORMAL   -23    [PRESSURE DATA]
TOTAL FM JAN 1    50    HIGHEST SLP M ON M
DPTR FM NORMAL   -30    LOWEST  SLP 29.23 ON 21

[REMARKS]
