000
CXUS55 KALY 240710
CF6DDH
PRELIMINARY LOCAL CLIMATOLOGICAL DATA (WS FORM: F-6)

                                          STATION:   BENNINGTON VT
                                          MONTH:     MAY
                                          YEAR:      2019
                                          LATITUDE:   42 53 N
                                          LONGITUDE:  73 15 W

  TEMPERATURE IN F:       :PCPN:    SNOW:  WIND      :SUNSHINE: SKY     :PK WND
================================================================================
1   2   3   4   5  6A  6B    7    8   9   10  11  12  13   14  15   16   17  18
                                     12Z  AVG MX 2MIN
DY MAX MIN AVG DEP HDD CDD  WTR  SNW DPTH SPD SPD DIR MIN PSBL S-S WX    SPD DR
================================================================================

 1  54  37  46  -5  19   0 0.27    M    M  4.2 16 130   M    M   9 1      24 150
 2  60  48  54   3  11   0 0.13    M    M  1.3  7 210   M    M  10 18     10 210
 3  65  50  58   6   7   0 0.27    M    M  3.8 20 280   M    M  10 1      25 280
 4  64  53  59   7   6   0 0.05    M    M  1.5  7 320   M    M   9 12      9 320
 5  60  52  56   4   9   0 0.02    M    M  2.7 12 130   M    M  10 8      15 130
 6  73  46  60   8   5   0 0.04    M    M  2.9 14 160   M    M   7 12     20 170
 7  66  50  58   5   7   0 0.18    M    M  3.2 10 250   M    M   8 1      15 270
 8  62  35  49  -4  16   0 0.00    M    M  4.4 14 360   M    M   2 12     21 340
 9  67  33  50  -3  15   0 0.06    M    M  7.2 16 180   M    M   7        24 130
10  70  49  60   6   5   0 0.29    M    M  6.5 20 170   M    M   7 1      27 160
11  62  45  54   0  11   0 0.00    M    M  6.9 15 280   M    M   6        23 280
12  48  40  44 -10  21   0 0.32    M    M  2.8 15 120   M    M   9 1      21 120
13  55  39  47  -7  18   0 0.49    M    M  5.0 20 130   M    M  10 1      27 150
14  48  38  43 -12  22   0 0.19    M    M  2.4 10 130   M    M  10        15 120
15  61  41  51  -4  14   0 0.08    M    M  4.3 12 280   M    M   8 1      23 260
16  65  43  54  -1  11   0 0.00    M    M  3.9 12 300   M    M   6 1      19 280
17  69  45  57   2   8   0 0.19    M    M  4.2 14 280   M    M   8 1      23 300
18  70  40  55  -1  10   0 0.00    M    M  3.9 14 270   M    M   2        20 270
19  83  46  65   9   0   0 0.12    M    M  6.5 21 170   M    M   4 13     31 200
20  78  53  66  10   0   1 0.26    M    M 10.3 26 280   M    M   8 1      41 210
21  63  42  53  -3  12   0    T    M    M 10.2 23 330   M    M   4        33 360
22  67  38  53  -4  12   0 0.00    M    M  6.2 18 350   M    M   1        25 340
23  74  49  62   5   3   0 0.59    M    M  5.5 30 280   M    M   5 13     42 280
================================================================================
SM 1484 1012       242   1  3.55    M    109.8          M      160
================================================================================
AV 64.5 44.0                               4.8 FASTST   M    M   7    MAX(MPH)
                                 MISC ---->  # 30 280               # 42  280
================================================================================
NOTES:
# LAST OF SEVERAL OCCURRENCES

COLUMN 17 PEAK WIND IN M.P.H.

PRELIMINARY LOCAL CLIMATOLOGICAL DATA (WS FORM: F-6) , PAGE 2

                                          STATION:  BENNINGTON VT
                                          MONTH:    MAY
                                          YEAR:     2019
                                          LATITUDE:   42 53 N
                                          LONGITUDE:  73 15 W

[TEMPERATURE DATA]      [PRECIPITATION DATA]       SYMBOLS USED IN COLUMN 16

AVERAGE MONTHLY: 54.3   TOTAL FOR MONTH:   3.55    1 = FOG OR MIST
DPTR FM NORMAL:   0.2   DPTR FM NORMAL:    1.02    2 = FOG REDUCING VISIBILITY
HIGHEST:    83 ON 19    GRTST 24HR  0.59 ON 23-23      TO 1/4 MILE OR LESS
LOWEST:     33 ON  9                               3 = THUNDER
                        SNOW, ICE PELLETS, HAIL    4 = ICE PELLETS
                        TOTAL MONTH:    M          5 = HAIL
                        GRTST 24HR    M  ON   M    6 = FREEZING RAIN OR DRIZZLE
                        GRTST DEPTH:  M  ON   M    7 = DUSTSTORM OR SANDSTORM:
                                                       VSBY 1/2 MILE OR LESS
                                                   8 = SMOKE OR HAZE
[NO. OF DAYS WITH]      [WEATHER - DAYS WITH]      9 = BLOWING SNOW
                                                   X = TORNADO
MAX 32 OR BELOW:   0    0.01 INCH OR MORE:  17
MAX 90 OR ABOVE:   0    0.10 INCH OR MORE:  12
MIN 32 OR BELOW:   0    0.50 INCH OR MORE:   1
MIN  0 OR BELOW:   0    1.00 INCH OR MORE:   0

[HDD (BASE 65) ]
TOTAL THIS MO.   242    CLEAR  (SCALE 0-3)   3
DPTR FM NORMAL   -16    PTCLDY (SCALE 4-7)  12
TOTAL FM JUL 1  6583    CLOUDY (SCALE 8-10)  8
DPTR FM NORMAL  -498

[CDD (BASE 65) ]
TOTAL THIS MO.     1
DPTR FM NORMAL     1    [PRESSURE DATA]
TOTAL FM JAN 1     3    HIGHEST SLP M ON M
DPTR FM NORMAL     0    LOWEST  SLP 29.64 ON 20

[REMARKS]
