000
CXUS55 KALY 250710
CF6DDH
PRELIMINARY LOCAL CLIMATOLOGICAL DATA (WS FORM: F-6)

                                          STATION:   BENNINGTON VT
                                          MONTH:     MARCH
                                          YEAR:      2019
                                          LATITUDE:   42 53 N
                                          LONGITUDE:  73 15 W

  TEMPERATURE IN F:       :PCPN:    SNOW:  WIND      :SUNSHINE: SKY     :PK WND
================================================================================
1   2   3   4   5  6A  6B    7    8   9   10  11  12  13   14  15   16   17  18
                                     12Z  AVG MX 2MIN
DY MAX MIN AVG DEP HDD CDD  WTR  SNW DPTH SPD SPD DIR MIN PSBL S-S WX    SPD DR
================================================================================

 1  36   7  22  -6  43   0 0.00    M    M  1.2  8 260   M    M   4        12 260
 2  36  22  29   0  36   0    T    M    M  1.2  7 350   M    M   9         9 350
 3  36  28  32   3  33   0 0.12    M    M  3.7 14 250   M    M   9 1      17 250
 4  32  15  24  -5  41   0 0.09    M    M  7.1 18 250   M    M   7 1      28 240
 5  23   1  12 -17  53   0    T    M    M  5.0 16 280   M    M   4        23 240
 6  19   5  12 -18  53   0    T    M    M  9.0 20 280   M    M   3        29 280
 7  23   2  13 -17  52   0    T    M    M  6.8 24 280   M    M   4        33 280
 8  34  12  23  -7  42   0 0.00    M    M  3.3 12 240   M    M   3        17 240
 9  40   8  24  -7  41   0 0.00    M    M  3.8 22 140   M    M   0        29 140
10  41  28  35   4  30   0 0.07    M    M 12.7 32 140   M    M   8 1      41 140
11  40  31  36   5  29   0 0.00    M    M 11.2 23 280   M    M  10        33 280
12  36  23  30  -2  35   0    T    M    M  7.9 18 270   M    M   7        24 280
13  45  16  31  -1  34   0    T    M    M  1.3  8 140   M    M   4        10 140
14  58  35  47  15  18   0 0.00    M    M  5.8 21 130   M    M   6        29 140
15  70  42  56  23   9   0 0.04    M    M  7.3 17 240   M    M   5 3      26 230
16  46  28  37   4  28   0    T    M    M 10.9 25 270   M    M   9        37 280
17  33  23  28  -5  37   0    T    M    M  8.7 20 280   M    M   7        29 250
18  37  22  30  -4  35   0 0.00    M    M  6.9 16 300   M    M   4        23 290
19  40  22  31  -3  34   0 0.00    M    M  5.9 17 270   M    M   4        23 280
20  52  20  36   2  29   0 0.00    M    M  5.5 14 200   M    M   2        23 190
21  46  35  41   6  24   0 0.09    M    M  5.8 18 140   M    M   6        27 120
22  42  29  36   1  29   0 0.47    M    M  7.6 21 270   M    M  10 1      29 270
23  34  20  27  -9  38   0 0.07    M    M 10.5 22 230   M    M   6 1      30 280
24  50  18  34  -2  31   0 0.00    M    M  6.4 14 230   M    M   0        22 260
================================================================================
SM  949  492       834   0  0.95    M    155.5          M      131
================================================================================
AV 39.5 20.5                               6.5 FASTST   M    M   5    MAX(MPH)
                                 MISC ---->  # 32 140               # 41  140
================================================================================
NOTES:
# LAST OF SEVERAL OCCURRENCES

COLUMN 17 PEAK WIND IN M.P.H.

PRELIMINARY LOCAL CLIMATOLOGICAL DATA (WS FORM: F-6) , PAGE 2

                                          STATION:  BENNINGTON VT
                                          MONTH:    MARCH
                                          YEAR:     2019
                                          LATITUDE:   42 53 N
                                          LONGITUDE:  73 15 W

[TEMPERATURE DATA]      [PRECIPITATION DATA]       SYMBOLS USED IN COLUMN 16

AVERAGE MONTHLY: 30.0   TOTAL FOR MONTH:   0.95    1 = FOG OR MIST
DPTR FM NORMAL:  -1.9   DPTR FM NORMAL:   -1.46    2 = FOG REDUCING VISIBILITY
HIGHEST:    70 ON 15    GRTST 24HR  0.47 ON 22-22      TO 1/4 MILE OR LESS
LOWEST:      1 ON  5                               3 = THUNDER
                        SNOW, ICE PELLETS, HAIL    4 = ICE PELLETS
                        TOTAL MONTH:    M          5 = HAIL
                        GRTST 24HR    M  ON   M    6 = FREEZING RAIN OR DRIZZLE
                        GRTST DEPTH:  M  ON   M    7 = DUSTSTORM OR SANDSTORM:
                                                       VSBY 1/2 MILE OR LESS
                                                   8 = SMOKE OR HAZE
[NO. OF DAYS WITH]      [WEATHER - DAYS WITH]      9 = BLOWING SNOW
                                                   X = TORNADO
MAX 32 OR BELOW:   4    0.01 INCH OR MORE:   7
MAX 90 OR ABOVE:   0    0.10 INCH OR MORE:   2
MIN 32 OR BELOW:  21    0.50 INCH OR MORE:   0
MIN  0 OR BELOW:   0    1.00 INCH OR MORE:   0

[HDD (BASE 65) ]
TOTAL THIS MO.   834    CLEAR  (SCALE 0-3)   5
DPTR FM NORMAL    40    PTCLDY (SCALE 4-7)  14
TOTAL FM JUL 1  5625    CLOUDY (SCALE 8-10)  5
DPTR FM NORMAL  -420

[CDD (BASE 65) ]
TOTAL THIS MO.     0
DPTR FM NORMAL     0    [PRESSURE DATA]
TOTAL FM JAN 1     0    HIGHEST SLP M ON M
DPTR FM NORMAL     0    LOWEST  SLP 29.29 ON 22

[REMARKS]
