000
CXUS53 KILX 262300
CF6DEC
PRELIMINARY LOCAL CLIMATOLOGICAL DATA (WS FORM: F-6)

                                          STATION:   DECATUR IL AIRPORT
                                          MONTH:     MARCH
                                          YEAR:      2019
                                          LATITUDE:   39 49 N
                                          LONGITUDE:  88 51 W

  TEMPERATURE IN F:       :PCPN:    SNOW:  WIND      :SUNSHINE: SKY     :PK WND
================================================================================
1   2   3   4   5  6A  6B    7    8   9   10  11  12  13   14  15   16   17  18
                                     12Z  AVG MX 2MIN
DY MAX MIN AVG DEP HDD CDD  WTR  SNW DPTH SPD SPD DIR MIN PSBL S-S WX    SPD DR
================================================================================

 1  42  20  31  -5  34   0 0.00    M    M  5.0 13 110   M    M   2 18     18  50
 2  36  28  32  -4  33   0 0.00    M    0 10.5 17 330   M    M  10 8      23 340
 3  29   4  17 -20  48   0    M    M    M 15.2 23 320   M    M   7 12     31 350
 4  13  -2   6 -31  59   0 0.00    M    M 11.9 20 270   M    M   4 8      25 270
 5  21   7  14 -23  51   0    T    M    M 13.3 24 270   M    M   3 8      34 270
 6  30   9  20 -18  45   0 0.00    M    M 11.1 20 230   M    M   1        26 230
 7  30  24  27 -11  38   0    M    M    M  9.3 17 100   M    M   8 12     23 100
 8  37  29  33  -6  32   0 0.00    M    M  8.8 14 110   M    M  10 18     18 110
 9  52  33  43   4  22   0 1.18    M    M 18.9 36 240   M    M   9 1238   54 250
10  45  33  39   0  26   0 0.00    M    M 15.0 30 260   M    M   6        48 250
11  49  26  38  -2  27   0 0.00    M    M  5.0 10 360   M    M   3        17 340
12  48  24  36  -4  29   0 0.00    M    M  9.8 20 150   M    M   1        27 140
13  63  42  53  13  12   0 1.01    M    M 14.5 25 140   M    M   6 13     37 150
14  68  42  55  14  10   0 0.01    M    0 23.5 41 250   M    M   6        59 250
15  46  34  40  -1  25   0 0.02    M    0 15.2 26 310   M    M   7 1      42 270
16  48  28  38  -4  27   0 0.00  0.0    0  8.1 16 280   M    M   1        24 270
17  48  29  39  -3  26   0 0.00  0.0    0  7.9 20 320   M    M   5        29 340
18  50  26  38  -4  27   0 0.00  0.0    0  5.0 14 340   M    M   2        21 270
19  53  25  39  -4  26   0 0.00  0.0    0  6.9 16 170   M    M   1 18     22 170
20  51  40  46   3  19   0 0.16    M    0 11.8 23 200   M    M   8        29 210
21  50  37  44   0  21   0    T    M    M 11.1 18 330   M    M   8        25 320
22  55  30  43  -1  22   0 0.00    M    M 10.2 18 350   M    M   1        25  10
23  55  22  39  -5  26   0    T    M    M  7.8 16 180   M    M   1        22 170
24  57  41  49   4  16   0 0.38    M    0  8.1 16 130   M    M   9 1      21 150
25  53  30  42  -3  23   0 0.16    M    0 16.3 25  20   M    M   7 1      33  30
================================================================================
SM 1129  661       724   0  2.92     0.0 280.2          M      126
================================================================================
AV 45.2 26.4                              11.2 FASTST   M    M   5    MAX(MPH)
                                 MISC ---->  # 41 250               # 59  250
================================================================================
NOTES:
# LAST OF SEVERAL OCCURRENCES

COLUMN 17 PEAK WIND IN M.P.H.

PRELIMINARY LOCAL CLIMATOLOGICAL DATA (WS FORM: F-6) , PAGE 2

                                          STATION:  DECATUR IL AIRPORT
                                          MONTH:    MARCH
                                          YEAR:     2019
                                          LATITUDE:   39 49 N
                                          LONGITUDE:  88 51 W

[TEMPERATURE DATA]      [PRECIPITATION DATA]       SYMBOLS USED IN COLUMN 16

AVERAGE MONTHLY: 35.8   TOTAL FOR MONTH:   2.92    1 = FOG OR MIST
DPTR FM NORMAL:  -4.7   DPTR FM NORMAL:    0.85    2 = FOG REDUCING VISIBILITY
HIGHEST:    68 ON 14    GRTST 24HR  1.18 ON  9- 9      TO 1/4 MILE OR LESS
LOWEST:     -2 ON  4                               3 = THUNDER
                        SNOW, ICE PELLETS, HAIL    4 = ICE PELLETS
                        TOTAL MONTH:   0.0 INCH    5 = HAIL
                        GRTST 24HR     0.0         6 = FREEZING RAIN OR DRIZZLE
                        GRTST DEPTH:   0           7 = DUSTSTORM OR SANDSTORM:
                                                       VSBY 1/2 MILE OR LESS
                                                   8 = SMOKE OR HAZE
[NO. OF DAYS WITH]      [WEATHER - DAYS WITH]      9 = BLOWING SNOW
                                                   X = TORNADO
MAX 32 OR BELOW:   5    0.01 INCH OR MORE:   7
MAX 90 OR ABOVE:   0    0.10 INCH OR MORE:   5
MIN 32 OR BELOW:  17    0.50 INCH OR MORE:   2
MIN  0 OR BELOW:   1    1.00 INCH OR MORE:   2

[HDD (BASE 65) ]
TOTAL THIS MO.   724    CLEAR  (SCALE 0-3)   9
DPTR FM NORMAL   111    PTCLDY (SCALE 4-7)  11
TOTAL FM JUL 1  5142    CLOUDY (SCALE 8-10)  5
DPTR FM NORMAL   272

[CDD (BASE 65) ]
TOTAL THIS MO.     0
DPTR FM NORMAL     0    [PRESSURE DATA]
TOTAL FM JAN 1     0    HIGHEST SLP M ON M
DPTR FM NORMAL     0    LOWEST  SLP 29.29 ON 14

[REMARKS]
