000
CXUS55 KBOU 180845
CF6DEN
PRELIMINARY LOCAL CLIMATOLOGICAL DATA (WS FORM: F-6)

                                          STATION:   DENVER CO
                                          MONTH:     MARCH
                                          YEAR:      2019
                                          LATITUDE:   39 52 N
                                          LONGITUDE: 104 40 W

  TEMPERATURE IN F:       :PCPN:    SNOW:  WIND      :SUNSHINE: SKY     :PK WND
================================================================================
1   2   3   4   5  6A  6B    7    8   9   10  11  12  13   14  15   16   17  18
                                     12Z  AVG MX 2MIN
DY MAX MIN AVG DEP HDD CDD  WTR  SNW DPTH SPD SPD DIR MIN PSBL S-S WX    SPD DR
================================================================================

 1  47  30  39   3  26   0 0.00  0.0    0 13.1 29  50   M    M   7        35  50
 2  33   1  17 -19  48   0 0.19  3.2    0 13.9 22 200   M    M  10        27 170
 3   6  -6   0 -37  65   0 0.03  1.1    3  5.8 13  70   M    M   9 1      14  70
 4  15  -5   5 -32  60   0 0.00  0.0    3  4.1 10  70   M    M   4 1      12  70
 5  33  -1  16 -21  49   0 0.00  0.0    2  6.9 14 110   M    M   5 18     16 110
 6  36  17  27 -11  38   0 0.11    T    1  6.0 14 130   M    M   8 1468   17  20
 7  51  22  37  -1  28   0    T    T    T  5.5 16 150   M    M   6 1268   19 150
 8  53  28  41   3  24   0 0.03  0.0    0  8.6 22 300   M    M   6 18     30 290
 9  48  27  38  -1  27   0 0.00  0.0    0 11.7 28 280   M    M   4        37 270
10  52  23  38  -1  27   0 0.00  0.0    0 11.2 25 190   M    M   5        35 200
11  54  29  42   3  23   0 0.00  0.0    0  6.8 18 350   M    M   5        22 350
12  60  32  46   6  19   0    T  0.0    0  7.0 16 350   M    M   8 8      20 350
13  43  26  35  -5  30   0 0.64  7.1    0 32.9 60 340   M    M  10 1289   80 340
14  32  14  23 -17  42   0    T    T    7 19.3 35 350   M    M   7 89     45 320
15  39  14  27 -13  38   0 0.00  0.0    3 12.9 21 170   M    M   1        24 170
16  42  24  33  -8  32   0 0.00  0.0    2  9.5 15  80   M    M   1        20  80
17  49  26  38  -3  27   0 0.00  0.0    T  7.9 13 110   M    M   2        16 110
================================================================================
SM  693  301       603   0  1.00    11.4 183.1          M       98
================================================================================
AV 40.8 17.7                              10.8 FASTST   M    M   6    MAX(MPH)
                                 MISC ---->  # 60 340               # 80  340
================================================================================
NOTES:
# LAST OF SEVERAL OCCURRENCES

COLUMN 17 PEAK WIND IN M.P.H.

PRELIMINARY LOCAL CLIMATOLOGICAL DATA (WS FORM: F-6) , PAGE 2

                                          STATION:  DENVER CO
                                          MONTH:    MARCH
                                          YEAR:     2019
                                          LATITUDE:   39 52 N
                                          LONGITUDE: 104 40 W

[TEMPERATURE DATA]      [PRECIPITATION DATA]       SYMBOLS USED IN COLUMN 16

AVERAGE MONTHLY: 29.2   TOTAL FOR MONTH:   1.00    1 = FOG OR MIST
DPTR FM NORMAL:  -9.4   DPTR FM NORMAL:    0.58    2 = FOG REDUCING VISIBILITY
HIGHEST:    60 ON 12    GRTST 24HR  0.64 ON 13-13      TO 1/4 MILE OR LESS
LOWEST:     -6 ON  3                               3 = THUNDER
                        SNOW, ICE PELLETS, HAIL    4 = ICE PELLETS
                        TOTAL MONTH:  11.4 INCHES  5 = HAIL
                        GRTST 24HR   7.1 ON 13-13  6 = FREEZING RAIN OR DRIZZLE
                        GRTST DEPTH:   7 ON 14     7 = DUSTSTORM OR SANDSTORM:
                                                       VSBY 1/2 MILE OR LESS
                                                   8 = SMOKE OR HAZE
[NO. OF DAYS WITH]      [WEATHER - DAYS WITH]      9 = BLOWING SNOW
                                                   X = TORNADO
MAX 32 OR BELOW:   3    0.01 INCH OR MORE:   5
MAX 90 OR ABOVE:   0    0.10 INCH OR MORE:   3
MIN 32 OR BELOW:  17    0.50 INCH OR MORE:   1
MIN  0 OR BELOW:   3    1.00 INCH OR MORE:   0

[HDD (BASE 65) ]
TOTAL THIS MO.   603    CLEAR  (SCALE 0-3)   3
DPTR FM NORMAL   154    PTCLDY (SCALE 4-7)  11
TOTAL FM JUL 1  5020    CLOUDY (SCALE 8-10)  3
DPTR FM NORMAL   132

[CDD (BASE 65) ]
TOTAL THIS MO.     0
DPTR FM NORMAL     0    [PRESSURE DATA]
TOTAL FM JAN 1     0    HIGHEST SLP M ON M
DPTR FM NORMAL     0    LOWEST  SLP 28.91 ON 13

[REMARKS]
