000
CXUS55 KBOU 260736
CF6DEN
PRELIMINARY LOCAL CLIMATOLOGICAL DATA (WS FORM: F-6)

                                          STATION:   DENVER CO
                                          MONTH:     MAY
                                          YEAR:      2019
                                          LATITUDE:   39 52 N
                                          LONGITUDE: 104 40 W

  TEMPERATURE IN F:       :PCPN:    SNOW:  WIND      :SUNSHINE: SKY     :PK WND
================================================================================
1   2   3   4   5  6A  6B    7    8   9   10  11  12  13   14  15   16   17  18
                                     12Z  AVG MX 2MIN
DY MAX MIN AVG DEP HDD CDD  WTR  SNW DPTH SPD SPD DIR MIN PSBL S-S WX    SPD DR
================================================================================

 1  47  30  39 -13  26   0 0.04  0.0    0 11.3 23  10   M    M   9 123    29  10
 2  64  31  48  -4  17   0    T  0.0    0  9.1 29 280   M    M   6        39 270
 3  67  34  51  -1  14   0 0.00  0.0    0  8.4 18 130   M    M   4        24 180
 4  72  41  57   4   8   0 0.00  0.0    0  7.6 21 320   M    M   6        28 330
 5  74  44  59   6   6   0 0.00  0.0    0  9.2 31 310   M    M   6        43 310
 6  70  46  58   4   7   0 0.03  0.0    0  9.3 24 110   M    M   8 123    30  90
 7  57  44  51  -3  14   0 0.50  0.0    0 12.2 29 300   M    M   9 1238   37 290
 8  51  33  42 -12  23   0 0.26    T    0 14.2 24  20   M    M  10 12     31 350
 9  40  31  36 -19  29   0 0.14  0.2    T 11.4 17 140   M    M  10 1      22 150
10  56  31  44 -11  21   0 0.00  0.0    0  6.2 17 210   M    M   8        22  20
11  62  38  50  -5  15   0 0.02  0.0    0 10.9 29  40   M    M   4        36  40
12  72  38  55  -1  10   0 0.00  0.0    0  8.4 17 320   M    M   2        26  30
13  78  47  63   7   2   0 0.00  0.0    0  8.3 17 180   M    M   4        23 310
14  80  49  65   9   0   0 0.00  0.0    0  9.7 20  10   M    M   5        31  40
15  83  50  67  10   0   2 0.00  0.0    0  7.9 17 230   M    M   4        23 210
16  81  54  68  11   0   3 0.00  0.0    0 11.9 31 150   M    M   7        40 150
17  74  40  57  -1   8   0 0.03  0.0    0 12.2 35 310   M    M   6 1      50 310
18  62  37  50  -8  15   0 0.03  0.0    0  9.0 25 290   M    M   6 1      33 290
19  59  37  48 -10  17   0 0.01  0.0    0 11.2 20 300   M    M   9        27  70
20  44  32  38 -21  27   0 1.07  3.0    0  9.7 18  50   M    M  10 12     23  50
21  39  31  35 -24  30   0 0.10  0.7    3 10.8 17 360   M    M  10 12     22 360
22  51  30  41 -18  24   0 0.00  0.0    0  7.5 15  40   M    M   7        21  10
23  46  34  40 -20  25   0 0.00  0.0    0  7.3 16 120   M    M   9 1      20 120
24  71  34  53  -7  12   0 0.00  0.0    0 10.5 17 320   M    M   3 1      23 240
25  74  42  58  -2   7   0 0.00  0.0    0 13.4 24 130   M    M   3        36 100
================================================================================
SM 1574  958       357   5  2.23     3.9 247.6          M      165
================================================================================
AV 63.0 38.3                               9.9 FASTST   M    M   7    MAX(MPH)
                                 MISC ---->  # 35 310               # 50  310
================================================================================
NOTES:
# LAST OF SEVERAL OCCURRENCES

COLUMN 17 PEAK WIND IN M.P.H.

PRELIMINARY LOCAL CLIMATOLOGICAL DATA (WS FORM: F-6) , PAGE 2

                                          STATION:  DENVER CO
                                          MONTH:    MAY
                                          YEAR:     2019
                                          LATITUDE:   39 52 N
                                          LONGITUDE: 104 40 W

[TEMPERATURE DATA]      [PRECIPITATION DATA]       SYMBOLS USED IN COLUMN 16

AVERAGE MONTHLY: 50.6   TOTAL FOR MONTH:   2.23    1 = FOG OR MIST
DPTR FM NORMAL:  -5.4   DPTR FM NORMAL:    0.56    2 = FOG REDUCING VISIBILITY
HIGHEST:    83 ON 15    GRTST 24HR  1.07 ON 20-20      TO 1/4 MILE OR LESS
LOWEST:     30 ON 22, 1                            3 = THUNDER
                        SNOW, ICE PELLETS, HAIL    4 = ICE PELLETS
                        TOTAL MONTH:   3.9 INCHES  5 = HAIL
                        GRTST 24HR   3.0 ON 20-20  6 = FREEZING RAIN OR DRIZZLE
                        GRTST DEPTH:   3 ON 21     7 = DUSTSTORM OR SANDSTORM:
                                                       VSBY 1/2 MILE OR LESS
                                                   8 = SMOKE OR HAZE
[NO. OF DAYS WITH]      [WEATHER - DAYS WITH]      9 = BLOWING SNOW
                                                   X = TORNADO
MAX 32 OR BELOW:   0    0.01 INCH OR MORE:  11
MAX 90 OR ABOVE:   0    0.10 INCH OR MORE:   5
MIN 32 OR BELOW:   7    0.50 INCH OR MORE:   2
MIN  0 OR BELOW:   0    1.00 INCH OR MORE:   1

[HDD (BASE 65) ]
TOTAL THIS MO.   357    CLEAR  (SCALE 0-3)   3
DPTR FM NORMAL   122    PTCLDY (SCALE 4-7)  14
TOTAL FM JUL 1  6162    CLOUDY (SCALE 8-10)  8
DPTR FM NORMAL   196

[CDD (BASE 65) ]
TOTAL THIS MO.     5
DPTR FM NORMAL    -5    [PRESSURE DATA]
TOTAL FM JAN 1     5    HIGHEST SLP M ON M
DPTR FM NORMAL    -6    LOWEST  SLP 29.27 ON 17

[REMARKS]
