544
CXUS54 KSHV 221500
CF6DEQ
PRELIMINARY LOCAL CLIMATOLOGICAL DATA (WS FORM: F-6)

                                          STATION:   DE QUEEN
                                          MONTH:     MAY
                                          YEAR:      2019
                                          LATITUDE:   34  2 N
                                          LONGITUDE:  94 24 W

  TEMPERATURE IN F:       :PCPN:    SNOW:  WIND      :SUNSHINE: SKY     :PK WND
================================================================================
1   2   3   4   5  6A  6B    7    8   9   10  11  12  13   14  15   16   17  18
                                     12Z  AVG MX 2MIN
DY MAX MIN AVG DEP HDD CDD  WTR  SNW DPTH SPD SPD DIR MIN PSBL S-S WX    SPD DR
================================================================================

 1  76  61  69   3   0   4 2.02  0.0    0  7.3 24  40   M    M   9 13     32  40
 2  81  63  72   6   0   7 0.73  0.0    0  3.7 13 100   M    M   4 13     18 100
 3  73  63  68   2   0   3 0.01  0.0    0  2.5  9 190   M    M   5 1      14 190
 4  80  59  70   3   0   5 0.00  0.0    0  3.5 12  30   M    M   5        16  40
 5  79  56  68   1   0   3 0.00  0.0    0  2.6  9 150   M    M   4 1      13 150
 6  82  60  71   4   0   6 0.00  0.0    0  3.8  9 170   M    M   4 1      17 200
 7  84  62  73   6   0   8 0.00  0.0    0  5.2 14 120   M    M   1 1      19 120
 8  72  62  67  -1   0   2 1.08  0.0    0  3.4 21 100   M    M   7 13     27 110
 9  79  55  67  -1   0   2    T  0.0    0  3.4 14 340   M    M   6 1      21 350
10  63  55  59  -9   6   0 0.01  0.0    0  6.5 13  80   M    M   9 1      18  80
11  66  55  61  -7   4   0 0.64  0.0    0  4.1 14  90   M    M   8 1      18  90
12  77  55  66  -3   0   1 0.00  0.0    0  3.2 12 220   M    M   6 1      17 250
13  82  50  66  -3   0   1 0.00  0.0    0  1.8 10 250   M    M   2 1      17 130
14  84  56  70   1   0   5 0.00  0.0    0  3.4 12 280   M    M   0 1      20 230
15  86  58  72   2   0   7 0.00  0.0    0  3.7 14 260   M    M   0 1      20 230
16  87  59  73   3   0   8 0.00  0.0    0  3.3 15 240   M    M   1 12     22 290
17  85  60  73   3   0   8 0.00  0.0    0  5.6 15 210   M    M   0 1      21 170
18  82  63  73   3   0   8 1.08  0.0    0  6.8 36 270   M    M   7 13     42 280
19  86  62  74   3   0   9 0.00  0.0    0  2.9 10 240   M    M   4        19 270
20  85  62  74   3   0   9    T  0.0    0  6.4 15 130   M    M   6 1      22 150
21  83  57  70  -1   0   5 0.62  0.0    0  6.9 25 250   M    M   6 13     33 260
================================================================================
SM 1672 1233        10 101  6.19     0.0  90.0          M       94
================================================================================
AV 79.6 58.7                               4.3 FASTST   M    M   4    MAX(MPH)
                                 MISC ---->  # 36 270               # 42  280
================================================================================
NOTES:
# LAST OF SEVERAL OCCURRENCES

COLUMN 17 PEAK WIND IN M.P.H.

PRELIMINARY LOCAL CLIMATOLOGICAL DATA (WS FORM: F-6) , PAGE 2

                                          STATION:  DE QUEEN
                                          MONTH:    MAY
                                          YEAR:     2019
                                          LATITUDE:   34  2 N
                                          LONGITUDE:  94 24 W

[TEMPERATURE DATA]      [PRECIPITATION DATA]       SYMBOLS USED IN COLUMN 16

AVERAGE MONTHLY: 69.2   TOTAL FOR MONTH:   6.19    1 = FOG OR MIST
DPTR FM NORMAL:   0.7   DPTR FM NORMAL:    1.98    2 = FOG REDUCING VISIBILITY
HIGHEST:    87 ON 16    GRTST 24HR  2.02 ON  1- 1      TO 1/4 MILE OR LESS
LOWEST:     50 ON 13                               3 = THUNDER
                        SNOW, ICE PELLETS, HAIL    4 = ICE PELLETS
                        TOTAL MONTH:   0.0 INCH    5 = HAIL
                        GRTST 24HR     0.0         6 = FREEZING RAIN OR DRIZZLE
                        GRTST DEPTH:   0           7 = DUSTSTORM OR SANDSTORM:
                                                       VSBY 1/2 MILE OR LESS
                                                   8 = SMOKE OR HAZE
[NO. OF DAYS WITH]      [WEATHER - DAYS WITH]      9 = BLOWING SNOW
                                                   X = TORNADO
MAX 32 OR BELOW:   0    0.01 INCH OR MORE:   8
MAX 90 OR ABOVE:   0    0.10 INCH OR MORE:   6
MIN 32 OR BELOW:   0    0.50 INCH OR MORE:   6
MIN  0 OR BELOW:   0    1.00 INCH OR MORE:   3

[HDD (BASE 65) ]
TOTAL THIS MO.    10    CLEAR  (SCALE 0-3)   6
DPTR FM NORMAL   -11    PTCLDY (SCALE 4-7)  12
TOTAL FM JUL 1  2819    CLOUDY (SCALE 8-10)  3
DPTR FM NORMAL  -223

[CDD (BASE 65) ]
TOTAL THIS MO.   101
DPTR FM NORMAL     8    [PRESSURE DATA]
TOTAL FM JAN 1   162    HIGHEST SLP M ON M
DPTR FM NORMAL    22    LOWEST  SLP 29.64 ON M

[REMARKS]
