000
CXUS56 KOTX 240900
CF6DEW
PRELIMINARY LOCAL CLIMATOLOGICAL DATA (WS FORM: F-6)

                                          STATION:   DEER_PARK WA AIRPORT
                                          MONTH:     MARCH
                                          YEAR:      2019
                                          LATITUDE:   47 58 N
                                          LONGITUDE: 117 25 W

  TEMPERATURE IN F:       :PCPN:    SNOW:  WIND      :SUNSHINE: SKY     :PK WND
================================================================================
1   2   3   4   5  6A  6B    7    8   9   10  11  12  13   14  15   16   17  18
                                     12Z  AVG MX 2MIN
DY MAX MIN AVG DEP HDD CDD  WTR  SNW DPTH SPD SPD DIR MIN PSBL S-S WX    SPD DR
================================================================================

 1  28  -1  14 -19  51   0 0.00    M    M  1.6  8 190   M    M   6 128     8 190
 2  23   3  13 -21  52   0 0.00    M    M 14.6 25  50   M    M   1 1      31  40
 3  23   4  14 -20  51   0 0.00    M    M 12.0 21  60   M    M   0        27  30
 4  31   9  20 -14  45   0 0.00    M    M 12.6 21  30   M    M   0        27  50
 5  38  20  29  -5  36   0 0.00    M    M 14.3 21  40   M    M   6        27  40
 6  39  27  33  -2  32   0 0.03    M    M 14.2 24  40   M    M  10 1      30  50
 7  34  14  24 -11  41   0    T    M    M  7.1 16 200   M    M   8 1      19 240
 8  33  11  22 -13  43   0    T    M    M  3.6 10 160   M    M   8 128    13 160
 9  34  12  23 -13  42   0 0.00    M    M  2.4  9 170   M    M   5        13 180
10  35   2  19 -17  46   0 0.00    M    M  4.2 13 220   M    M   0 1      14 220
11  38  17  28  -8  37   0 0.00    M    M  2.5 10 200   M    M   6 12     15 300
12  33  27  30  -7  35   0 0.45    M    M  6.6 14 160   M    M  10 1      18 160
13  36  16  26 -11  39   0 0.02    M    M  3.6 10 190   M    M   5 12     12 190
14  39  11  25 -12  40   0 0.00    M    M  2.3 10 210   M    M   2 12     12 210
15  46  10  28 -10  37   0 0.00    M    M  1.8  9 220   M    M   1 12     11 220
16  48  17  33  -5  32   0 0.00    M    M  2.4  8  50   M    M   0        11  40
17  50  22  36  -2  29   0 0.00    M    M  2.4  8 190   M    M   0        17 290
18  59  22  41   2  24   0 0.00    M    M  5.6 13  50   M    M   0 8      15  20
19  62  23  43   4  22   0 0.00    M    M  3.8 13  30   M    M   0        15  30
20  66  29  48   9  17   0 0.00    M    M  6.3 17  20   M    M   0        27 350
21  60  24  42   2  23   0 0.00    M    M  4.1  8 180   0    0   0         M  M
22  54  24  39  -1  26   0 0.00    M    M  1.6  9 230   M    M   0 12     11 220
23  57  29  43   3  22   0    T    M    M  1.6  9 220   M    M   3 1      11 220
================================================================================
SM  966  372       822   0  0.50    M    131.2            0     71
================================================================================
AV 42.0 16.2                               5.7 FASTST    0   0   3    MAX(MPH)
                                 MISC ---->  # 25  50               # 31   40
================================================================================
NOTES:
# LAST OF SEVERAL OCCURRENCES

COLUMN 17 PEAK WIND IN M.P.H.

PRELIMINARY LOCAL CLIMATOLOGICAL DATA (WS FORM: F-6) , PAGE 2

                                          STATION:  DEER_PARK WA AIRPORT
                                          MONTH:    MARCH
                                          YEAR:     2019
                                          LATITUDE:   47 58 N
                                          LONGITUDE: 117 25 W

[TEMPERATURE DATA]      [PRECIPITATION DATA]       SYMBOLS USED IN COLUMN 16

AVERAGE MONTHLY: 29.1   TOTAL FOR MONTH:   0.50    1 = FOG OR MIST
DPTR FM NORMAL:  -7.6   DPTR FM NORMAL:   -0.96    2 = FOG REDUCING VISIBILITY
HIGHEST:    66 ON 20    GRTST 24HR  0.45 ON 12-12      TO 1/4 MILE OR LESS
LOWEST:     -1 ON  1                               3 = THUNDER
                        SNOW, ICE PELLETS, HAIL    4 = ICE PELLETS
                        TOTAL MONTH:    M          5 = HAIL
                        GRTST 24HR    M  ON   M    6 = FREEZING RAIN OR DRIZZLE
                        GRTST DEPTH:  M  ON   M    7 = DUSTSTORM OR SANDSTORM:
                                                       VSBY 1/2 MILE OR LESS
                                                   8 = SMOKE OR HAZE
[NO. OF DAYS WITH]      [WEATHER - DAYS WITH]      9 = BLOWING SNOW
                                                   X = TORNADO
MAX 32 OR BELOW:   4    0.01 INCH OR MORE:   3
MAX 90 OR ABOVE:   0    0.10 INCH OR MORE:   1
MIN 32 OR BELOW:  23    0.50 INCH OR MORE:   0
MIN  0 OR BELOW:   1    1.00 INCH OR MORE:   0

[HDD (BASE 65) ]
TOTAL THIS MO.   822    CLEAR  (SCALE 0-3)  14
DPTR FM NORMAL   170    PTCLDY (SCALE 4-7)   7
TOTAL FM JUL 1  6249    CLOUDY (SCALE 8-10)  2
DPTR FM NORMAL   232

[CDD (BASE 65) ]
TOTAL THIS MO.     0
DPTR FM NORMAL     0    [PRESSURE DATA]
TOTAL FM JAN 1     0    HIGHEST SLP  0.00 ON 21
DPTR FM NORMAL     0    LOWEST  SLP  0.00 ON 21

[REMARKS]
