000
CXUS56 KOTX 260900
CF6DEW
PRELIMINARY LOCAL CLIMATOLOGICAL DATA (WS FORM: F-6)

                                          STATION:   DEER_PARK WA AIRPORT
                                          MONTH:     MAY
                                          YEAR:      2019
                                          LATITUDE:   47 58 N
                                          LONGITUDE: 117 25 W

  TEMPERATURE IN F:       :PCPN:    SNOW:  WIND      :SUNSHINE: SKY     :PK WND
================================================================================
1   2   3   4   5  6A  6B    7    8   9   10  11  12  13   14  15   16   17  18
                                     12Z  AVG MX 2MIN
DY MAX MIN AVG DEP HDD CDD  WTR  SNW DPTH SPD SPD DIR MIN PSBL S-S WX    SPD DR
================================================================================

 1  60  27  44  -4  21   0 0.00    M    M  7.2 23 230   M    M   4        34 240
 2  62  29  46  -2  19   0 0.00    M    M  7.3 17 210   M    M   5        22 200
 3  64  33  49   0  16   0 0.00    M    M  5.2 14 170   M    M   0        17 190
 4  71  31  51   2  14   0 0.00    M    M  5.1 16 230   M    M   2        21 230
 5  72  38  55   6  10   0 0.00    M    M  6.6 15 340   M    M   3        20 310
 6  74  34  54   5  11   0 0.00    M    M  5.8 18 310   M    M   0        24 290
 7  75  42  59   9   6   0 0.00    M    M  8.1 20 300   M    M   2        32 330
 8  73  43  58   8   7   0 0.00    M    M  7.1 16  30   M    M   3        21  30
 9  73  36  55   5  10   0 0.00    M    M  4.9 17  40   M    M   1 8      21  30
10  78  36  57   7   8   0 0.00    M    M  3.1 14 220   M    M   0        19 210
11  82  40  61  10   4   0 0.00    M    M  3.0 17 210   M    M   1        21 200
12  80  42  61  10   4   0 0.00    M    M  8.1 22 200   M    M   0        30 210
13  73  42  58   7   7   0 0.00    M    M  6.9 16 200   M    M   0        22 160
14  71  36  54   2  11   0    T    M    M  7.3 18 210   M    M   3        23 260
15  72  48  60   8   5   0    T    M    M  5.7 14  60   M    M   7        18  60
16  69  53  61   9   4   0 0.41    M    M 11.5 17  20   M    M   4 13     24  20
17  53  49  51  -1  14   0 1.21    M    M  6.6 13  60   M    M  10 1      15  60
18  56  44  50  -3  15   0 0.23    M    M  7.6 16  40   M    M   9 1      19  40
19  65  46  56   3   9   0 0.00    M    M 16.1 28  60   M    M   1        38  50
20  66  44  55   2  10   0 0.00    M    M 12.0 21  50   M    M   5        29  40
21  70  44  57   3   8   0 0.00    M    M 10.4 18  50   M    M   7        26  20
22  72  44  58   4   7   0 0.00    M    M  9.6 22  70   M    M   4        30  50
23  76  42  59   5   6   0 0.00    M    M  4.8 13 360   M    M   1        16 310
24  63  41  52  -2  13   0 0.44    M    M  4.8 22 150   M    M   7 13     28 160
25  65  48  57   3   8   0 0.06    M    M  5.8 13  50   M    M   9        16  40
================================================================================
SM 1735 1012       247   0  2.35    M    180.6          M       88
================================================================================
AV 69.4 40.5                               7.2 FASTST   M    M   4    MAX(MPH)
                                 MISC ---->  # 28  60               # 38   50
================================================================================
NOTES:
# LAST OF SEVERAL OCCURRENCES

COLUMN 17 PEAK WIND IN M.P.H.

PRELIMINARY LOCAL CLIMATOLOGICAL DATA (WS FORM: F-6) , PAGE 2

                                          STATION:  DEER_PARK WA AIRPORT
                                          MONTH:    MAY
                                          YEAR:     2019
                                          LATITUDE:   47 58 N
                                          LONGITUDE: 117 25 W

[TEMPERATURE DATA]      [PRECIPITATION DATA]       SYMBOLS USED IN COLUMN 16

AVERAGE MONTHLY: 54.9   TOTAL FOR MONTH:   2.35    1 = FOG OR MIST
DPTR FM NORMAL:   3.7   DPTR FM NORMAL:    0.93    2 = FOG REDUCING VISIBILITY
HIGHEST:    82 ON 11    GRTST 24HR  1.21 ON 17-17      TO 1/4 MILE OR LESS
LOWEST:     27 ON  1                               3 = THUNDER
                        SNOW, ICE PELLETS, HAIL    4 = ICE PELLETS
                        TOTAL MONTH:    M          5 = HAIL
                        GRTST 24HR    M  ON   M    6 = FREEZING RAIN OR DRIZZLE
                        GRTST DEPTH:  M  ON   M    7 = DUSTSTORM OR SANDSTORM:
                                                       VSBY 1/2 MILE OR LESS
                                                   8 = SMOKE OR HAZE
[NO. OF DAYS WITH]      [WEATHER - DAYS WITH]      9 = BLOWING SNOW
                                                   X = TORNADO
MAX 32 OR BELOW:   0    0.01 INCH OR MORE:   5
MAX 90 OR ABOVE:   0    0.10 INCH OR MORE:   4
MIN 32 OR BELOW:   3    0.50 INCH OR MORE:   1
MIN  0 OR BELOW:   0    1.00 INCH OR MORE:   1

[HDD (BASE 65) ]
TOTAL THIS MO.   247    CLEAR  (SCALE 0-3)  12
DPTR FM NORMAL   -97    PTCLDY (SCALE 4-7)  10
TOTAL FM JUL 1  7258    CLOUDY (SCALE 8-10)  3
DPTR FM NORMAL   103

[CDD (BASE 65) ]
TOTAL THIS MO.     0
DPTR FM NORMAL     0    [PRESSURE DATA]
TOTAL FM JAN 1     0    HIGHEST SLP M ON M
DPTR FM NORMAL     0    LOWEST  SLP 29.43 ON 16

[REMARKS]
