000
CXUS54 KFWD 230731
CF6DFW
PRELIMINARY LOCAL CLIMATOLOGICAL DATA (WS FORM: F-6)

                                          STATION:   DALLAS FORT WORTH
                                          MONTH:     MAY
                                          YEAR:      2019
                                          LATITUDE:   32 54 N
                                          LONGITUDE:  97  2 W

  TEMPERATURE IN F:       :PCPN:    SNOW:  WIND      :SUNSHINE: SKY     :PK WND
================================================================================
1   2   3   4   5  6A  6B    7    8   9   10  11  12  13   14  15   16   17  18
                                     12Z  AVG MX 2MIN
DY MAX MIN AVG DEP HDD CDD  WTR  SNW DPTH SPD SPD DIR MIN PSBL S-S WX    SPD DR
================================================================================

 1  85  63  74   4   0   9 0.74  0.0    0 14.2 29  10   M    M   9 13     37 170
 2  80  61  71   1   0   6 0.41  0.0    0 11.0 36 170   M    M   8 13     45 170
 3  79  61  70   0   0   5    T  0.0    0  8.5 22 150   M    M   8        28 150
 4  78  61  70   0   0   5 0.30  0.0    0  9.4 17  10   M    M   6 13     22  10
 5  82  58  70  -1   0   5 0.00  0.0    0  7.7 16 180   M    M   5        22 190
 6  83  68  76   5   0  11 0.00  0.0    0 11.9 20 150   M    M   8        24 170
 7  85  66  76   5   0  11 0.00  0.0    0 11.5 28 160   M    M   7        36 160
 8  72  61  67  -5   0   2 1.94  0.0    0 10.4 32 100   M    M  10 13     40 110
 9  73  52  63  -9   2   0 0.02  0.0    0 12.3 24 360   M    M   9 12     30 360
10  57  50  54 -18  11   0 0.08  0.0    0 12.4 23  10   M    M  10 13     30 360
11  65  55  60 -12   5   0 1.43  0.0    0  8.5 16 340   M    M  10 13     19 320
12  77  57  67  -6   0   2 0.00  0.0    0  6.1 13 310   M    M   4        17 340
13  82  58  70  -3   0   5 0.00  0.0    0  9.1 15 170   M    M   2        20 190
14  84  60  72  -1   0   7 0.00  0.0    0  7.8 18 230   M    M   4        22 190
15  86  63  75   1   0  10 0.00  0.0    0  8.8 17 190   M    M   2        24 190
16  86  67  77   3   0  12 0.00  0.0    0 11.5 18 190   M    M   3        24 200
17  87  70  79   5   0  14 0.00  0.0    0 16.7 24 160   M    M   8        32 180
18  77  63  70  -4   0   5 2.18  0.0    0 12.7 47 250   M    M   9 123    63 250
19  84  66  75   0   0  10 0.00  0.0    0  9.4 18 330   M    M   4 1      23 330
20  87  70  79   4   0  14 0.00  0.0    0 18.0 35 170   M    M   8        44 170
21  84  66  75   0   0  10 0.18  0.0    0 15.2 36 260   M    M   7 13     44 250
22  89  64  77   1   0  12 0.00  0.0    0 15.3 29 170   M    M   7 18     38 190
================================================================================
SM 1762 1360        18 155  7.28     0.0 248.4          M      148
================================================================================
AV 80.1 61.8                              11.3 FASTST   M    M   7    MAX(MPH)
                                 MISC ---->  # 47 250               # 63  250
================================================================================
NOTES:
# LAST OF SEVERAL OCCURRENCES

COLUMN 17 PEAK WIND IN M.P.H.

PRELIMINARY LOCAL CLIMATOLOGICAL DATA (WS FORM: F-6) , PAGE 2

                                          STATION:  DALLAS FORT WORTH
                                          MONTH:    MAY
                                          YEAR:     2019
                                          LATITUDE:   32 54 N
                                          LONGITUDE:  97  2 W

[TEMPERATURE DATA]      [PRECIPITATION DATA]       SYMBOLS USED IN COLUMN 16

AVERAGE MONTHLY: 71.0   TOTAL FOR MONTH:   7.28    1 = FOG OR MIST
DPTR FM NORMAL:  -1.6   DPTR FM NORMAL:    3.78    2 = FOG REDUCING VISIBILITY
HIGHEST:    89 ON 22    GRTST 24HR  2.18 ON 18-18      TO 1/4 MILE OR LESS
LOWEST:     50 ON 10                               3 = THUNDER
                        SNOW, ICE PELLETS, HAIL    4 = ICE PELLETS
                        TOTAL MONTH:   0.0 INCH    5 = HAIL
                        GRTST 24HR     0.0         6 = FREEZING RAIN OR DRIZZLE
                        GRTST DEPTH:   0           7 = DUSTSTORM OR SANDSTORM:
                                                       VSBY 1/2 MILE OR LESS
                                                   8 = SMOKE OR HAZE
[NO. OF DAYS WITH]      [WEATHER - DAYS WITH]      9 = BLOWING SNOW
                                                   X = TORNADO
MAX 32 OR BELOW:   0    0.01 INCH OR MORE:   9
MAX 90 OR ABOVE:   0    0.10 INCH OR MORE:   7
MIN 32 OR BELOW:   0    0.50 INCH OR MORE:   4
MIN  0 OR BELOW:   0    1.00 INCH OR MORE:   3

[HDD (BASE 65) ]
TOTAL THIS MO.    18    CLEAR  (SCALE 0-3)   3
DPTR FM NORMAL    12    PTCLDY (SCALE 4-7)  10
TOTAL FM JUL 1  2396    CLOUDY (SCALE 8-10)  9
DPTR FM NORMAL   114

[CDD (BASE 65) ]
TOTAL THIS MO.   155
DPTR FM NORMAL   -21    [PRESSURE DATA]
TOTAL FM JAN 1   298    HIGHEST SLP M ON M
DPTR FM NORMAL   -16    LOWEST  SLP 29.46 ON 21

[REMARKS]
