000
CXUS54 KFWD 190730
CF6DFW
PRELIMINARY LOCAL CLIMATOLOGICAL DATA (WS FORM: F-6)

                                          STATION:   DALLAS FORT WORTH
                                          MONTH:     MARCH
                                          YEAR:      2019
                                          LATITUDE:   32 54 N
                                          LONGITUDE:  97  2 W

  TEMPERATURE IN F:       :PCPN:    SNOW:  WIND      :SUNSHINE: SKY     :PK WND
================================================================================
1   2   3   4   5  6A  6B    7    8   9   10  11  12  13   14  15   16   17  18
                                     12Z  AVG MX 2MIN
DY MAX MIN AVG DEP HDD CDD  WTR  SNW DPTH SPD SPD DIR MIN PSBL S-S WX    SPD DR
================================================================================

 1  45  32  39 -15  26   0 0.00  0.0    0  5.6 13  30   M    M  10 18     15  30
 2  42  37  40 -14  25   0 0.07  0.0    0  8.9 17  30   M    M  10 18     20  30
 3  41  27  34 -20  31   0 0.01  0.0    0 17.7 25  30   M    M   8 1      31  20
 4  32  21  27 -27  38   0 0.00  0.0    0 14.1 24  20   M    M   7        30 360
 5  45  21  33 -22  32   0 0.00  0.0    0  8.1 17  10   M    M   1        23 350
 6  54  27  41 -14  24   0 0.00  0.0    0  9.1 21 170   M    M   4 8      29 170
 7  75  42  59   4   6   0 0.00  0.0    0 15.4 25 200   M    M   8        32 190
 8  79  54  67  12   0   2 0.00  0.0    0 11.8 22 180   M    M   9        29 180
 9  77  57  67  11   0   2 0.29  0.0    0 12.5 31 270   M    M   7 13     41 280
10  60  50  55  -1  10   0 0.06  0.0    0 10.9 17  10   M    M   9        21  20
11  62  49  56   0   9   0 0.02  0.0    0  9.6 18 360   M    M  10        25  70
12  67  56  62   5   3   0 0.07  0.0    0 13.3 39 150   M    M  10 13     50 150
13  71  54  63   6   2   0 1.08  0.0    0 18.7 60 220   M    M   6 123    79 230
14  65  47  56  -1   9   0 0.00  0.0    0 17.6 28 300   M    M   4 8      34 350
15  60  41  51  -6  14   0 0.00  0.0    0 14.0 26 360   M    M   5        33 340
16  61  36  49  -9  16   0 0.00  0.0    0  6.2 15  60   M    M   3        19  30
17  66  39  53  -5  12   0 0.00  0.0    0  4.0 10 130   M    M   3        14 360
18  71  42  57  -1   8   0 0.00  0.0    0  4.8 14 150   M    M   3        19 130
================================================================================
SM 1073  732       265   4  1.60     0.0 202.3          M      117
================================================================================
AV 59.6 40.7                              11.2 FASTST   M    M   7    MAX(MPH)
                                 MISC ---->  # 60 220               # 79  230
================================================================================
NOTES:
# LAST OF SEVERAL OCCURRENCES

COLUMN 17 PEAK WIND IN M.P.H.

PRELIMINARY LOCAL CLIMATOLOGICAL DATA (WS FORM: F-6) , PAGE 2

                                          STATION:  DALLAS FORT WORTH
                                          MONTH:    MARCH
                                          YEAR:     2019
                                          LATITUDE:   32 54 N
                                          LONGITUDE:  97  2 W

[TEMPERATURE DATA]      [PRECIPITATION DATA]       SYMBOLS USED IN COLUMN 16

AVERAGE MONTHLY: 50.1   TOTAL FOR MONTH:   1.60    1 = FOG OR MIST
DPTR FM NORMAL:  -5.8   DPTR FM NORMAL:   -0.45    2 = FOG REDUCING VISIBILITY
HIGHEST:    79 ON  8    GRTST 24HR  1.08 ON 13-13      TO 1/4 MILE OR LESS
LOWEST:     21 ON  5, 4                            3 = THUNDER
                        SNOW, ICE PELLETS, HAIL    4 = ICE PELLETS
                        TOTAL MONTH:   0.0 INCH    5 = HAIL
                        GRTST 24HR     0.0         6 = FREEZING RAIN OR DRIZZLE
                        GRTST DEPTH:   0           7 = DUSTSTORM OR SANDSTORM:
                                                       VSBY 1/2 MILE OR LESS
                                                   8 = SMOKE OR HAZE
[NO. OF DAYS WITH]      [WEATHER - DAYS WITH]      9 = BLOWING SNOW
                                                   X = TORNADO
MAX 32 OR BELOW:   1    0.01 INCH OR MORE:   7
MAX 90 OR ABOVE:   0    0.10 INCH OR MORE:   2
MIN 32 OR BELOW:   5    0.50 INCH OR MORE:   1
MIN  0 OR BELOW:   0    1.00 INCH OR MORE:   1

[HDD (BASE 65) ]
TOTAL THIS MO.   265    CLEAR  (SCALE 0-3)   4
DPTR FM NORMAL    87    PTCLDY (SCALE 4-7)   8
TOTAL FM JUL 1  2257    CLOUDY (SCALE 8-10)  6
DPTR FM NORMAL   147

[CDD (BASE 65) ]
TOTAL THIS MO.     4
DPTR FM NORMAL   -12    [PRESSURE DATA]
TOTAL FM JAN 1    21    HIGHEST SLP M ON M
DPTR FM NORMAL    -2    LOWEST  SLP 29.44 ON 13

[REMARKS]
