000
CXUS55 KCYS 251000
CF6DGW
PRELIMINARY LOCAL CLIMATOLOGICAL DATA (WS FORM: F-6)

                                          STATION:   CONVERSE CO (DOUGLAS) WY ARPT
                                          MONTH:     MAY
                                          YEAR:      2019
                                          LATITUDE:   42 46 N
                                          LONGITUDE: 105 22 W

  TEMPERATURE IN F:       :PCPN:    SNOW:  WIND      :SUNSHINE: SKY     :PK WND
================================================================================
1   2   3   4   5  6A  6B    7    8   9   10  11  12  13   14  15   16   17  18
                                     12Z  AVG MX 2MIN
DY MAX MIN AVG DEP HDD CDD  WTR  SNW DPTH SPD SPD DIR MIN PSBL S-S WX    SPD DR
================================================================================

 1  42  28  35 -13  30   0 0.13    M    M  9.2 20  40   M    M   7 1      24  40
 2  58  25  42  -6  23   0    T    M    M  9.4 28 250   M    M   4        34 260
 3  63  31  47  -2  18   0    T    M    M  9.0 21 300   M    M   2        27 320
 4  70  27  49   0  16   0 0.00    M    M  6.8 22 300   M    M   2        27 300
 5  66  33  50   1  15   0    T    M    M  8.0 23  60   M    M   3        27 210
 6  52  39  46  -4  19   0 0.02    M    M 10.0 21  80   M    M  10 1      25  80
 7  56  38  47  -3  18   0 0.32    M    M 14.9 28  70   M    M   9 13     33  70
 8  39  34  37 -13  28   0 0.11    M    M 13.8 25  10   M    M   9 1      30 350
 9  43  32  38 -13  27   0 0.12    M    M  6.4 16 110   M    M   9 1      19 160
10  59  29  44  -7  21   0 0.00    M    M  7.2 18 290   M    M   3 12     24 250
11  57  35  46  -5  19   0 0.01    M    M 13.5 26 270   M    M   9        34 360
12  74  29  52   0  13   0 0.00    M    M  9.4 22 310   M    M   2        29 310
13  78  35  57   5   8   0    T    M    M  5.8 22 340   M    M   0 3      27 340
14  80  37  59   7   6   0 0.00    M    M  8.4 28 250   M    M   1        36 260
15  82  39  61   8   4   0 0.00    M    M  6.6 24 290   M    M   1        29 290
16  77  47  62   9   3   0 0.00    M    M 12.2 28 130   M    M   1        34 120
17  57  46  52  -2  13   0 0.02    M    M 12.2 28 130   M    M   7 13     34 140
18  47  31  39 -15  26   0 0.43    M    M 14.2 23 330   M    M  10 1      28 340
19  43  31  37 -17  28   0 0.01    M    M 10.9 23 120   M    M  10 1      29 130
20  42  33  38 -16  27   0 0.02    M    M 19.3 31 130   M    M  10 1      38 140
21  35  30  33 -22  32   0 0.57    M    M  8.2 20  10   M    M  10 12     24  10
22  46  31  39 -16  26   0 0.11    M    M 15.1 25 330   M    M   8 1      32 320
23  48  32  40 -16  25   0 0.05    M    M 11.2 21 120   M    M   9 1      27 120
24  65  38  52  -4  13   0 0.00    M    M 18.7 39 250   M    M   2        49 250
================================================================================
SM 1379  810       458   0  1.92    M    260.4          M      138
================================================================================
AV 57.5 33.8                              10.8 FASTST   M    M   6    MAX(MPH)
                                 MISC ---->  # 39 250               # 49  250
================================================================================
NOTES:
# LAST OF SEVERAL OCCURRENCES

COLUMN 17 PEAK WIND IN M.P.H.

PRELIMINARY LOCAL CLIMATOLOGICAL DATA (WS FORM: F-6) , PAGE 2

                                          STATION:  CONVERSE CO (DOUGLAS) WY ARPT
                                          MONTH:    MAY
                                          YEAR:     2019
                                          LATITUDE:   42 46 N
                                          LONGITUDE: 105 22 W

[TEMPERATURE DATA]      [PRECIPITATION DATA]       SYMBOLS USED IN COLUMN 16

AVERAGE MONTHLY: 45.6   TOTAL FOR MONTH:   1.92    1 = FOG OR MIST
DPTR FM NORMAL:  -6.3   DPTR FM NORMAL:   -0.02    2 = FOG REDUCING VISIBILITY
HIGHEST:    82 ON 15    GRTST 24HR  0.57 ON 21-21      TO 1/4 MILE OR LESS
LOWEST:     25 ON  2                               3 = THUNDER
                        SNOW, ICE PELLETS, HAIL    4 = ICE PELLETS
                        TOTAL MONTH:    M          5 = HAIL
                        GRTST 24HR    M  ON   M    6 = FREEZING RAIN OR DRIZZLE
                        GRTST DEPTH:  M  ON   M    7 = DUSTSTORM OR SANDSTORM:
                                                       VSBY 1/2 MILE OR LESS
                                                   8 = SMOKE OR HAZE
[NO. OF DAYS WITH]      [WEATHER - DAYS WITH]      9 = BLOWING SNOW
                                                   X = TORNADO
MAX 32 OR BELOW:   0    0.01 INCH OR MORE:  13
MAX 90 OR ABOVE:   0    0.10 INCH OR MORE:   7
MIN 32 OR BELOW:  12    0.50 INCH OR MORE:   1
MIN  0 OR BELOW:   0    1.00 INCH OR MORE:   0

[HDD (BASE 65) ]
TOTAL THIS MO.   458    CLEAR  (SCALE 0-3)   8
DPTR FM NORMAL   142    PTCLDY (SCALE 4-7)   6
TOTAL FM JUL 1  7476    CLOUDY (SCALE 8-10) 10
DPTR FM NORMAL   203

[CDD (BASE 65) ]
TOTAL THIS MO.     0
DPTR FM NORMAL     0    [PRESSURE DATA]
TOTAL FM JAN 1     0    HIGHEST SLP M ON M
DPTR FM NORMAL     0    LOWEST  SLP 29.42 ON 17

[REMARKS]
