000
CXUS55 KCYS 221000
CF6DGW
PRELIMINARY LOCAL CLIMATOLOGICAL DATA (WS FORM: F-6)

                                          STATION:   CONVERSE CO (DOUGLAS) WY ARPT
                                          MONTH:     MARCH
                                          YEAR:      2019
                                          LATITUDE:   42 46 N
                                          LONGITUDE: 105 22 W

  TEMPERATURE IN F:       :PCPN:    SNOW:  WIND      :SUNSHINE: SKY     :PK WND
================================================================================
1   2   3   4   5  6A  6B    7    8   9   10  11  12  13   14  15   16   17  18
                                     12Z  AVG MX 2MIN
DY MAX MIN AVG DEP HDD CDD  WTR  SNW DPTH SPD SPD DIR MIN PSBL S-S WX    SPD DR
================================================================================

 1  40  19  30   0  35   0    T    M    M 12.0 23  10   M    M   3 18     30  20
 2  22  -2  10 -21  55   0    T    M    M 10.6 24 340   M    M  10 18     30 340
 3   8  -7   1 -30  64   0    T    M    M  6.1 13  10   M    M   8 8      18 350
 4  24 -13   6 -25  59   0 0.00    M    M  6.0 16 300   M    M   0        19 300
 5  35  -2  17 -15  48   0 0.00    M    M  6.7 16 140   M    M   0        20 140
 6  34  16  25  -7  40   0    T    M    M 11.5 25 120   M    M   9 128    33 130
 7  38  11  25  -7  40   0    T    M    M  6.6 20 100   M    M   5 1      23 100
 8  40  19  30  -3  35   0 0.05    M    M  7.7 20 140   M    M   7 1      25 140
 9  36  16  26  -7  39   0    T    M    M 15.0 29 330   M    M   6 1      38 320
10  43  13  28  -6  37   0 0.00    M    M  3.4 14  40   M    M   0        16  40
11  55  18  37   3  28   0 0.00    M    M  6.6 20 240   M    M   1        24 230
12  58  33  46  12  19   0    T    M    M  7.3 20 270   M    M   2        27 200
13  38  24  31  -4  34   0 0.15    M    M 21.4 37 330   M    M  10 129    45 330
14  30  20  25 -10  40   0    T    M    M 17.8 36 340   M    M   6 189    48 340
15  35   3  19 -16  46   0    T    M    M  4.4 16 310   M    M   1 1      19 310
16  40   5  23 -13  42   0 0.00    M    M  0.6  6  80   M    M   0 1       6  80
17  44  11  28  -8  37   0 0.00    M    M  4.5 10 120   M    M   0 1      13 270
18  43  23  33  -3  32   0 0.00    M    M  8.4 17 130   M    M   1        21 130
19  40  21  31  -5  34   0 0.00    M    M  9.8 21 320   M    M   2        26 320
20  52  20  36  -1  29   0 0.00    M    M  8.6 18 310   M    M   0        22 300
21  58  19  39   2  26   0 0.00    M    M  7.9 18 120   M    M   0        23 120
================================================================================
SM  813  267       819   0  0.20    M    182.9          M       71
================================================================================
AV 38.7 12.7                               8.7 FASTST   M    M   3    MAX(MPH)
                                 MISC ---->  # 37 330               # 48  340
================================================================================
NOTES:
# LAST OF SEVERAL OCCURRENCES

COLUMN 17 PEAK WIND IN M.P.H.

PRELIMINARY LOCAL CLIMATOLOGICAL DATA (WS FORM: F-6) , PAGE 2

                                          STATION:  CONVERSE CO (DOUGLAS) WY ARPT
                                          MONTH:    MARCH
                                          YEAR:     2019
                                          LATITUDE:   42 46 N
                                          LONGITUDE: 105 22 W

[TEMPERATURE DATA]      [PRECIPITATION DATA]       SYMBOLS USED IN COLUMN 16

AVERAGE MONTHLY: 25.7   TOTAL FOR MONTH:   0.20    1 = FOG OR MIST
DPTR FM NORMAL:  -8.1   DPTR FM NORMAL:   -0.31    2 = FOG REDUCING VISIBILITY
HIGHEST:    58 ON 21,12 GRTST 24HR  0.15 ON 13-13      TO 1/4 MILE OR LESS
LOWEST:    -13 ON  4                               3 = THUNDER
                        SNOW, ICE PELLETS, HAIL    4 = ICE PELLETS
                        TOTAL MONTH:    M          5 = HAIL
                        GRTST 24HR    M  ON   M    6 = FREEZING RAIN OR DRIZZLE
                        GRTST DEPTH:  M  ON   M    7 = DUSTSTORM OR SANDSTORM:
                                                       VSBY 1/2 MILE OR LESS
                                                   8 = SMOKE OR HAZE
[NO. OF DAYS WITH]      [WEATHER - DAYS WITH]      9 = BLOWING SNOW
                                                   X = TORNADO
MAX 32 OR BELOW:   4    0.01 INCH OR MORE:   2
MAX 90 OR ABOVE:   0    0.10 INCH OR MORE:   1
MIN 32 OR BELOW:  20    0.50 INCH OR MORE:   0
MIN  0 OR BELOW:   4    1.00 INCH OR MORE:   0

[HDD (BASE 65) ]
TOTAL THIS MO.   819    CLEAR  (SCALE 0-3)  12
DPTR FM NORMAL   166    PTCLDY (SCALE 4-7)   6
TOTAL FM JUL 1  6170    CLOUDY (SCALE 8-10)  3
DPTR FM NORMAL   117

[CDD (BASE 65) ]
TOTAL THIS MO.     0
DPTR FM NORMAL     0    [PRESSURE DATA]
TOTAL FM JAN 1     0    HIGHEST SLP M ON M
DPTR FM NORMAL     0    LOWEST  SLP 29.09 ON 13

[REMARKS]
