000
CXUS52 KTAE 210800
CF6DHN
PRELIMINARY LOCAL CLIMATOLOGICAL DATA (WS FORM: F-6)

                                          STATION:   DOTHAN
                                          MONTH:     MARCH
                                          YEAR:      2019
                                          LATITUDE:   31 19 N
                                          LONGITUDE:  85 27 W

  TEMPERATURE IN F:       :PCPN:    SNOW:  WIND      :SUNSHINE: SKY     :PK WND
================================================================================
1   2   3   4   5  6A  6B    7    8   9   10  11  12  13   14  15   16   17  18
                                     12Z  AVG MX 2MIN
DY MAX MIN AVG DEP HDD CDD  WTR  SNW DPTH SPD SPD DIR MIN PSBL S-S WX    SPD DR
================================================================================

 1  73  61  67  11   0   2 0.25  0.0    0  6.7 17 250   M    M   7 1      23 230
 2  75  62  69  13   0   4 0.02  0.0    0  3.5 10 330   M    M   8 138    12 340
 3  74  53  64   8   1   0 0.85  0.0    0  9.8 33 280   M    M   9 13     43 270
 4  53  39  46 -11  19   0 0.00  0.0    0 13.2 21 320   M    M   8 1      25 330
 5  53  34  44 -13  21   0 0.26    M    0 13.1 22 320   M    M   2 1      31 320
 6  55  30  43 -14  22   0 0.00  0.0    0  7.0 18 360   M    M   0        23 360
 7  64  33  49  -8  16   0 0.00  0.0    0  3.1  9 190   M    M   3        11 170
 8  76  51  64   7   1   0 0.00  0.0    0  7.7 16 190   M    M   6        23 240
 9  79  55  67   9   0   2 0.00  0.0    0  7.6 21 210   M    M   4 1      27 210
10  82  59  71  13   0   6 0.21  0.0    0  4.6 14 190   M    M   8 13     16 200
11  80  57  69  11   0   4 0.61  0.0    0  5.3 30 350   M    M  10 1238   39 350
12  76  53  65   7   0   0 0.00  0.0    0  6.4 10  60   M    M   0        13  80
13  79  57  68  10   0   3 0.00  0.0    0 10.2 20 150   M    M   2 8      27 160
14  83  63  73  15   0   8 0.00  0.0    0 11.7 21 160   M    M   8        25 170
15  76  59  68   9   0   3 0.04  0.0    0 11.1 20 300   M    M   7 18     23 300
16  59  48  54  -5  11   0    T    M    0 10.2 20  10   M    M   6        25  10
17  65  45  55  -4  10   0 0.00  0.0    0  6.1 14  20   M    M   3        17  10
18  67  40  54  -5  11   0 0.00  0.0    0  8.0 16  20   M    M   0 8      22  50
19  66  43  55  -4  10   0 0.00  0.0    0  7.6 17  50   M    M   0 8      21  50
20  67  39  53  -7  12   0 0.00  0.0    0  4.8 14  90   M    M   0        17  90
================================================================================
SM 1402  981       134  32  2.24     0.0 157.7          M       91
================================================================================
AV 70.1 49.1                               7.9 FASTST   M    M   5    MAX(MPH)
                                 MISC ---->  # 33 280               # 43  270
================================================================================
NOTES:
# LAST OF SEVERAL OCCURRENCES

COLUMN 17 PEAK WIND IN M.P.H.

PRELIMINARY LOCAL CLIMATOLOGICAL DATA (WS FORM: F-6) , PAGE 2

                                          STATION:  DOTHAN
                                          MONTH:    MARCH
                                          YEAR:     2019
                                          LATITUDE:   31 19 N
                                          LONGITUDE:  85 27 W

[TEMPERATURE DATA]      [PRECIPITATION DATA]       SYMBOLS USED IN COLUMN 16

AVERAGE MONTHLY: 59.6   TOTAL FOR MONTH:   2.24    1 = FOG OR MIST
DPTR FM NORMAL:   1.8   DPTR FM NORMAL:   -1.13    2 = FOG REDUCING VISIBILITY
HIGHEST:    83 ON 14    GRTST 24HR  0.85 ON  3- 3      TO 1/4 MILE OR LESS
LOWEST:     30 ON  6                               3 = THUNDER
                        SNOW, ICE PELLETS, HAIL    4 = ICE PELLETS
                        TOTAL MONTH:   0.0 INCH    5 = HAIL
                        GRTST 24HR     0.0         6 = FREEZING RAIN OR DRIZZLE
                        GRTST DEPTH:   0           7 = DUSTSTORM OR SANDSTORM:
                                                       VSBY 1/2 MILE OR LESS
                                                   8 = SMOKE OR HAZE
[NO. OF DAYS WITH]      [WEATHER - DAYS WITH]      9 = BLOWING SNOW
                                                   X = TORNADO
MAX 32 OR BELOW:   0    0.01 INCH OR MORE:   7
MAX 90 OR ABOVE:   0    0.10 INCH OR MORE:   5
MIN 32 OR BELOW:   1    0.50 INCH OR MORE:   2
MIN  0 OR BELOW:   0    1.00 INCH OR MORE:   0

[HDD (BASE 65) ]
TOTAL THIS MO.   134    CLEAR  (SCALE 0-3)   9
DPTR FM NORMAL   -20    PTCLDY (SCALE 4-7)   9
TOTAL FM JUL 1  1338    CLOUDY (SCALE 8-10)  2
DPTR FM NORMAL  -375

[CDD (BASE 65) ]
TOTAL THIS MO.    32
DPTR FM NORMAL    13    [PRESSURE DATA]
TOTAL FM JAN 1    98    HIGHEST SLP M ON M
DPTR FM NORMAL    69    LOWEST  SLP 29.74 ON  3

[REMARKS]
