758
CXUS54 KAMA 231015
CF6DHT
PRELIMINARY LOCAL CLIMATOLOGICAL DATA (WS FORM: F-6)

                                          STATION:   DALHART
                                          MONTH:     MAY
                                          YEAR:      2019
                                          LATITUDE:   36  1 N
                                          LONGITUDE: 102 33 W

  TEMPERATURE IN F:       :PCPN:    SNOW:  WIND      :SUNSHINE: SKY     :PK WND
================================================================================
1   2   3   4   5  6A  6B    7    8   9   10  11  12  13   14  15   16   17  18
                                     12Z  AVG MX 2MIN
DY MAX MIN AVG DEP HDD CDD  WTR  SNW DPTH SPD SPD DIR MIN PSBL S-S WX    SPD DR
================================================================================

 1  82  46  64   6   1   0 0.00  0.0    0 16.9 41  20   M    M   5 128    52  10
 2  57  43  50  -9  15   0 0.00  0.0    0 13.0 32  30   M    M  10 18     37  20
 3  70  49  60   1   5   0 0.22  0.0    M  9.6 21  10   M    M   M 13     24 110
 4  77  52  65   5   0   0 0.00  0.0    0 10.7 29 170   M    M   5        37 180
 5  82  49  66   6   0   1    T  0.0    0 12.6 22 130   M    M   4 1      29 240
 6  85  46  66   6   0   1 0.00  0.0    0 12.0 33 160   M    M   2 12     44 170
 7  65  53  59  -1   6   0 0.31  0.0    0 14.1 24  80   M    M   6 123    28  60
 8  70  44  57  -4   8   0 0.22  0.0    0 15.8 31  10   M    M   8 123    38 360
 9  50  39  45 -16  20   0 0.04  0.0    0 15.2 26  20   M    M   8 1      31  30
10  47  38  43 -19  22   0 0.22  0.0    0  7.6 14 180   M    M  10 18     16 130
11  68  39  54  -8  11   0 0.00  0.0    0  7.3 16  10   M    M   6 1      21 360
12  76  40  58  -4   7   0 0.00  0.0    0  7.3 21 330   M    M   1        25 330
13  82  42  62   0   3   0 0.00  0.0    0 11.0 25 210   M    M   0        31 180
14  86  43  65   2   0   0 0.11  0.0    0  9.6 25 310   M    M   1 38     39 340
15  88  46  67   4   0   2 0.00  0.0    0 11.5 23 180   M    M   0        29 180
16  90  50  70   7   0   5 0.00  0.0    0 15.9 29 190   M    M   0        39 180
17  87  55  71   7   0   6 0.00  0.0    0 18.0 33 220   M    M   1 18     42 230
18  76  45  61  -3   4   0 0.00  0.0    0 11.1 33 330   M    M   0 8      43 320
19  74  34  54 -10  11   0 0.00  0.0    0 11.3 24 170   M    M   0        30 180
20  59  48  54 -11  11   0 0.81  0.0    0 14.9 30 270   M    M   7 123    35 270
21  65  39  52 -13  13   0 0.01  0.0    0 13.5 32 300   M    M   2 1      39 280
22  79  37  58  -7   7   0 0.00  0.0    0 10.1 26  90   M    M   0        32  90
================================================================================
SM 1615  977       144  15  1.94     0.0 269.0          M       76
================================================================================
AV 73.4 44.4                              12.2 FASTST   M    M   4    MAX(MPH)
                                 MISC ---->  # 41  20               # 52   10
================================================================================
NOTES:
# LAST OF SEVERAL OCCURRENCES

COLUMN 17 PEAK WIND IN M.P.H.

PRELIMINARY LOCAL CLIMATOLOGICAL DATA (WS FORM: F-6) , PAGE 2

                                          STATION:  DALHART
                                          MONTH:    MAY
                                          YEAR:     2019
                                          LATITUDE:   36  1 N
                                          LONGITUDE: 102 33 W

[TEMPERATURE DATA]      [PRECIPITATION DATA]       SYMBOLS USED IN COLUMN 16

AVERAGE MONTHLY: 58.9   TOTAL FOR MONTH:   1.94    1 = FOG OR MIST
DPTR FM NORMAL:  -3.0   DPTR FM NORMAL:    0.44    2 = FOG REDUCING VISIBILITY
HIGHEST:    90 ON 16    GRTST 24HR  0.81 ON 20-20      TO 1/4 MILE OR LESS
LOWEST:     34 ON 19                               3 = THUNDER
                        SNOW, ICE PELLETS, HAIL    4 = ICE PELLETS
                        TOTAL MONTH:   0.0 INCH    5 = HAIL
                        GRTST 24HR     0.0         6 = FREEZING RAIN OR DRIZZLE
                        GRTST DEPTH:   0           7 = DUSTSTORM OR SANDSTORM:
                                                       VSBY 1/2 MILE OR LESS
                                                   8 = SMOKE OR HAZE
[NO. OF DAYS WITH]      [WEATHER - DAYS WITH]      9 = BLOWING SNOW
                                                   X = TORNADO
MAX 32 OR BELOW:   0    0.01 INCH OR MORE:   8
MAX 90 OR ABOVE:   1    0.10 INCH OR MORE:   6
MIN 32 OR BELOW:   0    0.50 INCH OR MORE:   1
MIN  0 OR BELOW:   0    1.00 INCH OR MORE:   0

[HDD (BASE 65) ]
TOTAL THIS MO.   144    CLEAR  (SCALE 0-3)  11
DPTR FM NORMAL    45    PTCLDY (SCALE 4-7)   7
TOTAL FM JUL 1  4621    CLOUDY (SCALE 8-10)  3
DPTR FM NORMAL   -80

[CDD (BASE 65) ]
TOTAL THIS MO.    15
DPTR FM NORMAL   -18    [PRESSURE DATA]
TOTAL FM JAN 1    20    HIGHEST SLP M ON M
DPTR FM NORMAL   -19    LOWEST  SLP 29.32 ON 21

[REMARKS]
