000
CXUS54 KAMA 191015
CF6DHT
PRELIMINARY LOCAL CLIMATOLOGICAL DATA (WS FORM: F-6)

                                          STATION:   DALHART
                                          MONTH:     MARCH
                                          YEAR:      2019
                                          LATITUDE:   36  1 N
                                          LONGITUDE: 102 33 W

  TEMPERATURE IN F:       :PCPN:    SNOW:  WIND      :SUNSHINE: SKY     :PK WND
================================================================================
1   2   3   4   5  6A  6B    7    8   9   10  11  12  13   14  15   16   17  18
                                     12Z  AVG MX 2MIN
DY MAX MIN AVG DEP HDD CDD  WTR  SNW DPTH SPD SPD DIR MIN PSBL S-S WX    SPD DR
================================================================================

 1  72  25  49   8  16   0 0.00  0.0    0 13.3 32  60   M    M   0        40  60
 2  41  23  32 -10  33   0 0.05    M    0 12.6 26  60   M    M  10 128    31  60
 3  23   8  16 -26  49   0    T    M    0 15.2 28  40   M    M  10 168    42  60
 4  17   7  12 -30  53   0    T    T    0  4.0 10  50   M    M   9 8      11  30
 5  41  10  26 -16  39   0 0.00  0.0    0  7.3 16 130   M    M   2        19 120
 6  71  20  46   3  19   0 0.00  0.0    0 18.5 33 210   M    M   0        39 220
 7  80  31  56  13   9   0 0.00  0.0    0 14.0 40 260   M    M   0 8      50 250
 8  65  26  46   3  19   0 0.00  0.0    0 15.6 39 190   M    M   1 18     50 200
 9  68  38  53   9  12   0 0.01  0.0    0 15.9 39 250   M    M   1 8      49 260
10  52  28  40  -4  25   0 0.00  0.0    0 10.6 20 140   M    M   0        24  70
11  59  30  45   1  20   0 0.03  0.0    0 12.6 21 170   M    M   6 12     27 170
12  56  43  50   6  15   0 0.04  0.0    0 16.0 33 160   M    M  10 12     41 160
13  65  38  52   7  13   0 0.01  0.0    0 34.0 59 230   M    M   5 18     73 230
14  48  28  38  -7  27   0 0.00  0.0    0 22.5 43 360   M    M   4        56 360
15  52  19  36  -9  29   0 0.00  0.0    0  7.9 15 200   M    M   0        19 200
16  60  19  40  -5  25   0 0.00  0.0    0  9.9 22 220   M    M   0        27 220
17  64  26  45  -1  20   0 0.00  0.0    0  9.5 18 210   M    M   0        23 210
18  64  28  46   0  19   0 0.00  0.0    0 10.6 24 200   M    M   0        29 210
================================================================================
SM  998  447       442   0  0.14    T    250.0          M       58
================================================================================
AV 55.4 24.8                              13.9 FASTST   M    M   3    MAX(MPH)
                                 MISC ---->  # 59 230               # 73  230
================================================================================
NOTES:
# LAST OF SEVERAL OCCURRENCES

COLUMN 17 PEAK WIND IN M.P.H.

PRELIMINARY LOCAL CLIMATOLOGICAL DATA (WS FORM: F-6) , PAGE 2

                                          STATION:  DALHART
                                          MONTH:    MARCH
                                          YEAR:     2019
                                          LATITUDE:   36  1 N
                                          LONGITUDE: 102 33 W

[TEMPERATURE DATA]      [PRECIPITATION DATA]       SYMBOLS USED IN COLUMN 16

AVERAGE MONTHLY: 40.1   TOTAL FOR MONTH:   0.14    1 = FOG OR MIST
DPTR FM NORMAL:  -3.5   DPTR FM NORMAL:   -0.46    2 = FOG REDUCING VISIBILITY
HIGHEST:    80 ON  7    GRTST 24HR  0.05 ON  2- 2      TO 1/4 MILE OR LESS
LOWEST:      7 ON  4                               3 = THUNDER
                        SNOW, ICE PELLETS, HAIL    4 = ICE PELLETS
                        TOTAL MONTH:    T          5 = HAIL
                        GRTST 24HR    T  ON  4- 4  6 = FREEZING RAIN OR DRIZZLE
                        GRTST DEPTH:   0           7 = DUSTSTORM OR SANDSTORM:
                                                       VSBY 1/2 MILE OR LESS
                                                   8 = SMOKE OR HAZE
[NO. OF DAYS WITH]      [WEATHER - DAYS WITH]      9 = BLOWING SNOW
                                                   X = TORNADO
MAX 32 OR BELOW:   2    0.01 INCH OR MORE:   5
MAX 90 OR ABOVE:   0    0.10 INCH OR MORE:   0
MIN 32 OR BELOW:  15    0.50 INCH OR MORE:   0
MIN  0 OR BELOW:   0    1.00 INCH OR MORE:   0

[HDD (BASE 65) ]
TOTAL THIS MO.   442    CLEAR  (SCALE 0-3)  11
DPTR FM NORMAL    56    PTCLDY (SCALE 4-7)   3
TOTAL FM JUL 1  3997    CLOUDY (SCALE 8-10)  4
DPTR FM NORMAL   -32

[CDD (BASE 65) ]
TOTAL THIS MO.     0
DPTR FM NORMAL     0    [PRESSURE DATA]
TOTAL FM JAN 1     0    HIGHEST SLP M ON M
DPTR FM NORMAL     0    LOWEST  SLP 28.99 ON 13

[REMARKS]
