000
CXUS53 KBIS 180803
CF6DIK
PRELIMINARY LOCAL CLIMATOLOGICAL DATA (WS FORM: F-6)

                                          STATION:   DICKINSON ND
                                          MONTH:     MARCH
                                          YEAR:      2019
                                          LATITUDE:   46 47 N
                                          LONGITUDE: 102 48 W

  TEMPERATURE IN F:       :PCPN:    SNOW:  WIND      :SUNSHINE: SKY     :PK WND
================================================================================
1   2   3   4   5  6A  6B    7    8   9   10  11  12  13   14  15   16   17  18
                                     12Z  AVG MX 2MIN
DY MAX MIN AVG DEP HDD CDD  WTR  SNW DPTH SPD SPD DIR MIN PSBL S-S WX    SPD DR
================================================================================

 1  18  -1   9 -15  56   0    T    M    M  8.1 17 330   M    M   8 18     22 330
 2  -1 -19 -10 -35  75   0    M    M    M 16.2 25 270   M    M   4 8      30 280
 3  -2 -19 -10 -35  75   0 0.00    M    M 25.0 36 280   M    M   3 8      44 290
 4   8 -10  -1 -26  66   0    T    M    M 28.2 41 290   M    M   4 18     50 290
 5  20  -2   9 -17  56   0 0.00    M    M 17.7 26 270   M    M   2 8      32 280
 6  11  -8   2 -24  63   0    T    M    M  7.6 13  30   M    M   2 18     17  20
 7  16  -1   8 -18  57   0    T    M    M 17.2 25 160   M    M   9 18     30 140
 8  29   5  17 -10  48   0    T    M    M  5.8 15 290   M    M   7 1      16 290
 9  26   5  16 -11  49   0    M    M    M 14.1 24 320   M    M   6 1      29 310
10  24   0  12 -16  53   0 0.00    M    M  8.5 17 270   M    M   1 1      18 260
11  34   0  17 -11  48   0 0.00    M    M 12.2 22 200   M    M   0 1      27 200
12  38  17  28   0  37   0 0.00    M    M 11.9 23 240   M    M   0        28 240
13  33  14  24  -5  41   0    T    M    M 15.2 24 330   M    M   4 1      37 350
14  34  18  26  -3  39   0    M    M    M 19.5 31 320   M    M   2        41 330
15  33  11  22  -7  43   0 0.00    M    M  9.3 15 300   M    M   3        18 290
16  35  13  24  -6  41   0 0.00    M    M 12.0 18 310   M    M   4 18     25 310
17  36  14  25  -5  40   0 0.00    M    M  8.0 14 260   M    M   1        18 250
================================================================================
SM  392   37       887   0    T     M    236.5          M       60
================================================================================
AV 23.1  2.2                              13.9 FASTST   M    M   4    MAX(MPH)
                                 MISC ---->  # 41 290               # 50  290
================================================================================
NOTES:
# LAST OF SEVERAL OCCURRENCES

COLUMN 17 PEAK WIND IN M.P.H.

PRELIMINARY LOCAL CLIMATOLOGICAL DATA (WS FORM: F-6) , PAGE 2

                                          STATION:  DICKINSON ND
                                          MONTH:    MARCH
                                          YEAR:     2019
                                          LATITUDE:   46 47 N
                                          LONGITUDE: 102 48 W

[TEMPERATURE DATA]      [PRECIPITATION DATA]       SYMBOLS USED IN COLUMN 16

AVERAGE MONTHLY: 12.6   TOTAL FOR MONTH:      T    1 = FOG OR MIST
DPTR FM NORMAL: -14.6   DPTR FM NORMAL:   -0.31    2 = FOG REDUCING VISIBILITY
HIGHEST:    38 ON 12    GRTST 24HR    T  ON 13-13      TO 1/4 MILE OR LESS
LOWEST:    -19 ON  3, 2                            3 = THUNDER
                        SNOW, ICE PELLETS, HAIL    4 = ICE PELLETS
                        TOTAL MONTH:    M          5 = HAIL
                        GRTST 24HR    M  ON   M    6 = FREEZING RAIN OR DRIZZLE
                        GRTST DEPTH:  M  ON   M    7 = DUSTSTORM OR SANDSTORM:
                                                       VSBY 1/2 MILE OR LESS
                                                   8 = SMOKE OR HAZE
[NO. OF DAYS WITH]      [WEATHER - DAYS WITH]      9 = BLOWING SNOW
                                                   X = TORNADO
MAX 32 OR BELOW:  10    0.01 INCH OR MORE:   0
MAX 90 OR ABOVE:   0    0.10 INCH OR MORE:   0
MIN 32 OR BELOW:  17    0.50 INCH OR MORE:   0
MIN  0 OR BELOW:   9    1.00 INCH OR MORE:   0

[HDD (BASE 65) ]
TOTAL THIS MO.   887    CLEAR  (SCALE 0-3)   9
DPTR FM NORMAL   244    PTCLDY (SCALE 4-7)   6
TOTAL FM JUL 1  7676    CLOUDY (SCALE 8-10)  2
DPTR FM NORMAL   739

[CDD (BASE 65) ]
TOTAL THIS MO.     0
DPTR FM NORMAL     0    [PRESSURE DATA]
TOTAL FM JAN 1     0    HIGHEST SLP M ON M
DPTR FM NORMAL     0    LOWEST  SLP 29.65 ON 12

[REMARKS]
