000
CXUS53 KBIS 260803
CF6DIK
PRELIMINARY LOCAL CLIMATOLOGICAL DATA (WS FORM: F-6)

                                          STATION:   DICKINSON ND
                                          MONTH:     MAY
                                          YEAR:      2019
                                          LATITUDE:   46 47 N
                                          LONGITUDE: 102 48 W

  TEMPERATURE IN F:       :PCPN:    SNOW:  WIND      :SUNSHINE: SKY     :PK WND
================================================================================
1   2   3   4   5  6A  6B    7    8   9   10  11  12  13   14  15   16   17  18
                                     12Z  AVG MX 2MIN
DY MAX MIN AVG DEP HDD CDD  WTR  SNW DPTH SPD SPD DIR MIN PSBL S-S WX    SPD DR
================================================================================

 1  44  28  36 -12  29   0 0.07    M    M  4.5 10  10   M    M   9 12     14  10
 2  62  27  45  -4  20   0    T    M    M 11.4 30 240   M    M   3        46 240
 3  64  31  48  -1  17   0 0.00    M    M 11.0 22 240   M    M   1        31 230
 4  54  34  44  -5  21   0 0.00    M    M  8.3 21  20   M    M   5        27  20
 5  44  30  37 -13  28   0 0.08    M    M  5.9 14  30   M    M  10 18     19  40
 6  53  30  42  -8  23   0 0.00    M    M  5.5 10 200   M    M   6 1      14 170
 7  44  24  34 -16  31   0 0.02    M    M 12.4 23 140   M    M   8 128    29 140
 8  51  32  42  -9  23   0 0.04    M    M  9.0 18  40   M    M   7 1      27  30
 9  53  28  41 -10  24   0 0.00    M    M  6.7 16  40   M    M   2        22 330
10  66  26  46  -5  19   0 0.01    M    M 10.8 25 210   M    M   5 8      34 210
11  53  36  45  -7  20   0 0.07    M    M 17.2 29 320   M    M   8 1      38 320
12  68  31  50  -2  15   0 0.00    M    M  7.0 14 200   M    M   0        19 170
13  77  47  62  10   3   0 0.02    M    M 11.9 23 340   M    M   2 3      30 330
14  76  42  59   7   6   0 0.00    M    M  9.1 18  60   M    M   1        26  50
15  83  52  68  15   0   3 0.00    M    M 16.3 26 300   M    M   0 8      42 280
16  59  43  51  -2  14   0 0.01    M    M 11.8 21  40   M    M   8        27  40
17  46  36  41 -13  24   0 0.64    M    M 17.9 29  40   M    M   8 1      40  50
18  39  32  36 -18  29   0 0.69    M    M 16.6 31  20   M    M  10 12     43  20
19  51  34  43 -11  22   0 0.00    M    M  6.8 17  60   M    M  10        24  40
20  56  32  44 -10  21   0 0.00    M    M 10.4 22 130   M    M   7        30 110
21  57  40  49  -6  16   0 0.00    M    M 14.0 29  80   M    M   9        38  60
22  49  43  46  -9  19   0 0.29    M    M 14.0 35  30   M    M  10 1      46  40
23  65  35  50  -5  15   0 0.00    M    M 11.3 18 120   M    M   5        25  90
24  52  41  47  -9  18   0 0.96    M    M 12.5 24 290   M    M  10 1      30 290
25  70  37  54  -2  11   0 0.00    M    M  6.9 16 270   M    M   1        24 290
================================================================================
SM 1436  871       468   3  2.90    M    269.2          M      145
================================================================================
AV 57.4 34.8                              10.8 FASTST   M    M   6    MAX(MPH)
                                 MISC ---->  # 35  30               # 46  240
================================================================================
NOTES:
# LAST OF SEVERAL OCCURRENCES

COLUMN 17 PEAK WIND IN M.P.H.

PRELIMINARY LOCAL CLIMATOLOGICAL DATA (WS FORM: F-6) , PAGE 2

                                          STATION:  DICKINSON ND
                                          MONTH:    MAY
                                          YEAR:     2019
                                          LATITUDE:   46 47 N
                                          LONGITUDE: 102 48 W

[TEMPERATURE DATA]      [PRECIPITATION DATA]       SYMBOLS USED IN COLUMN 16

AVERAGE MONTHLY: 46.1   TOTAL FOR MONTH:   2.90    1 = FOG OR MIST
DPTR FM NORMAL:  -6.1   DPTR FM NORMAL:    1.09    2 = FOG REDUCING VISIBILITY
HIGHEST:    83 ON 15    GRTST 24HR  0.96 ON 24-24      TO 1/4 MILE OR LESS
LOWEST:     24 ON  7                               3 = THUNDER
                        SNOW, ICE PELLETS, HAIL    4 = ICE PELLETS
                        TOTAL MONTH:    M          5 = HAIL
                        GRTST 24HR    M  ON   M    6 = FREEZING RAIN OR DRIZZLE
                        GRTST DEPTH:  M  ON   M    7 = DUSTSTORM OR SANDSTORM:
                                                       VSBY 1/2 MILE OR LESS
                                                   8 = SMOKE OR HAZE
[NO. OF DAYS WITH]      [WEATHER - DAYS WITH]      9 = BLOWING SNOW
                                                   X = TORNADO
MAX 32 OR BELOW:   0    0.01 INCH OR MORE:  12
MAX 90 OR ABOVE:   0    0.10 INCH OR MORE:   4
MIN 32 OR BELOW:  12    0.50 INCH OR MORE:   3
MIN  0 OR BELOW:   0    1.00 INCH OR MORE:   0

[HDD (BASE 65) ]
TOTAL THIS MO.   468    CLEAR  (SCALE 0-3)   8
DPTR FM NORMAL   141    PTCLDY (SCALE 4-7)  10
TOTAL FM JUL 1  9221    CLOUDY (SCALE 8-10)  7
DPTR FM NORMAL   832

[CDD (BASE 65) ]
TOTAL THIS MO.     3
DPTR FM NORMAL     3    [PRESSURE DATA]
TOTAL FM JAN 1     3    HIGHEST SLP M ON M
DPTR FM NORMAL     2    LOWEST  SLP 29.57 ON 24

[REMARKS]
