000
CXUS54 KEWX 261010
CF6DLF
PRELIMINARY LOCAL CLIMATOLOGICAL DATA (WS FORM: F-6)
STATION: LAUGHLIN AFB
MONTH: APRIL
YEAR: 2024
LATITUDE: 29 22 N
LONGITUDE: 100 47 W
TEMPERATURE IN F: :PCPN: SNOW: WIND :SUNSHINE: SKY :PK WND
================================================================================
1 2 3 4 5 6A 6B 7 8 9 10 11 12 13 14 15 16 17 18
12Z AVG MX 2MIN
DY MAX MIN AVG DEP HDD CDD WTR SNW DPTH SPD SPD DIR MIN PSBL S-S WX SPD DR
================================================================================
1 98 70 84 M 0 19 T M M 15.9 33 310 M M 5 8 51 350
2 80 50 65 M 0 0 T M M 14.9 27 310 M M 1 37 330
3 84 46 65 M 0 0 0.00 M M 6.5 14 340 M M 0 22 320
4 91 47 69 M 0 4 0.00 M M 6.1 15 150 M M 0 23 160
5 91 50 71 M 0 6 T M M 15.3 26 150 M M 0 36 160
6 92 67 80 M 0 15 0.00 M M 14.5 18 110 M M 3 8 23 160
7 84 82 83 M 0 18 0.00 M M 5.8 8 320 M M 5 M M
8 85 72 79 M 0 14 0.00 M M 11.6 16 120 M M 3 17 130
9 95 64 80 M 0 15 T M M 14.9 39 350 M M 2 18 46 340
10 84 56 70 M 0 5 0.00 M M 21.2 35 310 M M 2 47 310
11 89 49 69 M 0 4 0.00 M M 6.3 14 170 M M 0 17 170
12 91 56 74 M 0 9 0.00 M M 14.4 24 140 M M 3 39 130
13 91 66 79 M 0 14 0.00 M M 15.8 21 110 M M 3 33 110
14 92 66 79 M 0 14 0.00 M M 12.1 21 110 M M 2 18 130
15 93 71 82 M 0 17 T M M 15.7 23 140 M M 4 31 140
16 98 73 86 M 0 21 T M M 9.1 20 100 M M 4 25 140
17 93 74 84 M 0 19 0.06 M M 9.1 18 150 M M 5 3 25 120
18 95 73 84 M 0 19 T M M 8.3 17 100 M M 4 M M
19 89 73 81 M 0 16 0.01 M M 13.5 24 100 M M 4 35 100
20 83 61 72 M 0 7 T M M 13.3 21 110 M M 9 33 350
21 77 58 68 M 0 3 T M M 10.5 16 340 M M 10 21 340
22 78 62 70 M 0 5 0.00 M M 14.0 20 160 M M 8 31 120
23 83 65 74 M 0 9 T M M 14.7 21 160 M M 6 30 130
24 91 72 82 M 0 17 0.00 M M 16.3 24 130 M M 7 32 130
25 87 73 80 M 0 15 T M M 16.3 24 150 M M 8 18 32 140
================================================================================
SM 2214 1596 0 285 0.07 M 316.1 M 98
================================================================================
AV 88.6 63.8 12.6 FASTST M M 4 MAX(MPH)
MISC ----> 39 350 51 350
================================================================================
NOTES:
# LAST OF SEVERAL OCCURRENCES
COLUMN 17 PEAK WIND IN M.P.H.
PRELIMINARY LOCAL CLIMATOLOGICAL DATA (WS FORM: F-6) , PAGE 2
STATION: LAUGHLIN AFB
MONTH: APRIL
YEAR: 2024
LATITUDE: 29 22 N
LONGITUDE: 100 47 W
[TEMPERATURE DATA] [PRECIPITATION DATA] SYMBOLS USED IN COLUMN 16
AVERAGE MONTHLY: 76.2 TOTAL FOR MONTH: 0.07 1 = FOG OR MIST
DPTR FM NORMAL: 0.0 DPTR FM NORMAL: 0.07 2 = FOG REDUCING VISIBILITY
HIGHEST: 98 ON 16, 1 GRTST 24HR 0.06 ON 17-17 TO 1/4 MILE OR LESS
LOWEST: 46 ON 3 3 = THUNDER
SNOW, ICE PELLETS, HAIL 4 = ICE PELLETS
TOTAL MONTH: M 5 = HAIL
GRTST 24HR M ON M 6 = FREEZING RAIN OR DRIZZLE
GRTST DEPTH: M ON M 7 = DUSTSTORM OR SANDSTORM:
VSBY 1/2 MILE OR LESS
8 = SMOKE OR HAZE
[NO. OF DAYS WITH] [WEATHER - DAYS WITH] 9 = BLOWING SNOW
X = TORNADO
MAX 32 OR BELOW: 0 0.01 INCH OR MORE: 2
MAX 90 OR ABOVE: 13 0.10 INCH OR MORE: 0
MIN 32 OR BELOW: 0 0.50 INCH OR MORE: 0
MIN 0 OR BELOW: 0 1.00 INCH OR MORE: 0
[HDD (BASE 65) ]
TOTAL THIS MO. 0 CLEAR (SCALE 0-3) 10
DPTR FM NORMAL M PTCLDY (SCALE 4-7) 13
TOTAL FM JUL 1 1099 CLOUDY (SCALE 8-10) 2
DPTR FM NORMAL M
[CDD (BASE 65) ]
TOTAL THIS MO. 285
DPTR FM NORMAL M [PRESSURE DATA]
TOTAL FM JAN 1 494 HIGHEST SLP M ON M
DPTR FM NORMAL M LOWEST SLP M ON M
[REMARKS]