000
CXUS54 KEWX 220910
CF6DLF
PRELIMINARY LOCAL CLIMATOLOGICAL DATA (WS FORM: F-6)

                                          STATION:   LAUGHLIN AFB
                                          MONTH:     MAY
                                          YEAR:      2019
                                          LATITUDE:   29 22 N
                                          LONGITUDE: 100 47 W

  TEMPERATURE IN F:       :PCPN:    SNOW:  WIND      :SUNSHINE: SKY     :PK WND
================================================================================
1   2   3   4   5  6A  6B    7    8   9   10  11  12  13   14  15   16   17  18
                                     12Z  AVG MX 2MIN
DY MAX MIN AVG DEP HDD CDD  WTR  SNW DPTH SPD SPD DIR MIN PSBL S-S WX    SPD DR
================================================================================

 1  81  72  77   M   0  12 0.02    M    M 10.5 16 110   M    M   6 1       M  M
 2  85  67  76   M   0  11 1.75    M    M 13.1 21 100   M    M   8 135    30 110
 3  77  63  70   M   0   5 0.41    M    M  7.6 35  70   M    M   7 13     41  70
 4  82  63  73   M   0   8 0.00    M    M  6.1 13 120   M    M   7 8       M  M
 5  85  64  75   M   0  10 0.25    M    M  9.1 17 140   M    M   5 13     24 140
 6   M   M   M   M   M   M    T    M    M 11.8 18 120   M    M   2 3      41 160
 7  86  69  78   M   0  13 0.00    M    M 12.4 23 130   M    M   7 1      33 130
 8  78  74  76   M   0  11 0.00    M    M 10.2 23 140   M    M   5 1      30 130
 9   M   M   M   M   M   M 0.00    M    M  8.1 20  40   M    M   7 138    29  40
10   M   M   M   M   M   M 0.01    M    M  8.7 15  30   M    M   8 1       M  M
11  74  56  65   M   0   0 0.02    M    M  8.0 13 350   M    M   5 1       M  M
12  81  55  68   M   0   3 0.00    M    M  5.2  9 120   M    M   4         M  M
13  80  61  71   M   0   6 0.02    M    M  7.0 14 130   M    M   7 3      18 120
14  84  64  74   M   0   9 0.00    M    M  5.1 10 150   M    M   5 1       M  M
15  87  67  77   M   0  12    T    M    M  8.6 14 180   M    M   5 8      17 160
16  87  71  79   M   0  14 0.00    M    M 11.8 15 130   M    M   6 18      M  M
17  89  73  81   M   0  16 0.00    M    M 15.8 21 160   M    M   8        27 160
18  96  74  85   M   0  20 0.00    M    M  7.9 18 140   M    M   4 1      24 140
19  92  67  80   M   0  15 0.39    M    M  8.9 17 140   M    M   4 13     22 120
20   M  77   M   M   M   M 0.00    M    M 16.8 23 160   M    M   6 1      31 160
21   M   M   M   M   M   M    M    M    M 11.6 21 350   M    M   2 1      23 360
================================================================================
SM 1344 1137         0 165  2.87    M    204.3          M      118
================================================================================
AV 84.0 66.9                               9.7 FASTST   M    M   6    MAX(MPH)
                                 MISC ---->  # 35  70               # 41   70
================================================================================
NOTES:
# LAST OF SEVERAL OCCURRENCES

COLUMN 17 PEAK WIND IN M.P.H.

PRELIMINARY LOCAL CLIMATOLOGICAL DATA (WS FORM: F-6) , PAGE 2

                                          STATION:  LAUGHLIN AFB
                                          MONTH:    MAY
                                          YEAR:     2019
                                          LATITUDE:   29 22 N
                                          LONGITUDE: 100 47 W

[TEMPERATURE DATA]      [PRECIPITATION DATA]       SYMBOLS USED IN COLUMN 16

AVERAGE MONTHLY: 75.4   TOTAL FOR MONTH:   2.87    1 = FOG OR MIST
DPTR FM NORMAL:     M   DPTR FM NORMAL:       M    2 = FOG REDUCING VISIBILITY
HIGHEST:    96 ON 18    GRTST 24HR  1.75 ON  2- 2      TO 1/4 MILE OR LESS
LOWEST:     55 ON 12                               3 = THUNDER
                        SNOW, ICE PELLETS, HAIL    4 = ICE PELLETS
                        TOTAL MONTH:    M          5 = HAIL
                        GRTST 24HR    M  ON   M    6 = FREEZING RAIN OR DRIZZLE
                        GRTST DEPTH:  M  ON   M    7 = DUSTSTORM OR SANDSTORM:
                                                       VSBY 1/2 MILE OR LESS
                                                   8 = SMOKE OR HAZE
[NO. OF DAYS WITH]      [WEATHER - DAYS WITH]      9 = BLOWING SNOW
                                                   X = TORNADO
MAX 32 OR BELOW:   0    0.01 INCH OR MORE:   8
MAX 90 OR ABOVE:   2    0.10 INCH OR MORE:   4
MIN 32 OR BELOW:   0    0.50 INCH OR MORE:   1
MIN  0 OR BELOW:   0    1.00 INCH OR MORE:   1

[HDD (BASE 65) ]
TOTAL THIS MO.     0    CLEAR  (SCALE 0-3)   2
DPTR FM NORMAL     M    PTCLDY (SCALE 4-7)  18
TOTAL FM JUL 1  1356    CLOUDY (SCALE 8-10)  1
DPTR FM NORMAL     M

[CDD (BASE 65) ]
TOTAL THIS MO.   165
DPTR FM NORMAL     M    [PRESSURE DATA]
TOTAL FM JAN 1   443    HIGHEST SLP M ON M
DPTR FM NORMAL     M    LOWEST  SLP M ON M

[REMARKS]
