000
CXUS54 KEWX 230910
CF6DLF
PRELIMINARY LOCAL CLIMATOLOGICAL DATA (WS FORM: F-6)

                                          STATION:   LAUGHLIN AFB
                                          MONTH:     MARCH
                                          YEAR:      2019
                                          LATITUDE:   29 22 N
                                          LONGITUDE: 100 47 W

  TEMPERATURE IN F:       :PCPN:    SNOW:  WIND      :SUNSHINE: SKY     :PK WND
================================================================================
1   2   3   4   5  6A  6B    7    8   9   10  11  12  13   14  15   16   17  18
                                     12Z  AVG MX 2MIN
DY MAX MIN AVG DEP HDD CDD  WTR  SNW DPTH SPD SPD DIR MIN PSBL S-S WX    SPD DR
================================================================================

 1  66  52  59   M   6   0    T    M    M  7.8 12 120   M    M   8 1       M  M
 2  66  59  63   M   2   0 0.04    M    M  7.7 10 150   M    M  10 1       M  M
 3  62  40  51   M  14   0 0.01    M    M 10.1 16  10   M    M  10 18      M  M
 4  46  32  39   M  26   0 0.00    M    M 10.0 15  10   M    M  10        17  20
 5  54  29  42   M  23   0 0.00    M    M  5.7 10  50   M    M   5         M  M
 6  59  32  46   M  19   0 0.00    M    M 10.3 18 130   M    M   1        24 160
 7  72   M   M   M   M   M 0.00    M    M  5.7 12 140   M    M   1         M  M
 8  83  52  68   M   0   3    T    M    M  8.2 14 140   M    M   4 12      M  M
 9  86  60  73   M   0   8    T    M    M  6.1 17 330   M    M   4 1      23 330
10  73  60  67   M   0   2 0.00    M    M  7.8 15 130   M    M   7 1       M  M
11  70  62  66   M   0   1 0.03    M    M  4.7 10 130   M    M  10 1       M  M
12  79  62  71   M   0   6 0.14    M    M 17.0 28 140   M    M   8 1      40 140
13  86  51  69   M   0   4 0.47    M    M  7.3 16 160   M    M   6 13     27 150
14  78  53  66   M   0   1 0.00    M    M 12.5 29 350   M    M   0        33 350
15  60  47  54   M  11   0 0.00    M    M  6.4 10 360   M    M   5         M  M
16  62  44  53   M  12   0 0.00    M    M  5.4 12 140   M    M   8        17 140
17  67  40  54   M  11   0 0.00    M    M  4.7  9 140   M    M   3         M  M
18  69  42  56   M   9   0 0.00    M    M  6.8 14 130   M    M   7        17 150
19  67  40  54   M  11   0 0.00    M    M  6.6 13 160   M    M   0        18 160
20  68  52  60   M   5   0    T    M    M  6.3 12 120   M    M   8         M  M
21   M   M   M   M   M   M 0.00    M    M  5.2 14 140   M    M   8         M  M
22  74  62  68   M   0   3 0.00    M    M 13.4 22 160   M    M  10        30 160
================================================================================
SM 1447  971       149  28  0.69    M    175.7          M      133
================================================================================
AV 68.9 48.6                               8.0 FASTST   M    M   6    MAX(MPH)
                                 MISC ---->  # 29 350               # 40  140
================================================================================
NOTES:
# LAST OF SEVERAL OCCURRENCES

COLUMN 17 PEAK WIND IN M.P.H.

PRELIMINARY LOCAL CLIMATOLOGICAL DATA (WS FORM: F-6) , PAGE 2

                                          STATION:  LAUGHLIN AFB
                                          MONTH:    MARCH
                                          YEAR:     2019
                                          LATITUDE:   29 22 N
                                          LONGITUDE: 100 47 W

[TEMPERATURE DATA]      [PRECIPITATION DATA]       SYMBOLS USED IN COLUMN 16

AVERAGE MONTHLY: 58.7   TOTAL FOR MONTH:   0.69    1 = FOG OR MIST
DPTR FM NORMAL:     M   DPTR FM NORMAL:       M    2 = FOG REDUCING VISIBILITY
HIGHEST:    86 ON 13, 9 GRTST 24HR  0.47 ON 13-13      TO 1/4 MILE OR LESS
LOWEST:     29 ON  5                               3 = THUNDER
                        SNOW, ICE PELLETS, HAIL    4 = ICE PELLETS
                        TOTAL MONTH:    M          5 = HAIL
                        GRTST 24HR    M  ON   M    6 = FREEZING RAIN OR DRIZZLE
                        GRTST DEPTH:  M  ON   M    7 = DUSTSTORM OR SANDSTORM:
                                                       VSBY 1/2 MILE OR LESS
                                                   8 = SMOKE OR HAZE
[NO. OF DAYS WITH]      [WEATHER - DAYS WITH]      9 = BLOWING SNOW
                                                   X = TORNADO
MAX 32 OR BELOW:   0    0.01 INCH OR MORE:   5
MAX 90 OR ABOVE:   0    0.10 INCH OR MORE:   2
MIN 32 OR BELOW:   3    0.50 INCH OR MORE:   0
MIN  0 OR BELOW:   0    1.00 INCH OR MORE:   0

[HDD (BASE 65) ]
TOTAL THIS MO.   149    CLEAR  (SCALE 0-3)   5
DPTR FM NORMAL     M    PTCLDY (SCALE 4-7)   9
TOTAL FM JUL 1  1318    CLOUDY (SCALE 8-10)  8
DPTR FM NORMAL     M

[CDD (BASE 65) ]
TOTAL THIS MO.    28
DPTR FM NORMAL     M    [PRESSURE DATA]
TOTAL FM JAN 1    46    HIGHEST SLP M ON M
DPTR FM NORMAL     M    LOWEST  SLP M ON M

[REMARKS]
