000
CXUS53 KDLH 180634
CF6DLH
PRELIMINARY LOCAL CLIMATOLOGICAL DATA (WS FORM: F-6)

                                          STATION:   DULUTH
                                          MONTH:     MARCH
                                          YEAR:      2019
                                          LATITUDE:   46 49 N
                                          LONGITUDE:  92 11 W

  TEMPERATURE IN F:       :PCPN:    SNOW:  WIND      :SUNSHINE: SKY     :PK WND
================================================================================
1   2   3   4   5  6A  6B    7    8   9   10  11  12  13   14  15   16   17  18
                                     12Z  AVG MX 2MIN
DY MAX MIN AVG DEP HDD CDD  WTR  SNW DPTH SPD SPD DIR MIN PSBL S-S WX    SPD DR
================================================================================

 1  18   6  12  -8  53   0 0.13  1.7   24  5.1 12 280   M    M   7 1      14 310
 2  12  -5   4 -16  61   0    T    T   25 10.7 20 280   M    M   4        25 320
 3   1 -15  -7 -28  72   0    T    T   25 12.1 21 270   M    M   1        27 310
 4   8 -19  -5 -26  70   0    T  0.1   25 12.4 24 260   M    M   5 89     29 260
 5  12  -4   4 -18  61   0    T    T   24 13.0 22 310   M    M   4 89     31 310
 6  20  -5   8 -14  57   0 0.00  0.0   24 10.2 22 310   M    M   4        28 300
 7  22 -11   6 -16  59   0 0.00  0.0   24  5.1 12 250   M    M   0        14 300
 8  32   8  20  -3  45   0    T    T   24  7.1 13 250   M    M   8 8      15 260
 9  36  16  26   3  39   0 0.05  1.1   24 13.1 22  80   M    M   6 18     28  80
10  31  15  23  -1  42   0 0.25  3.4   27 15.3 26 290   M    M   8 1      36 290
11  31   9  20  -4  45   0    T    T   25 10.8 17 270   M    M   0 8      24 290
12  41  19  30   6  35   0 0.05  0.0   25 13.8 22 200   M    M   6 18     28 200
13  39  35  37  12  28   0 0.55  0.0   24 11.0 26  80   M    M  10 12     36  80
14  41  32  37  12  28   0 0.05    T   20 12.5 25 350   M    M  10 12     39 330
15  32  25  29   3  36   0    T  0.1   18 16.2 25 300   M    M   9 89     36 340
16  34  20  27   1  38   0 0.00  0.0   17  8.4 16 320   M    M   2        22 320
17  38  15  27   1  38   0    T    T   17  4.6 12 300   M    M   3        16 320
================================================================================
SM  448  141       807   0  1.08     6.4 181.4          M       87
================================================================================
AV 26.4  8.3                              10.7 FASTST   M    M   5    MAX(MPH)
                                 MISC ---->  # 26 290               # 39  330
================================================================================
NOTES:
# LAST OF SEVERAL OCCURRENCES

COLUMN 17 PEAK WIND IN M.P.H.

PRELIMINARY LOCAL CLIMATOLOGICAL DATA (WS FORM: F-6) , PAGE 2

                                          STATION:  DULUTH
                                          MONTH:    MARCH
                                          YEAR:     2019
                                          LATITUDE:   46 49 N
                                          LONGITUDE:  92 11 W

[TEMPERATURE DATA]      [PRECIPITATION DATA]       SYMBOLS USED IN COLUMN 16

AVERAGE MONTHLY: 17.3   TOTAL FOR MONTH:   1.08    1 = FOG OR MIST
DPTR FM NORMAL:  -5.9   DPTR FM NORMAL:    0.32    2 = FOG REDUCING VISIBILITY
HIGHEST:    41 ON 14,12 GRTST 24HR  0.55 ON 13-13      TO 1/4 MILE OR LESS
LOWEST:    -19 ON  4                               3 = THUNDER
                        SNOW, ICE PELLETS, HAIL    4 = ICE PELLETS
                        TOTAL MONTH:   6.4 INCHES  5 = HAIL
                        GRTST 24HR   3.4 ON 10-10  6 = FREEZING RAIN OR DRIZZLE
                        GRTST DEPTH:  27 ON 10     7 = DUSTSTORM OR SANDSTORM:
                                                       VSBY 1/2 MILE OR LESS
                                                   8 = SMOKE OR HAZE
[NO. OF DAYS WITH]      [WEATHER - DAYS WITH]      9 = BLOWING SNOW
                                                   X = TORNADO
MAX 32 OR BELOW:  11    0.01 INCH OR MORE:   6
MAX 90 OR ABOVE:   0    0.10 INCH OR MORE:   3
MIN 32 OR BELOW:  16    0.50 INCH OR MORE:   1
MIN  0 OR BELOW:   6    1.00 INCH OR MORE:   0

[HDD (BASE 65) ]
TOTAL THIS MO.   807    CLEAR  (SCALE 0-3)   5
DPTR FM NORMAL    94    PTCLDY (SCALE 4-7)   8
TOTAL FM JUL 1  7677    CLOUDY (SCALE 8-10)  4
DPTR FM NORMAL    97

[CDD (BASE 65) ]
TOTAL THIS MO.     0
DPTR FM NORMAL     0    [PRESSURE DATA]
TOTAL FM JAN 1     0    HIGHEST SLP M ON M
DPTR FM NORMAL     0    LOWEST  SLP 29.28 ON 14

[REMARKS]
