000
CXUS56 KTFX 231205
CF6DLN
PRELIMINARY LOCAL CLIMATOLOGICAL DATA (WS FORM: F-6)

                                          STATION:   DILLON AIRPORT MT
                                          MONTH:     MAY
                                          YEAR:      2019
                                          LATITUDE:   45 15 N
                                          LONGITUDE: 112 33 W

  TEMPERATURE IN F:       :PCPN:    SNOW:  WIND      :SUNSHINE: SKY     :PK WND
================================================================================
1   2   3   4   5  6A  6B    7    8   9   10  11  12  13   14  15   16   17  18
                                     12Z  AVG MX 2MIN
DY MAX MIN AVG DEP HDD CDD  WTR  SNW DPTH SPD SPD DIR MIN PSBL S-S WX    SPD DR
================================================================================

 1  49  17  33 -13  32   0 0.00    M    0  8.1 25 250   M    M   3        30 240
 2  53  26  40  -6  25   0 0.00    M    0 12.6 25 340   M    M   3        32 270
 3  63  24  44  -3  21   0 0.00    M    0  9.8 24 250   M    M   1        37 260
 4  66  32  49   2  16   0 0.00    M    0 11.3 25 260   M    M   1        31 260
 5  63  39  51   3  14   0 0.00    M    0 12.0 24  30   M    M   3        29  20
 6  65  32  49   1  16   0 0.00    M    0  9.1 21  30   M    M   3        26  30
 7  58  38  48   0  17   0 0.01    M    0 10.1 37 330   M    M   6        42 330
 8  56  37  47  -1  18   0 0.00    M    0 13.2 29  20   M    M   7        34  30
 9  54  31  43  -6  22   0 0.00    M    0 10.6 21  10   M    M   4        26  40
10  64  27  46  -3  19   0 0.00    M    0  6.7 17  40   M    M   2        20  40
11  70  32  51   2  14   0 0.00    M    0  5.2 12 200   M    M   0        14 120
12  73  38  56   6   9   0 0.00    M    0 10.4 22 260   M    M   0        28 250
13  76  39  58   8   7   0 0.00    M    0  9.3 25 240   M    M   2        31 240
14  75  41  58   8   7   0 0.01    M    0  9.5 47 240   M    M   2 8      58 240
15  66  49  58   8   7   0 0.07    M    0  7.0 24 210   M    M   9 8      28 210
16  70  45  58   8   7   0 0.00    M    0 10.4 24 180   M    M   7 1      32 190
17  52  38  45  -6  20   0 0.68    M    0  7.7 18  40   M    M  10 1      22  40
18  49  37  43  -8  22   0 0.09    M    0  9.6 22  40   M    M  10 1      27  40
19  45  32  39 -12  26   0 0.01    M    0 19.8 35  30   M    M  10 1      43  30
20  43  34  39 -13  26   0 0.02    M    0 14.6 23  40   M    M  10 1      26  40
21  53  35  44  -8  21   0 0.00    M    0 16.6 35  30   M    M  10        42  30
22  50  34  42 -10  23   0    T    M    0 17.0 26  40   M    M   8        31  30
================================================================================
SM 1313  757       389   0  0.89    M    240.6          M      111
================================================================================
AV 59.7 34.4                              10.9 FASTST   M    M   5    MAX(MPH)
                                 MISC ---->  # 47 240               # 58  240
================================================================================
NOTES:
# LAST OF SEVERAL OCCURRENCES

COLUMN 17 PEAK WIND IN M.P.H.

PRELIMINARY LOCAL CLIMATOLOGICAL DATA (WS FORM: F-6) , PAGE 2

                                          STATION:  DILLON AIRPORT MT
                                          MONTH:    MAY
                                          YEAR:     2019
                                          LATITUDE:   45 15 N
                                          LONGITUDE: 112 33 W

[TEMPERATURE DATA]      [PRECIPITATION DATA]       SYMBOLS USED IN COLUMN 16

AVERAGE MONTHLY: 47.1   TOTAL FOR MONTH:   0.89    1 = FOG OR MIST
DPTR FM NORMAL:  -2.2   DPTR FM NORMAL:   -0.35    2 = FOG REDUCING VISIBILITY
HIGHEST:    76 ON 13    GRTST 24HR  0.68 ON 17-17      TO 1/4 MILE OR LESS
LOWEST:     17 ON  1                               3 = THUNDER
                        SNOW, ICE PELLETS, HAIL    4 = ICE PELLETS
                        TOTAL MONTH:    M          5 = HAIL
                        GRTST 24HR    M  ON   M    6 = FREEZING RAIN OR DRIZZLE
                        GRTST DEPTH:   0           7 = DUSTSTORM OR SANDSTORM:
                                                       VSBY 1/2 MILE OR LESS
                                                   8 = SMOKE OR HAZE
[NO. OF DAYS WITH]      [WEATHER - DAYS WITH]      9 = BLOWING SNOW
                                                   X = TORNADO
MAX 32 OR BELOW:   0    0.01 INCH OR MORE:   7
MAX 90 OR ABOVE:   0    0.10 INCH OR MORE:   1
MIN 32 OR BELOW:   9    0.50 INCH OR MORE:   1
MIN  0 OR BELOW:   0    1.00 INCH OR MORE:   0

[HDD (BASE 65) ]
TOTAL THIS MO.   389    CLEAR  (SCALE 0-3)   7
DPTR FM NORMAL    42    PTCLDY (SCALE 4-7)   9
TOTAL FM JUL 1  8733    CLOUDY (SCALE 8-10)  6
DPTR FM NORMAL   817

[CDD (BASE 65) ]
TOTAL THIS MO.     0
DPTR FM NORMAL     0    [PRESSURE DATA]
TOTAL FM JAN 1     0    HIGHEST SLP M ON M
DPTR FM NORMAL     0    LOWEST  SLP 29.53 ON 17

[REMARKS]
