000
CXUS51 KLWX 250620
CF6DMH
PRELIMINARY LOCAL CLIMATOLOGICAL DATA (WS FORM: F-6)

                                          STATION:   BALTIMORE INNER HARBOR MD
                                          MONTH:     MARCH
                                          YEAR:      2019
                                          LATITUDE:   39 16 N
                                          LONGITUDE:  76 37 W

  TEMPERATURE IN F:       :PCPN:    SNOW:  WIND      :SUNSHINE: SKY     :PK WND
================================================================================
1   2   3   4   5  6A  6B    7    8   9   10  11  12  13   14  15   16   17  18
                                     12Z  AVG MX 2MIN
DY MAX MIN AVG DEP HDD CDD  WTR  SNW DPTH SPD SPD DIR MIN PSBL S-S WX    SPD DR
================================================================================

 1  37  31  34  -8  31   0 0.77    M    M   M   M   M   M    M   0         M  M
 2  45  35  40  -2  25   0 0.09    M    M   M   M   M   M    M   M         M  M
 3  44  34  39  -3  26   0 0.76    M    M   M   M   M   M    M   0         M  M
 4  40  30  35  -7  30   0 0.01    M    M   M   M   M   M    M   M         M  M
 5  40  26  33 -10  32   0 0.00    M    M   M   M   M   M    M   M         M  M
 6  31  21  26 -17  39   0 0.00    M    M   M   M   M   M    M   M         M  M
 7  42  24  33 -10  32   0 0.00    M    M   M   M   M   M    M   M         M  M
 8  41  31  36  -8  29   0 0.10    M    M   M   M   M   M    M   M         M  M
 9  44  35  40  -4  25   0 0.08    M    M   M   M   M   M    M   M         M  M
10  54  37  46   2  19   0 0.50    M    M   M   M   M   M    M   M         M  M
11  61  47  54   9  11   0 0.00    M    M   M   M   M   M    M   M         M  M
12  50  38  44  -1  21   0 0.00    M    M   M   M   M   M    M   M         M  M
13  53  35  44  -1  21   0 0.00    M    M   M   M   M   M    M   0         M  M
14  67  43  55   9  10   0 0.00    M    M   M   M   M   M    M   M         M  M
15  78  55  67  21   0   2 0.30    M    M   M   M   M   M    M   M         M  M
16  56  41  49   3  16   0 0.00    M    M   M   M   M   M    M   M         M  M
17  52  35  44  -3  21   0 0.00    M    M   M   M   M   M    M   M         M  M
18  49  38  44  -3  21   0 0.00    M    M   M   M   M   M    M   M         M  M
19  51  38  45  -2  20   0 0.00    M    M   M   M   M   M    M   M         M  M
20  52  38  45  -3  20   0 0.00    M    M   M   M   M   M    M   M         M  M
21  51  44  48   0  17   0 2.22    M    M   M   M   M   M    M   M         M  M
22  52  40  46  -2  19   0 0.39    M    M   M   M   M   M    M   M         M  M
23  52  36  44  -5  21   0 0.00    M    M   M   M   M   M    M   M         M  M
24  65  37  51   2  14   0 0.00    M    M   M   M   M   M    M   M         M  M
================================================================================
SM 1207  869       520   2  5.22    M        M          M        0
================================================================================
AV 50.3 36.2                                 M FASTST   M    M   0    MAX(MPH)
                                 MISC ---->     M   M                  M    M
================================================================================
NOTES:
# LAST OF SEVERAL OCCURRENCES

COLUMN 17 PEAK WIND IN M.P.H.

PRELIMINARY LOCAL CLIMATOLOGICAL DATA (WS FORM: F-6) , PAGE 2

                                          STATION:  BALTIMORE INNER HARBOR MD
                                          MONTH:    MARCH
                                          YEAR:     2019
                                          LATITUDE:   39 16 N
                                          LONGITUDE:  76 37 W

[TEMPERATURE DATA]      [PRECIPITATION DATA]       SYMBOLS USED IN COLUMN 16

AVERAGE MONTHLY: 43.3   TOTAL FOR MONTH:   5.22    1 = FOG OR MIST
DPTR FM NORMAL:  -2.0   DPTR FM NORMAL:    2.39    2 = FOG REDUCING VISIBILITY
HIGHEST:    78 ON 15    GRTST 24HR  2.22 ON 21-21      TO 1/4 MILE OR LESS
LOWEST:     21 ON  6                               3 = THUNDER
                        SNOW, ICE PELLETS, HAIL    4 = ICE PELLETS
                        TOTAL MONTH:    M          5 = HAIL
                        GRTST 24HR    M  ON   M    6 = FREEZING RAIN OR DRIZZLE
                        GRTST DEPTH:  M  ON   M    7 = DUSTSTORM OR SANDSTORM:
                                                       VSBY 1/2 MILE OR LESS
                                                   8 = SMOKE OR HAZE
[NO. OF DAYS WITH]      [WEATHER - DAYS WITH]      9 = BLOWING SNOW
                                                   X = TORNADO
MAX 32 OR BELOW:   1    0.01 INCH OR MORE:  10
MAX 90 OR ABOVE:   0    0.10 INCH OR MORE:   7
MIN 32 OR BELOW:   6    0.50 INCH OR MORE:   4
MIN  0 OR BELOW:   0    1.00 INCH OR MORE:   1

[HDD (BASE 65) ]
TOTAL THIS MO.   520    CLEAR  (SCALE 0-3)   3
DPTR FM NORMAL    46    PTCLDY (SCALE 4-7)   0
TOTAL FM JUL 1  3424    CLOUDY (SCALE 8-10)  0
DPTR FM NORMAL  -138

[CDD (BASE 65) ]
TOTAL THIS MO.     2
DPTR FM NORMAL     2    [PRESSURE DATA]
TOTAL FM JAN 1     2    HIGHEST SLP M ON M
DPTR FM NORMAL     2    LOWEST  SLP 29.53 ON M

[REMARKS]
