000
CXUS54 KEPZ 201200
CF6DMN
PRELIMINARY LOCAL CLIMATOLOGICAL DATA (WS FORM: F-6)

                                          STATION:   DEMING
                                          MONTH:     MARCH
                                          YEAR:      2019
                                          LATITUDE:   32 15 N
                                          LONGITUDE: 107 42 W

  TEMPERATURE IN F:       :PCPN:    SNOW:  WIND      :SUNSHINE: SKY     :PK WND
================================================================================
1   2   3   4   5  6A  6B    7    8   9   10  11  12  13   14  15   16   17  18
                                     12Z  AVG MX 2MIN
DY MAX MIN AVG DEP HDD CDD  WTR  SNW DPTH SPD SPD DIR MIN PSBL S-S WX    SPD DR
================================================================================

 1  76  34  55   6  10   0 0.00  0.0    0 10.3 23 240   M    M   0        30 240
 2  75  38  57   8   8   0 0.00  0.0    0 11.4 28 280   M    M   0        37 260
 3  72  44  58   9   7   0 0.00  0.0    0 14.7 30 270   M    M   1        38 270
 4  71  38  55   6  10   0 0.00  0.0    0 10.9 24 270   M    M   0        30 270
 5  70  30  50   1  15   0 0.00  0.0    0  8.9 16 100   M    M   0        20 100
 6  79  37  58   8   7   0 0.00  0.0    0  8.9 23 270   M    M   0        31 270
 7  77  43  60  10   5   0 0.00  0.0    0 10.5 29 240   M    M   0        38 240
 8  69  40  55   5  10   0 0.01  0.0    0 15.0 40 230   M    M   2 8      56 230
 9  61  26  44  -6  21   0 0.00  0.0    0  9.5 23 270   M    M   0        29 270
10  65  42  54   4  11   0 0.00  0.0    0  6.9 21 200   M    M   2        26 180
11  73  45  59   9   6   0    T  0.0    0  9.3 22 160   M    M   7        29 160
12  71  39  55   5  10   0 0.18  0.0    0 14.6 38 270   M    M   5 18     46 260
13  54  40  47  -4  18   0    T  0.0    0 24.5 44 270   M    M   8 8      58 240
14  57  32  45  -6  20   0 0.00  0.0    0  9.6 18 280   M    M   1        23 280
15  57  32  45  -6  20   0 0.00  0.0    0 15.9 26  90   M    M   0        33  60
16  42  32  37 -14  28   0 0.18  0.0    0 10.1 17  80   M    M   7 18     24  80
17  61  32  47  -4  18   0 0.00  0.0    0  7.3 16  80   M    M   1        19  80
18  65  38  52   0  13   0 0.00  0.0    0  8.2 20 100   M    M   0        24 100
19  69  32  51  -1  14   0 0.00  0.0    0  4.5  9 310   M    M   0        13 170
================================================================================
SM 1264  694       251   0  0.37     0.0 211.0          M       34
================================================================================
AV 66.5 36.5                              11.1 FASTST   M    M   2    MAX(MPH)
                                 MISC ---->  # 44 270               # 58  240
================================================================================
NOTES:
# LAST OF SEVERAL OCCURRENCES

COLUMN 17 PEAK WIND IN M.P.H.

PRELIMINARY LOCAL CLIMATOLOGICAL DATA (WS FORM: F-6) , PAGE 2

                                          STATION:  DEMING
                                          MONTH:    MARCH
                                          YEAR:     2019
                                          LATITUDE:   32 15 N
                                          LONGITUDE: 107 42 W

[TEMPERATURE DATA]      [PRECIPITATION DATA]       SYMBOLS USED IN COLUMN 16

AVERAGE MONTHLY: 51.5   TOTAL FOR MONTH:   0.37    1 = FOG OR MIST
DPTR FM NORMAL:   1.3   DPTR FM NORMAL:    0.08    2 = FOG REDUCING VISIBILITY
HIGHEST:    79 ON  6    GRTST 24HR  0.18 ON 16-16      TO 1/4 MILE OR LESS
LOWEST:     26 ON  9                               3 = THUNDER
                        SNOW, ICE PELLETS, HAIL    4 = ICE PELLETS
                        TOTAL MONTH:   0.0 INCH    5 = HAIL
                        GRTST 24HR     0.0         6 = FREEZING RAIN OR DRIZZLE
                        GRTST DEPTH:   0           7 = DUSTSTORM OR SANDSTORM:
                                                       VSBY 1/2 MILE OR LESS
                                                   8 = SMOKE OR HAZE
[NO. OF DAYS WITH]      [WEATHER - DAYS WITH]      9 = BLOWING SNOW
                                                   X = TORNADO
MAX 32 OR BELOW:   0    0.01 INCH OR MORE:   3
MAX 90 OR ABOVE:   0    0.10 INCH OR MORE:   2
MIN 32 OR BELOW:   7    0.50 INCH OR MORE:   0
MIN  0 OR BELOW:   0    1.00 INCH OR MORE:   0

[HDD (BASE 65) ]
TOTAL THIS MO.   251    CLEAR  (SCALE 0-3)  15
DPTR FM NORMAL   -30    PTCLDY (SCALE 4-7)   4
TOTAL FM JUL 1  2815    CLOUDY (SCALE 8-10)  0
DPTR FM NORMAL   -15

[CDD (BASE 65) ]
TOTAL THIS MO.     0
DPTR FM NORMAL     0    [PRESSURE DATA]
TOTAL FM JAN 1     0    HIGHEST SLP  0.00 ON 11
DPTR FM NORMAL     0    LOWEST  SLP 29.33 ON 12

[REMARKS]
