000
CXUS54 KEPZ 261200
CF6DMN
PRELIMINARY LOCAL CLIMATOLOGICAL DATA (WS FORM: F-6)

                                          STATION:   DEMING
                                          MONTH:     MAY
                                          YEAR:      2019
                                          LATITUDE:   32 15 N
                                          LONGITUDE: 107 42 W

  TEMPERATURE IN F:       :PCPN:    SNOW:  WIND      :SUNSHINE: SKY     :PK WND
================================================================================
1   2   3   4   5  6A  6B    7    8   9   10  11  12  13   14  15   16   17  18
                                     12Z  AVG MX 2MIN
DY MAX MIN AVG DEP HDD CDD  WTR  SNW DPTH SPD SPD DIR MIN PSBL S-S WX    SPD DR
================================================================================

 1  83  48  66   1   0   1 0.00  0.0    0 10.5 23 270   M    M   0        29 280
 2  83  47  65   0   0   0 0.00  0.0    0  8.1 17 270   M    M   0        25 270
 3  85  54  70   4   0   5 0.00  0.0    0  8.4 22 250   M    M   0        34 290
 4  87  48  68   2   0   3 0.00  0.0    0  8.6 21 260   M    M   0        27 250
 5  88  49  69   3   0   4 0.00  0.0    0  8.1 21 250   M    M   0        31 260
 6  86  50  68   2   0   3 0.00  0.0    0 11.4 22 250   M    M   0        29 270
 7  79  58  69   2   0   4 0.00  0.0    0 16.2 32 250   M    M   0        40 260
 8  76  48  62  -5   3   0 0.00  0.0    0 15.8 31 280   M    M   1 8      40 270
 9  78  45  62  -5   3   0    T    M    0  6.9 25 110   M    M   2        30 110
10  74  53  64  -4   1   0 0.02  0.0    0 11.3 24  80   M    M   7 3      30  80
11  74  49  62  -6   3   0 0.00  0.0    0  5.5 17 220   M    M   5        23 220
12  73  48  61  -7   4   0 0.21  0.0    0  8.1 30 280   M    M   5 13     36 280
13  76  45  61  -7   4   0 0.00  0.0    0  4.6 13 170   M    M   0        17 180
14  88  50  69   0   0   4 0.00  0.0    0  5.9 14 330   M    M   0        19 350
15  90  52  71   2   0   6 0.00  0.0    0  4.4 18 200   M    M   0        23 200
16  93  53  73   4   0   8 0.00  0.0    0 11.2 26 250   M    M   0        33 260
17  82  59  71   1   0   6 0.00  0.0    0 17.0 29 240   M    M   0        37 280
18  78  47  63  -7   2   0 0.00  0.0    0 12.9 30 270   M    M   0        38 270
19  83  44  64  -6   1   0 0.00  0.0    0  8.8 21 250   M    M   0        27 220
20  76  45  61  -9   4   0 0.00  0.0    0 18.7 40 300   M    M   1 8      54 300
21  77  38  58 -13   7   0 0.00  0.0    0 15.6 32 250   M    M   0        39 240
22  85  49  67  -4   0   2 0.00  0.0    0 13.4 27 250   M    M   0        43 250
23  77  52  65  -6   0   0 0.00  0.0    0 12.7 29 260   M    M   0        38 270
24  86  41  64  -7   1   0 0.00  0.0    0  6.1 16 260   M    M   0        30 240
25  90  49  70  -2   0   5 0.00  0.0    0 10.3 23 240   M    M   0        38 230
================================================================================
SM 2047 1221        33  51  0.23     0.0 260.5          M       21
================================================================================
AV 81.9 48.8                              10.4 FASTST   M    M   1    MAX(MPH)
                                 MISC ---->  # 40 300               # 54  300
================================================================================
NOTES:
# LAST OF SEVERAL OCCURRENCES

COLUMN 17 PEAK WIND IN M.P.H.

PRELIMINARY LOCAL CLIMATOLOGICAL DATA (WS FORM: F-6) , PAGE 2

                                          STATION:  DEMING
                                          MONTH:    MAY
                                          YEAR:     2019
                                          LATITUDE:   32 15 N
                                          LONGITUDE: 107 42 W

[TEMPERATURE DATA]      [PRECIPITATION DATA]       SYMBOLS USED IN COLUMN 16

AVERAGE MONTHLY: 65.4   TOTAL FOR MONTH:   0.23    1 = FOG OR MIST
DPTR FM NORMAL:  -3.0   DPTR FM NORMAL:   -0.17    2 = FOG REDUCING VISIBILITY
HIGHEST:    93 ON 16    GRTST 24HR  0.21 ON 12-12      TO 1/4 MILE OR LESS
LOWEST:     38 ON 21                               3 = THUNDER
                        SNOW, ICE PELLETS, HAIL    4 = ICE PELLETS
                        TOTAL MONTH:   0.0 INCH    5 = HAIL
                        GRTST 24HR     0.0         6 = FREEZING RAIN OR DRIZZLE
                        GRTST DEPTH:   0           7 = DUSTSTORM OR SANDSTORM:
                                                       VSBY 1/2 MILE OR LESS
                                                   8 = SMOKE OR HAZE
[NO. OF DAYS WITH]      [WEATHER - DAYS WITH]      9 = BLOWING SNOW
                                                   X = TORNADO
MAX 32 OR BELOW:   0    0.01 INCH OR MORE:   2
MAX 90 OR ABOVE:   3    0.10 INCH OR MORE:   1
MIN 32 OR BELOW:   0    0.50 INCH OR MORE:   0
MIN  0 OR BELOW:   0    1.00 INCH OR MORE:   0

[HDD (BASE 65) ]
TOTAL THIS MO.    33    CLEAR  (SCALE 0-3)  22
DPTR FM NORMAL    12    PTCLDY (SCALE 4-7)   3
TOTAL FM JUL 1  3075    CLOUDY (SCALE 8-10)  0
DPTR FM NORMAL   -92

[CDD (BASE 65) ]
TOTAL THIS MO.    51
DPTR FM NORMAL   -55    [PRESSURE DATA]
TOTAL FM JAN 1    88    HIGHEST SLP M ON M
DPTR FM NORMAL   -36    LOWEST  SLP 29.38 ON 20

[REMARKS]
