000
CXUS55 KEAX 270736
CF6DMO
PRELIMINARY LOCAL CLIMATOLOGICAL DATA (WS FORM: F-6)

                                          STATION:   SEDALIA MO
                                          MONTH:     MAY
                                          YEAR:      2019
                                          LATITUDE:   38 42 N
                                          LONGITUDE:  93  6 W

  TEMPERATURE IN F:       :PCPN:    SNOW:  WIND      :SUNSHINE: SKY     :PK WND
================================================================================
1   2   3   4   5  6A  6B    7    8   9   10  11  12  13   14  15   16   17  18
                                     12Z  AVG MX 2MIN
DY MAX MIN AVG DEP HDD CDD  WTR  SNW DPTH SPD SPD DIR MIN PSBL S-S WX    SPD DR
================================================================================

 1  71  57  64   3   1   0    T    M    M  5.1 16 210   M    M   8 1      24 210
 2  63  52  58  -4   7   0 0.06    M    M  9.3 23 320   M    M  10 1      36 320
 3  57  48  53  -9  12   0 0.03    M    M  7.0 14  30   M    M  10 1      18  30
 4  66  43  55  -7  10   0 0.00    M    M  4.3 12  10   M    M   2 12     16  40
 5  73  44  59  -3   6   0 0.00    M    M  6.8 14 180   M    M   0        17 180
 6  74  56  65   2   0   0 0.15    M    M  9.2 26 130   M    M   4 13     39 160
 7  69  56  63   0   2   0 0.38    M    M  9.0 25 180   M    M   6 13     36 180
 8  67  57  62  -1   3   0 0.20    M    M 10.9 25 130   M    M   6 138    33 130
 9  59  45  52 -12  13   0 0.01    M    M 10.3 21 320   M    M   9        29 300
10  59  40  50 -14  15   0 0.00    M    M  6.5 16  40   M    M   5        23  40
11  51  45  48 -16  17   0 0.28    M    M  5.1 10  20   M    M   8 1      15  10
12  56  39  48 -16  17   0 0.36    M    M  3.3 14 340   M    M   6 8      18 340
13  64  37  51 -14  14   0 0.00    M    M  3.2  8  20   M    M   1 128    11  20
14  76  43  60  -5   5   0 0.00    M    M  8.5 17 190   M    M   1        25 170
15  80  58  69   4   0   4 0.00    M    M  5.0 12 210   M    M   1        15 230
16   M  60   M   M   M   M 0.00    M    M 13.4 24 220   M    M   0        35 220
17   M  63   M   M   M   M 0.00    M    M 12.0 22 210   M    M   1        32 190
18  74  58  66   0   0   1 0.29    M    M 10.1 32 250   M    M   6 13     49 270
19  67  52  60  -6   5   0 0.01    M    M 10.5 20 220   M    M   5 13     29 260
20  60  45  53 -14  12   0 1.89    M    M 10.6 28  60   M    M   3 13     39  60
21  63  46  55 -12  10   0 1.05    M    M 14.2 23 110   M    M   8 13     34  90
22  77  52  65  -3   0   0 0.45    M    M 11.7 25 220   M    M   3 13     40 220
23  76  58  67  -1   0   2 0.02    M    M  5.0 10 150   M    M   5 38     14 120
24  82  63  73   5   0   8 0.01    M    M 11.7 29 290   M    M   2        39 280
25  81  62  72   4   0   7 0.05    M    M 11.0 21 200   M    M   3        28 220
26  77  64  71   2   0   6 0.03    M    M  6.6 15 210   M    M   3 1      20 230
================================================================================
SM 1642 1343       149  28  5.27    M    220.3          M      116
================================================================================
AV 68.4 51.7                               8.5 FASTST   M    M   4    MAX(MPH)
                                 MISC ---->  # 32 250               # 49  270
================================================================================
NOTES:
# LAST OF SEVERAL OCCURRENCES

COLUMN 17 PEAK WIND IN M.P.H.

PRELIMINARY LOCAL CLIMATOLOGICAL DATA (WS FORM: F-6) , PAGE 2

                                          STATION:  SEDALIA MO
                                          MONTH:    MAY
                                          YEAR:     2019
                                          LATITUDE:   38 42 N
                                          LONGITUDE:  93  6 W

[TEMPERATURE DATA]      [PRECIPITATION DATA]       SYMBOLS USED IN COLUMN 16

AVERAGE MONTHLY: 60.0   TOTAL FOR MONTH:   5.27    1 = FOG OR MIST
DPTR FM NORMAL:  -4.9   DPTR FM NORMAL:    1.31    2 = FOG REDUCING VISIBILITY
HIGHEST:    82 ON 24    GRTST 24HR  2.06 ON 30- 1      TO 1/4 MILE OR LESS
LOWEST:     37 ON 13                               3 = THUNDER
                        SNOW, ICE PELLETS, HAIL    4 = ICE PELLETS
                        TOTAL MONTH:    M          5 = HAIL
                        GRTST 24HR    M  ON   M    6 = FREEZING RAIN OR DRIZZLE
                        GRTST DEPTH:  M  ON   M    7 = DUSTSTORM OR SANDSTORM:
                                                       VSBY 1/2 MILE OR LESS
                                                   8 = SMOKE OR HAZE
[NO. OF DAYS WITH]      [WEATHER - DAYS WITH]      9 = BLOWING SNOW
                                                   X = TORNADO
MAX 32 OR BELOW:   0    0.01 INCH OR MORE:  17
MAX 90 OR ABOVE:   0    0.10 INCH OR MORE:   9
MIN 32 OR BELOW:   0    0.50 INCH OR MORE:   2
MIN  0 OR BELOW:   0    1.00 INCH OR MORE:   2

[HDD (BASE 65) ]
TOTAL THIS MO.   149    CLEAR  (SCALE 0-3)  11
DPTR FM NORMAL    71    PTCLDY (SCALE 4-7)  10
TOTAL FM JUL 1  5333    CLOUDY (SCALE 8-10)  5
DPTR FM NORMAL   773

[CDD (BASE 65) ]
TOTAL THIS MO.    28
DPTR FM NORMAL   -48    [PRESSURE DATA]
TOTAL FM JAN 1    34    HIGHEST SLP  0.00 ON M
DPTR FM NORMAL   -76    LOWEST  SLP  0.00 ON M

[REMARKS]
