000
CXUS55 KEAX 230736
CF6DMO
PRELIMINARY LOCAL CLIMATOLOGICAL DATA (WS FORM: F-6)

                                          STATION:   SEDALIA MO
                                          MONTH:     MARCH
                                          YEAR:      2019
                                          LATITUDE:   38 42 N
                                          LONGITUDE:  93  6 W

  TEMPERATURE IN F:       :PCPN:    SNOW:  WIND      :SUNSHINE: SKY     :PK WND
================================================================================
1   2   3   4   5  6A  6B    7    8   9   10  11  12  13   14  15   16   17  18
                                     12Z  AVG MX 2MIN
DY MAX MIN AVG DEP HDD CDD  WTR  SNW DPTH SPD SPD DIR MIN PSBL S-S WX    SPD DR
================================================================================

 1  34  25  30 -11  35   0 0.00    M    M  3.3 10 100   M    M  10 18     12  90
 2  32  25  29 -12  36   0 0.00    M    M 10.9 17  20   M    M   3 18     22  20
 3  25   2  14 -28  51   0    M    M    M 16.7 28 350   M    M   5 18     36 350
 4  17  -2   8 -34  57   0 0.00    M    M  9.9 15 270   M    M   0        20 280
 5  24   6  15 -27  50   0 0.00    M    M 10.7 21 290   M    M   1 8      29 300
 6  34   9  22 -21  43   0 0.00    M    M  6.4 12 230   M    M   1        17 230
 7  42  29  36  -7  29   0 0.00    M    M 11.7 22 120   M    M   5 1      30 130
 8  43  33  38  -5  27   0 0.00    M    M  7.8 15 100   M    M   9 1      19 100
 9  59  35  47   3  18   0 1.11    M    M 18.4 35 210   M    M  10 138    50 230
10  45  31  38  -6  27   0 0.00    M    M  8.1 20 280   M    M   1        28 260
11  53  34  44   0  21   0    T    M    M  5.7 10  90   M    M   4        17 100
12  52  38  45   0  20   0 0.58    M    M 13.2 28 150   M    M   8 13     37 140
13  63  49  56  11   9   0 0.05    M    M 21.0 35 190   M    M   3 1      48 180
14  58  37  48   2  17   0    T    M    M 22.3 37 220   M    M   9        56 240
15  48  32  40  -6  25   0 0.00    M    M 14.8 24 330   M    M   4        36 290
16  56  27  42  -4  23   0 0.00    M    M  7.6 16 230   M    M   1        23 230
17  51  31  41  -6  24   0 0.00    M    M  5.0 14 330   M    M   5        17 330
18  53  36  45  -2  20   0 0.00    M    M  5.3 13  10   M    M   4        22 270
19  60  36  48   1  17   0 0.03    M    M  8.8 17 160   M    M   6        24 120
20  57  43  50   2  15   0 0.08    M    M 10.7 20 280   M    M   7 18     27 290
21  56  35  46  -2  19   0 0.00    M    M  8.2 16 330   M    M   0        23 340
22  66  37  52   4  13   0 0.00    M    M  5.9 13 340   M    M   0        16 320
================================================================================
SM 1028  628       596   0  1.85    M    232.4          M       96
================================================================================
AV 46.7 28.6                              10.6 FASTST   M    M   4    MAX(MPH)
                                 MISC ---->  # 37 220               # 56  240
================================================================================
NOTES:
# LAST OF SEVERAL OCCURRENCES

COLUMN 17 PEAK WIND IN M.P.H.

PRELIMINARY LOCAL CLIMATOLOGICAL DATA (WS FORM: F-6) , PAGE 2

                                          STATION:  SEDALIA MO
                                          MONTH:    MARCH
                                          YEAR:     2019
                                          LATITUDE:   38 42 N
                                          LONGITUDE:  93  6 W

[TEMPERATURE DATA]      [PRECIPITATION DATA]       SYMBOLS USED IN COLUMN 16

AVERAGE MONTHLY: 37.6   TOTAL FOR MONTH:   1.85    1 = FOG OR MIST
DPTR FM NORMAL:  -7.0   DPTR FM NORMAL:    0.05    2 = FOG REDUCING VISIBILITY
HIGHEST:    66 ON 22    GRTST 24HR  1.11 ON  9- 9      TO 1/4 MILE OR LESS
LOWEST:     -2 ON  4                               3 = THUNDER
                        SNOW, ICE PELLETS, HAIL    4 = ICE PELLETS
                        TOTAL MONTH:    M          5 = HAIL
                        GRTST 24HR    M  ON   M    6 = FREEZING RAIN OR DRIZZLE
                        GRTST DEPTH:  M  ON   M    7 = DUSTSTORM OR SANDSTORM:
                                                       VSBY 1/2 MILE OR LESS
                                                   8 = SMOKE OR HAZE
[NO. OF DAYS WITH]      [WEATHER - DAYS WITH]      9 = BLOWING SNOW
                                                   X = TORNADO
MAX 32 OR BELOW:   4    0.01 INCH OR MORE:   5
MAX 90 OR ABOVE:   0    0.10 INCH OR MORE:   2
MIN 32 OR BELOW:  11    0.50 INCH OR MORE:   2
MIN  0 OR BELOW:   1    1.00 INCH OR MORE:   1

[HDD (BASE 65) ]
TOTAL THIS MO.   596    CLEAR  (SCALE 0-3)   9
DPTR FM NORMAL   146    PTCLDY (SCALE 4-7)   9
TOTAL FM JUL 1  4770    CLOUDY (SCALE 8-10)  4
DPTR FM NORMAL   703

[CDD (BASE 65) ]
TOTAL THIS MO.     0
DPTR FM NORMAL     0    [PRESSURE DATA]
TOTAL FM JAN 1     0    HIGHEST SLP  0.00 ON M
DPTR FM NORMAL     0    LOWEST  SLP  0.00 ON M

[REMARKS]
