000
CXUS55 KCAE 211400
CF6DNL
PRELIMINARY LOCAL CLIMATOLOGICAL DATA (WS FORM: F-6)

                                          STATION:   AUGUSTA DANIEL FIELD GA
                                          MONTH:     MAY
                                          YEAR:      2019
                                          LATITUDE:   33 28 N
                                          LONGITUDE:  82  2 W

  TEMPERATURE IN F:       :PCPN:    SNOW:  WIND      :SUNSHINE: SKY     :PK WND
================================================================================
1   2   3   4   5  6A  6B    7    8   9   10  11  12  13   14  15   16   17  18
                                     12Z  AVG MX 2MIN
DY MAX MIN AVG DEP HDD CDD  WTR  SNW DPTH SPD SPD DIR MIN PSBL S-S WX    SPD DR
================================================================================

 1  88  69  79  11   0  14 0.00    M    M  6.3 12 180   M    M   6 18     15 150
 2  88  65  77   8   0  12 0.00    M    M  4.6 12 120   M    M   2 18     15 110
 3  88  70  79  10   0  14    T    M    M  5.0 17  70   M    M   5 18     21  70
 4  91  69  80  11   0  15 1.30    M    M  6.6 17 220   M    M   3 13     24 190
 5  84  69  77   7   0  12 0.11    M    M  7.9 20 220   M    M   6 13     33 230
 6  86  66  76   6   0  11 0.00    M    M   M  10 310   M    M   2        15 320
 7  87  68  78   8   0  13 0.00    M    M  6.0 13 120   M    M   5        17 110
 8  86  70  78   7   0  13 0.00    M    M  6.9 17 160   M    M   5 1      22 150
 9  85  65  75   4   0  10 0.00    M    M  7.5 15 140   M    M   3        20 160
10  87  70  79   8   0  14 0.05    M    M  6.3 13 190   M    M   6 3      19 140
11  85  68  77   5   0  12 0.44    M    M  6.7 21 220   M    M   5 13     30 210
12  73  67  70  -2   0   5 0.51    M    M  6.7 15 290   M    M   7 13     22 300
13  82  65  74   2   0   9 0.00    M    M  8.8 18 310   M    M   3        26 310
14  76  57  67  -5   0   2 0.00    M    M  5.3 12  10   M    M   0 8      17 350
15  78  56  67  -6   0   2 0.00    M    M  4.0 14 130   M    M   2        19 100
16  86  64  75   2   0  10 0.00    M    M  4.0 10 210   M    M   3        16 310
17  91  67  79   6   0  14 0.05    M    M  3.3 10 250   M    M   1        15 250
18  93  69  81   7   0  16 0.00    M    M  3.4 15 160   M    M   1 18     20 140
19  91  69  80   6   0  15 0.00    M    M  7.5 15 180   M    M   0 8      22 200
20  92  72  82   8   0  17 0.00    M    M  5.6 14 200   M    M   3        18 250
================================================================================
SM 1717 1335         0 230  2.46    M    112.4          M       68
================================================================================
AV 85.9 66.8                               5.9 FASTST   M    M   3    MAX(MPH)
                                 MISC ---->  # 21 220               # 33  230
================================================================================
NOTES:
# LAST OF SEVERAL OCCURRENCES

COLUMN 17 PEAK WIND IN M.P.H.

PRELIMINARY LOCAL CLIMATOLOGICAL DATA (WS FORM: F-6) , PAGE 2

                                          STATION:  AUGUSTA DANIEL FIELD GA
                                          MONTH:    MAY
                                          YEAR:     2019
                                          LATITUDE:   33 28 N
                                          LONGITUDE:  82  2 W

[TEMPERATURE DATA]      [PRECIPITATION DATA]       SYMBOLS USED IN COLUMN 16

AVERAGE MONTHLY: 76.3   TOTAL FOR MONTH:   2.46    1 = FOG OR MIST
DPTR FM NORMAL:   5.0   DPTR FM NORMAL:    0.74    2 = FOG REDUCING VISIBILITY
HIGHEST:    93 ON 18    GRTST 24HR  1.30 ON  4- 4      TO 1/4 MILE OR LESS
LOWEST:     56 ON 15                               3 = THUNDER
                        SNOW, ICE PELLETS, HAIL    4 = ICE PELLETS
                        TOTAL MONTH:    M          5 = HAIL
                        GRTST 24HR    M  ON   M    6 = FREEZING RAIN OR DRIZZLE
                        GRTST DEPTH:  M  ON   M    7 = DUSTSTORM OR SANDSTORM:
                                                       VSBY 1/2 MILE OR LESS
                                                   8 = SMOKE OR HAZE
[NO. OF DAYS WITH]      [WEATHER - DAYS WITH]      9 = BLOWING SNOW
                                                   X = TORNADO
MAX 32 OR BELOW:   0    0.01 INCH OR MORE:   6
MAX 90 OR ABOVE:   5    0.10 INCH OR MORE:   4
MIN 32 OR BELOW:   0    0.50 INCH OR MORE:   2
MIN  0 OR BELOW:   0    1.00 INCH OR MORE:   1

[HDD (BASE 65) ]
TOTAL THIS MO.     0    CLEAR  (SCALE 0-3)   9
DPTR FM NORMAL    -8    PTCLDY (SCALE 4-7)  11
TOTAL FM JUL 1  1695    CLOUDY (SCALE 8-10)  0
DPTR FM NORMAL  -472

[CDD (BASE 65) ]
TOTAL THIS MO.   230
DPTR FM NORMAL    93    [PRESSURE DATA]
TOTAL FM JAN 1   438    HIGHEST SLP M ON M
DPTR FM NORMAL   200    LOWEST  SLP 29.68 ON  5

[REMARKS]
