000
CXUS55 KCAE 221400
CF6DNL
PRELIMINARY LOCAL CLIMATOLOGICAL DATA (WS FORM: F-6)

                                          STATION:   AUGUSTA DANIEL FIELD GA
                                          MONTH:     MARCH
                                          YEAR:      2019
                                          LATITUDE:   33 28 N
                                          LONGITUDE:  82  2 W

  TEMPERATURE IN F:       :PCPN:    SNOW:  WIND      :SUNSHINE: SKY     :PK WND
================================================================================
1   2   3   4   5  6A  6B    7    8   9   10  11  12  13   14  15   16   17  18
                                     12Z  AVG MX 2MIN
DY MAX MIN AVG DEP HDD CDD  WTR  SNW DPTH SPD SPD DIR MIN PSBL S-S WX    SPD DR
================================================================================

 1  67  60  64  10   1   0 0.37    M    M  6.2 14 210   M    M   8 12     21 220
 2  73  61  67  13   0   2 0.00    M    M  4.3 12 210   M    M   5        17 280
 3  73  60  67  13   0   2 0.86    M    M  5.5 18 170   M    M   9 18     26 180
 4  62  44  53  -2  12   0    T    M    M  7.3 18 300   M    M   8        26 300
 5  55  38  47  -8  18   0 0.07    M    M  8.5 16 290   M    M   5        25 280
 6  54  31  43 -12  22   0 0.00    M    M  6.2 14 300   M    M   0        21 320
 7  62  34  48  -8  17   0 0.00    M    M  3.8 10 220   M    M   1        15 210
 8  69  50  60   4   5   0    T    M    M  6.2 16 360   M    M  10        21 170
 9  78  52  65   9   0   0    T    M    M  3.3 13 160   M    M   6 18     17 160
10  78  62  70  14   0   5 0.00    M    M  5.6 14 220   M    M   5        20 240
11  70  54  62   5   3   0 0.05    M    M  4.8 10 340   M    M   6        13 340
12  71  50  61   4   4   0 0.00    M    M  5.6 14  40   M    M   0        18  50
13  72  49  61   4   4   0 0.00    M    M  7.6 15 130   M    M   0        20  90
14  80  55  68  11   0   3 0.00    M    M  7.9 17 190   M    M   2        23 150
15  82  59  71  13   0   6    T    M    M  8.9 22 200   M    M   2 3      31 210
16  60  47  54  -4  11   0 0.00    M    M  6.0 13 350   M    M   1        17 270
17  66  44  55  -3  10   0 0.00    M    M  5.4 15  50   M    M   0        20  60
18  68  42  55  -3  10   0 0.00    M    M  5.9 18 340   M    M   0        26 330
19  62  45  54  -4  11   0 0.00    M    M  9.3 18  60   M    M   0        24  50
20  66  37  52  -7  13   0 0.00    M    M  6.3 15  30   M    M   3        21  50
21  69  44  57  -2   8   0 0.00    M    M  5.8 17 300   M    M   4        27 300
================================================================================
SM 1437 1018       149  18  1.35    M    130.4          M       75
================================================================================
AV 68.4 48.5                               6.2 FASTST   M    M   4    MAX(MPH)
                                 MISC ---->  # 22 200               # 31  210
================================================================================
NOTES:
# LAST OF SEVERAL OCCURRENCES

COLUMN 17 PEAK WIND IN M.P.H.

PRELIMINARY LOCAL CLIMATOLOGICAL DATA (WS FORM: F-6) , PAGE 2

                                          STATION:  AUGUSTA DANIEL FIELD GA
                                          MONTH:    MARCH
                                          YEAR:     2019
                                          LATITUDE:   33 28 N
                                          LONGITUDE:  82  2 W

[TEMPERATURE DATA]      [PRECIPITATION DATA]       SYMBOLS USED IN COLUMN 16

AVERAGE MONTHLY: 58.5   TOTAL FOR MONTH:   1.35    1 = FOG OR MIST
DPTR FM NORMAL:   1.9   DPTR FM NORMAL:   -1.47    2 = FOG REDUCING VISIBILITY
HIGHEST:    82 ON 15    GRTST 24HR  0.86 ON  3- 3      TO 1/4 MILE OR LESS
LOWEST:     31 ON  6                               3 = THUNDER
                        SNOW, ICE PELLETS, HAIL    4 = ICE PELLETS
                        TOTAL MONTH:    M          5 = HAIL
                        GRTST 24HR    M  ON   M    6 = FREEZING RAIN OR DRIZZLE
                        GRTST DEPTH:  M  ON   M    7 = DUSTSTORM OR SANDSTORM:
                                                       VSBY 1/2 MILE OR LESS
                                                   8 = SMOKE OR HAZE
[NO. OF DAYS WITH]      [WEATHER - DAYS WITH]      9 = BLOWING SNOW
                                                   X = TORNADO
MAX 32 OR BELOW:   0    0.01 INCH OR MORE:   4
MAX 90 OR ABOVE:   0    0.10 INCH OR MORE:   2
MIN 32 OR BELOW:   1    0.50 INCH OR MORE:   1
MIN  0 OR BELOW:   0    1.00 INCH OR MORE:   0

[HDD (BASE 65) ]
TOTAL THIS MO.   149    CLEAR  (SCALE 0-3)  11
DPTR FM NORMAL   -42    PTCLDY (SCALE 4-7)   8
TOTAL FM JUL 1  1589    CLOUDY (SCALE 8-10)  2
DPTR FM NORMAL  -415

[CDD (BASE 65) ]
TOTAL THIS MO.    18
DPTR FM NORMAL    -1    [PRESSURE DATA]
TOTAL FM JAN 1    36    HIGHEST SLP M ON M
DPTR FM NORMAL    13    LOWEST  SLP 29.62 ON  3

[REMARKS]
